000
CXUS52 KTAE 010800
CF6CTY
PRELIMINARY LOCAL CLIMATOLOGICAL DATA (WS FORM: F-6)
STATION: CROSS CITY
MONTH: SEPTEMBER
YEAR: 2023
LATITUDE: 29 37 N
LONGITUDE: 83 6 W
TEMPERATURE IN F: :PCPN: SNOW: WIND :SUNSHINE: SKY :PK WND
================================================================================
1 2 3 4 5 6A 6B 7 8 9 10 11 12 13 14 15 16 17 18
12Z AVG MX 2MIN
DY MAX MIN AVG DEP HDD CDD WTR SNW DPTH SPD SPD DIR MIN PSBL S-S WX SPD DR
================================================================================
1 87 76 82 1 0 17 1.20 0.0 0 M M M M M M M M
2 88 73 81 0 0 16 0.05 0.0 0 M M M M M M M M
3 91 73 82 1 0 17 0.00 0.0 0 M M M M M M M M
4 M M M M M M 0.00 0.0 0 M M M M M M M M
5 91 70 81 1 0 16 0.00 0.0 0 3.6 8 100 M M 0 M M
6 93 66 80 0 0 15 0.00 0.0 0 2.6 9 250 M M 1 M M
7 93 70 82 2 0 17 0.00 0.0 0 3.9 10 270 M M 1 16 230
8 91 72 82 2 0 17 0.00 0.0 0 5.0 15 240 M M 2 1 22 70
9 88 72 80 0 0 15 0.02 0.0 0 4.2 12 220 M M 4 3 16 220
10 90 70 80 0 0 15 0.00 0.0 0 3.9 10 160 M M 1 M M
11 95 70 83 3 0 18 0.00 0.0 0 4.2 10 270 M M 1 1 M M
12 93 68 81 1 0 16 0.00 0.0 0 2.2 7 340 M M 2 M M
13 91 68 80 0 0 15 0.28 M M 2.9 8 250 M M 2 23 320
14 93 70 82 3 0 17 0.00 0.0 M 3.2 10 170 M M 1 M M
15 93 72 83 4 0 18 0.03 0.0 0 4.2 10 340 M M 2 3 M M
16 90 72 81 2 0 16 0.00 0.0 0 3.5 8 80 M M 4 M M
17 91 73 82 3 0 17 0.01 0.0 M 4.7 15 250 M M 3 18 260
18 88 68 78 -1 0 13 0.00 0.0 M 4.4 10 40 M M 0 17 40
19 90 59 75 -4 0 10 0.00 M M 3.5 10 60 M M 2 M M
20 86 66 76 -2 0 11 1.82 M M 4.6 14 50 M M 5 1 23 50
21 91 72 82 4 0 17 0.00 0.0 M 5.0 10 30 M M 6 20 30
22 88 64 76 -2 0 11 0.00 0.0 0 6.7 13 30 M M 1 20 30
23 86 57 72 -6 0 7 0.00 0.0 0 3.5 10 300 M M 0 M M
24 90 61 76 -2 0 11 0.00 0.0 0 2.3 10 270 M M 1 M M
25 91 63 77 0 0 12 0.00 0.0 0 2.3 8 220 M M 4 M M
26 88 73 81 4 0 16 0.09 0.0 M 5.1 12 30 M M 4 17 200
27 84 74 79 2 0 14 0.02 0.0 0 6.2 13 10 M M 8 1 16 10
28 84 72 78 1 0 13 0.00 0.0 0 8.2 13 30 M M 9 18 40
29 86 68 77 1 0 12 0.00 M M 6.7 10 30 M M 4 M M
30 88 72 80 4 0 15 0.00 0.0 0 7.4 12 50 M M 4 17 50
================================================================================
SM 2598 2004 0 424 3.52 0.0 114.0 M 72
================================================================================
AV 89.6 69.1 4.4 FASTST M M 3 MAX(MPH)
MISC ----> # 15 240 23 320
================================================================================
NOTES:
# LAST OF SEVERAL OCCURRENCES
COLUMN 17 PEAK WIND IN M.P.H.
PRELIMINARY LOCAL CLIMATOLOGICAL DATA (WS FORM: F-6) , PAGE 2
STATION: CROSS CITY
MONTH: SEPTEMBER
YEAR: 2023
LATITUDE: 29 37 N
LONGITUDE: 83 6 W
[TEMPERATURE DATA] [PRECIPITATION DATA] SYMBOLS USED IN COLUMN 16
AVERAGE MONTHLY: 79.3 TOTAL FOR MONTH: 3.52 1 = FOG OR MIST
DPTR FM NORMAL: 0.4 DPTR FM NORMAL: -2.30 2 = FOG REDUCING VISIBILITY
HIGHEST: 95 ON 11 GRTST 24HR 1.82 ON 20-20 TO 1/4 MILE OR LESS
LOWEST: 57 ON 23 3 = THUNDER
SNOW, ICE PELLETS, HAIL 4 = ICE PELLETS
TOTAL MONTH: 0.0 INCH 5 = HAIL
GRTST 24HR 0.0 6 = FREEZING RAIN OR DRIZZLE
GRTST DEPTH: 0 7 = DUSTSTORM OR SANDSTORM:
VSBY 1/2 MILE OR LESS
8 = SMOKE OR HAZE
[NO. OF DAYS WITH] [WEATHER - DAYS WITH] 9 = BLOWING SNOW
X = TORNADO
MAX 32 OR BELOW: 0 0.01 INCH OR MORE: 9
MAX 90 OR ABOVE: 17 0.10 INCH OR MORE: 3
MIN 32 OR BELOW: 0 0.50 INCH OR MORE: 2
MIN 0 OR BELOW: 0 1.00 INCH OR MORE: 2
[HDD (BASE 65) ]
TOTAL THIS MO. 0 CLEAR (SCALE 0-3) 16
DPTR FM NORMAL 0 PTCLDY (SCALE 4-7) 8
TOTAL FM JUL 1 0 CLOUDY (SCALE 8-10) 6
DPTR FM NORMAL 0
[CDD (BASE 65) ]
TOTAL THIS MO. 424
DPTR FM NORMAL 7 [PRESSURE DATA]
TOTAL FM JAN 1 2667 HIGHEST SLP M ON M
DPTR FM NORMAL 272 LOWEST SLP M ON M
[REMARKS]
#FINAL-09-23#