000
CXUS55 KCAE 011400
CF6CUB
PRELIMINARY LOCAL CLIMATOLOGICAL DATA (WS FORM: F-6)
STATION: HAMILTON - OWENS AIRPORT SC
MONTH: MARCH
YEAR: 2021
LATITUDE: 33 58 N
LONGITUDE: 80 59 W
TEMPERATURE IN F: :PCPN: SNOW: WIND :SUNSHINE: SKY :PK WND
================================================================================
1 2 3 4 5 6A 6B 7 8 9 10 11 12 13 14 15 16 17 18
12Z AVG MX 2MIN
DY MAX MIN AVG DEP HDD CDD WTR SNW DPTH SPD SPD DIR MIN PSBL S-S WX SPD DR
================================================================================
1 75 57 66 14 0 1 0.01 M M 7.2 21 310 M M 6 32 320
2 57 47 52 -1 13 0 T M M 3.6 10 60 M M 4 17 60
3 65 41 53 0 12 0 0.41 M M 3.3 10 30 M M 6 18 16 40
4 72 37 55 2 10 0 0.00 M M 3.3 14 310 M M 0 18 23 310
5 63 38 51 -3 14 0 0.00 M M 2.3 12 60 M M 0 17 60
6 56 36 46 -8 19 0 0.00 M M 3.4 12 70 M M 6 18 60
7 57 32 45 -9 20 0 0.00 M M 3.4 14 310 M M 0 18 22 310
8 65 29 47 -7 18 0 0.00 M M 1.3 8 180 M M 0 18 11 180
9 73 34 54 -1 11 0 0.00 M M 2.7 13 210 M M 0 8 18 200
10 74 39 57 2 8 0 0.00 M M 2.3 13 220 M M 0 8 17 160
11 76 44 60 5 5 0 0.00 M M 3.8 13 200 M M 0 17 170
12 81 49 65 9 0 0 0.00 M M 4.2 15 260 M M 0 22 260
13 76 52 64 8 1 0 0.00 M M 2.9 10 70 M M 4 16 50
14 77 55 66 10 0 1 0.00 M M 1.5 9 30 M M 6 14 50
15 67 54 61 5 4 0 0.00 M M 6.1 12 150 M M 6 19 130
16 54 43 49 -8 16 0 0.75 M M 3.8 12 230 M M 10 13 15 20
17 62 48 55 -2 10 0 0.18 M M 2.3 8 70 M M 10 1 13 70
18 76 55 66 9 0 1 T M M 10.8 25 270 M M 7 1 36 290
19 60 46 53 -5 12 0 0.00 M M 8.5 18 260 M M 6 25 260
20 58 38 48 -10 17 0 0.00 M M 6.4 14 70 M M 7 23 40
21 66 45 56 -2 9 0 0.06 M M 6.1 15 50 M M 8 1 25 50
22 74 52 63 5 2 0 0.00 M M 5.9 14 10 M M 2 23 60
23 73 54 64 5 1 0 0.00 M M 3.6 10 60 M M 4 17 40
24 75 57 66 7 0 1 T M M 0.6 7 190 M M 5 1 11 170
25 85 58 72 13 0 7 0.01 M M 6.2 21 170 M M 2 26 170
26 73 66 70 10 0 5 0.22 M M 5.1 14 150 M M 4 13 18 150
27 87 61 74 14 0 9 0.00 M M 3.0 18 210 M M 3 18 25 220
28 85 60 73 13 0 8 0.45 M M 10.1 36 270 M M 4 1238 58 270
29 69 46 58 -2 7 0 0.00 M M 3.3 10 200 M M 0 16 70
30 74 43 59 -2 6 0 T M M 2.2 13 160 M M 6 18 18 170
31 84 64 74 13 0 9 0.87 M M 6.1 18 280 M M 8 138 24 280
================================================================================
SM 2189 1480 215 42 2.96 M 135.3 M 124
================================================================================
AV 70.6 47.7 4.4 FASTST M M 4 MAX(MPH)
MISC ----> 36 270 58 270
================================================================================
NOTES:
# LAST OF SEVERAL OCCURRENCES
COLUMN 17 PEAK WIND IN M.P.H.
PRELIMINARY LOCAL CLIMATOLOGICAL DATA (WS FORM: F-6) , PAGE 2
STATION: HAMILTON - OWENS AIRPORT SC
MONTH: MARCH
YEAR: 2021
LATITUDE: 33 58 N
LONGITUDE: 80 59 W
[TEMPERATURE DATA] [PRECIPITATION DATA] SYMBOLS USED IN COLUMN 16
AVERAGE MONTHLY: 59.2 TOTAL FOR MONTH: 2.96 1 = FOG OR MIST
DPTR FM NORMAL: 2.5 DPTR FM NORMAL: -0.92 2 = FOG REDUCING VISIBILITY
HIGHEST: 87 ON 27 GRTST 24HR 0.92 ON 16-17 TO 1/4 MILE OR LESS
LOWEST: 29 ON 8 3 = THUNDER
SNOW, ICE PELLETS, HAIL 4 = ICE PELLETS
TOTAL MONTH: M 5 = HAIL
GRTST 24HR M ON M 6 = FREEZING RAIN OR DRIZZLE
GRTST DEPTH: M ON M 7 = DUSTSTORM OR SANDSTORM:
VSBY 1/2 MILE OR LESS
8 = SMOKE OR HAZE
[NO. OF DAYS WITH] [WEATHER - DAYS WITH] 9 = BLOWING SNOW
X = TORNADO
MAX 32 OR BELOW: 0 0.01 INCH OR MORE: 9
MAX 90 OR ABOVE: 0 0.10 INCH OR MORE: 6
MIN 32 OR BELOW: 2 0.50 INCH OR MORE: 2
MIN 0 OR BELOW: 0 1.00 INCH OR MORE: 0
[HDD (BASE 65) ]
TOTAL THIS MO. 215 CLEAR (SCALE 0-3) 12
DPTR FM NORMAL -59 PTCLDY (SCALE 4-7) 17
TOTAL FM JUL 1 1917 CLOUDY (SCALE 8-10) 2
DPTR FM NORMAL -285
[CDD (BASE 65) ]
TOTAL THIS MO. 42
DPTR FM NORMAL 27 [PRESSURE DATA]
TOTAL FM JAN 1 48 HIGHEST SLP 30.59 ON 9
DPTR FM NORMAL 30 LOWEST SLP 29.60 ON 18
[REMARKS]
#FINAL-03-21#