000
CXUS55 KCAE 011500
CF6CUB
PRELIMINARY LOCAL CLIMATOLOGICAL DATA (WS FORM: F-6)
STATION: HAMILTON - OWENS AIRPORT SC
MONTH: NOVEMBER
YEAR: 2020
LATITUDE: 33 58 N
LONGITUDE: 80 59 W
TEMPERATURE IN F: :PCPN: SNOW: WIND :SUNSHINE: SKY :PK WND
================================================================================
1 2 3 4 5 6A 6B 7 8 9 10 11 12 13 14 15 16 17 18
12Z AVG MX 2MIN
DY MAX MIN AVG DEP HDD CDD WTR SNW DPTH SPD SPD DIR MIN PSBL S-S WX SPD DR
================================================================================
1 71 55 63 3 2 0 0.13 M M 6.6 17 270 M M 4 1 23 270
2 59 39 49 -11 16 0 0.00 M M 3.3 15 330 M M 0 24 320
3 67 35 51 -8 14 0 0.00 M M 0.5 8 220 M M 0 1 14 220
4 70 38 54 -5 11 0 0.00 M M 1.4 10 160 M M 0 1 14 160
5 76 44 60 1 5 0 0.00 M M 1.2 9 160 M M 3 13 170
6 78 56 67 8 0 2 0.00 M M 3.6 10 60 M M 1 17 60
7 81 63 72 14 0 7 0.00 M M 4.0 10 70 M M 3 1 16 70
8 81 64 73 15 0 8 0.00 M M 5.2 13 70 M M 2 19 60
9 82 63 73 15 0 8 T M M 5.5 10 90 M M 3 22 60
10 83 67 75 17 0 10 0.05 M M 4.1 9 110 M M 8 1 16 50
11 81 72 77 20 0 12 1.07 M M 3.2 10 150 M M 7 123 15 140
12 77 66 72 15 0 7 0.40 M M 2.6 13 300 M M 10 12 18 180
13 77 58 68 11 0 3 0.00 M M 2.0 9 270 M M 5 1 12 260
14 71 55 63 7 2 0 0.00 M M 2.2 8 50 M M 7 1 14 30
15 81 58 70 14 0 5 0.00 M M 5.5 18 220 M M 7 12 26 240
16 67 44 56 0 9 0 0.00 M M 2.4 13 260 M M 0 19 260
17 68 39 54 -2 11 0 0.00 M M 3.8 14 290 M M 0 1 20 300
18 58 38 48 -7 17 0 0.00 M M 2.3 12 40 M M 0 18 20
19 62 34 48 -7 17 0 0.00 M M 1.4 7 30 M M 0 1 11 30
20 73 39 56 1 9 0 0.00 M M 0.8 8 170 M M 0 1 11 180
21 73 44 59 4 6 0 0.00 M M 0.5 7 290 M M 0 1 8 290
22 65 47 56 2 9 0 0.05 M M 0.9 6 280 M M 8 128 8 320
23 69 47 58 4 7 0 0.00 M M 2.2 9 360 M M 2 12 15 360
24 60 40 50 -4 15 0 0.00 M M 2.8 9 60 M M 0 15 60
25 73 45 59 5 6 0 0.00 M M 2.0 10 150 M M 8 15 150
26 71 59 65 12 0 0 M M M 2.5 16 260 M M 6 13 22 270
27 72 54 63 10 2 0 0.00 M M 2.1 14 270 M M 3 128 19 280
28 61 49 55 2 10 0 0.24 M M 1.0 12 300 M M 6 12 17 300
29 61 48 55 3 10 0 0.46 M M 1.0 6 70 M M 9 128 10 70
30 68 41 55 3 10 0 0.32 M M 11.8 25 240 M M 6 1 34 250
================================================================================
SM 2136 1501 188 62 2.72 M 88.4 M 108
================================================================================
AV 71.2 50.0 2.9 FASTST M M 4 MAX(MPH)
MISC ----> 25 240 34 250
================================================================================
NOTES:
# LAST OF SEVERAL OCCURRENCES
COLUMN 17 PEAK WIND IN M.P.H.
PRELIMINARY LOCAL CLIMATOLOGICAL DATA (WS FORM: F-6) , PAGE 2
STATION: HAMILTON - OWENS AIRPORT SC
MONTH: NOVEMBER
YEAR: 2020
LATITUDE: 33 58 N
LONGITUDE: 80 59 W
[TEMPERATURE DATA] [PRECIPITATION DATA] SYMBOLS USED IN COLUMN 16
AVERAGE MONTHLY: 60.6 TOTAL FOR MONTH: 2.72 1 = FOG OR MIST
DPTR FM NORMAL: 4.5 DPTR FM NORMAL: -0.27 2 = FOG REDUCING VISIBILITY
HIGHEST: 83 ON 10 GRTST 24HR 1.30 ON 11-12 TO 1/4 MILE OR LESS
LOWEST: 34 ON 19 3 = THUNDER
SNOW, ICE PELLETS, HAIL 4 = ICE PELLETS
TOTAL MONTH: M 5 = HAIL
GRTST 24HR M ON M 6 = FREEZING RAIN OR DRIZZLE
GRTST DEPTH: M ON M 7 = DUSTSTORM OR SANDSTORM:
VSBY 1/2 MILE OR LESS
8 = SMOKE OR HAZE
[NO. OF DAYS WITH] [WEATHER - DAYS WITH] 9 = BLOWING SNOW
X = TORNADO
MAX 32 OR BELOW: 0 0.01 INCH OR MORE: 8
MAX 90 OR ABOVE: 0 0.10 INCH OR MORE: 6
MIN 32 OR BELOW: 0 0.50 INCH OR MORE: 1
MIN 0 OR BELOW: 0 1.00 INCH OR MORE: 1
[HDD (BASE 65) ]
TOTAL THIS MO. 188 CLEAR (SCALE 0-3) 17
DPTR FM NORMAL -94 PTCLDY (SCALE 4-7) 11
TOTAL FM JUL 1 216 CLOUDY (SCALE 8-10) 2
DPTR FM NORMAL -155
[CDD (BASE 65) ]
TOTAL THIS MO. 62
DPTR FM NORMAL 48 [PRESSURE DATA]
TOTAL FM JAN 1 2503 HIGHEST SLP 30.68 ON 19
DPTR FM NORMAL 247 LOWEST SLP 29.54 ON 30
[REMARKS]
#FINAL-11-20#