422
CXUS51 KILN 010542
CF6CVG
PRELIMINARY LOCAL CLIMATOLOGICAL DATA (WS FORM: F-6)
STATION: CINCINNATI OH
MONTH: APRIL
YEAR: 2020
LATITUDE: 39 2 N
LONGITUDE: 84 40 W
TEMPERATURE IN F: :PCPN: SNOW: WIND :SUNSHINE: SKY :PK WND
================================================================================
1 2 3 4 5 6A 6B 7 8 9 10 11 12 13 14 15 16 17 18
12Z AVG MX 2MIN
DY MAX MIN AVG DEP HDD CDD WTR SNW DPTH SPD SPD DIR MIN PSBL S-S WX SPD DR
================================================================================
1 54 41 48 -1 17 0 T 0.0 0 9.9 16 340 M M 10 1 24 330
2 61 38 50 0 15 0 0.00 0.0 0 4.8 12 360 M M 3 1 17 340
3 69 41 55 5 10 0 0.00 0.0 0 3.2 12 10 M M 4 16 40
4 74 44 59 9 6 0 T 0.0 0 5.4 16 340 M M 7 8 20 320
5 59 48 54 3 11 0 0.11 0.0 0 8.3 13 320 M M 10 18 20 350
6 69 47 58 7 7 0 0.00 0.0 0 4.4 15 220 M M 7 8 19 220
7 79 55 67 16 0 2 0.00 0.0 0 10.6 20 230 M M 5 26 250
8 80 56 68 16 0 3 0.49 0.0 0 11.6 41 300 M M 6 138 59 300
9 57 37 47 -5 18 0 0.02 0.0 0 19.8 31 300 M M 6 1 40 300
10 50 33 42 -10 23 0 0.00 0.0 0 11.5 23 280 M M 3 29 280
11 63 37 50 -3 15 0 0.02 0.0 0 7.8 17 220 M M 8 22 190
12 65 48 57 4 8 0 0.55 0.0 0 11.3 25 130 M M 9 1 30 170
13 60 41 51 -2 14 0 0.84 0.0 0 14.4 35 290 M M 9 13 42 280
14 48 30 39 -15 26 0 0.00 0.0 0 8.9 24 290 M M 8 29 280
15 53 26 40 -14 25 0 0.01 0.0 0 11.3 29 280 M M 3 8 37 280
16 51 25 38 -16 27 0 T 0.0 0 5.8 21 300 M M 4 25 300
17 53 39 46 -9 19 0 0.28 0.0 0 12.3 22 340 M M 10 1 30 230
18 54 36 45 -10 20 0 0.00 0.0 0 8.5 22 330 M M 5 27 330
19 57 36 47 -8 18 0 T 0.0 0 5.9 13 220 M M 6 16 230
20 65 39 52 -4 13 0 T 0.0 0 8.2 20 280 M M 4 26 280
21 56 41 49 -7 16 0 0.01 0.0 0 13.8 31 290 M M 3 39 290
22 69 35 52 -4 13 0 0.00 0.0 0 7.7 20 220 M M 4 26 230
23 58 52 55 -2 10 0 0.60 0.0 0 8.1 14 100 M M 10 1 19 110
24 66 50 58 1 7 0 0.02 0.0 0 7.0 16 350 M M 8 18 23 340
25 67 50 59 2 6 0 0.21 0.0 0 8.1 26 160 M M 9 18 31 160
26 56 42 49 -9 16 0 0.28 0.0 0 12.1 25 350 M M 9 1 29 350
27 65 35 50 -8 15 0 T 0.0 0 5.6 18 200 M M 3 1 24 200
28 76 55 66 8 0 1 T 0.0 0 12.0 21 190 M M 7 28 310
29 68 50 59 0 6 0 0.30 0.0 0 15.0 35 270 M M 10 18 47 190
30 51 45 48 -11 17 0 0.03 0.0 0 13.4 25 290 M M 10 1 33 290
================================================================================
SM 1853 1252 398 6 3.77 0.0 286.7 M 200
================================================================================
AV 61.8 41.7 9.6 FASTST M M 7 MAX(MPH)
MISC ----> # 41 300 # 59 300
================================================================================
NOTES:
# LAST OF SEVERAL OCCURRENCES
COLUMN 17 PEAK WIND IN M.P.H.
PRELIMINARY LOCAL CLIMATOLOGICAL DATA (WS FORM: F-6) , PAGE 2
STATION: CINCINNATI OH
MONTH: APRIL
YEAR: 2020
LATITUDE: 39 2 N
LONGITUDE: 84 40 W
[TEMPERATURE DATA] [PRECIPITATION DATA] SYMBOLS USED IN COLUMN 16
AVERAGE MONTHLY: 51.8 TOTAL FOR MONTH: 3.77 1 = FOG OR MIST
DPTR FM NORMAL: -2.5 DPTR FM NORMAL: -0.12 2 = FOG REDUCING VISIBILITY
HIGHEST: 80 ON 8 GRTST 24HR 0.84 ON 13-13 TO 1/4 MILE OR LESS
LOWEST: 25 ON 16 3 = THUNDER
SNOW, ICE PELLETS, HAIL 4 = ICE PELLETS
TOTAL MONTH: 0.0 INCH 5 = HAIL
GRTST 24HR 0.0 6 = FREEZING RAIN OR DRIZZLE
GRTST DEPTH: 0 7 = DUSTSTORM OR SANDSTORM:
VSBY 1/2 MILE OR LESS
8 = SMOKE OR HAZE
[NO. OF DAYS WITH] [WEATHER - DAYS WITH] 9 = BLOWING SNOW
X = TORNADO
MAX 32 OR BELOW: 0 0.01 INCH OR MORE: 15
MAX 90 OR ABOVE: 0 0.10 INCH OR MORE: 9
MIN 32 OR BELOW: 3 0.50 INCH OR MORE: 3
MIN 0 OR BELOW: 0 1.00 INCH OR MORE: 0
[HDD (BASE 65) ]
TOTAL THIS MO. 398 CLEAR (SCALE 0-3) 1
DPTR FM NORMAL 57 PTCLDY (SCALE 4-7) 19
TOTAL FM JUL 1 4282 CLOUDY (SCALE 8-10) 10
DPTR FM NORMAL -552
[CDD (BASE 65) ]
TOTAL THIS MO. 6
DPTR FM NORMAL -12 [PRESSURE DATA]
TOTAL FM JAN 1 11 HIGHEST SLP 30.35 ON 16
DPTR FM NORMAL -7 LOWEST SLP 29.30 ON 13
[REMARKS]
#FINAL-04-20#