000
CXUS52 KMLB 010635
CF6DAB
PRELIMINARY LOCAL CLIMATOLOGICAL DATA (WS FORM: F-6)
STATION: DAYTONA BEACH
MONTH: MARCH
YEAR: 2023
LATITUDE: 29 10 N
LONGITUDE: 81 3 W
TEMPERATURE IN F: :PCPN: SNOW: WIND :SUNSHINE: SKY :PK WND
================================================================================
1 2 3 4 5 6A 6B 7 8 9 10 11 12 13 14 15 16 17 18
12Z AVG MX 2MIN
DY MAX MIN AVG DEP HDD CDD WTR SNW DPTH SPD SPD DIR MIN PSBL S-S WX SPD DR
================================================================================
1 87 63 75 12 0 10 0.00 0.0 0 5.8 14 250 M M 4 1 18 260
2 87 59 73 10 0 8 0.00 0.0 0 6.8 20 270 M M 3 1 25 240
3 88 65 77 14 0 12 0.00 0.0 0 10.7 23 200 M M 3 31 200
4 90 69 80 16 0 15 T 0.0 0 9.7 24 230 M M 5 30 240
5 83 69 76 12 0 11 T 0.0 0 5.8 14 60 M M 6 18 17 40
6 84 66 75 11 0 10 0.00 0.0 0 3.5 13 90 M M 4 1 17 70
7 88 62 75 11 0 10 0.00 0.0 0 7.3 17 280 M M 2 18 22 270
8 79 63 71 7 0 6 0.00 0.0 0 12.6 24 50 M M 4 1 30 50
9 76 60 68 4 0 3 0.00 0.0 0 6.0 14 60 M M 3 20 90
10 86 56 71 7 0 6 0.07 0.0 0 8.4 21 30 M M 6 1 28 210
11 75 54 65 1 0 0 T 0.0 0 5.6 16 30 M M 3 21 30
12 86 52 69 5 0 4 0.00 0.0 0 7.5 22 250 M M 2 1 28 260
13 75 59 67 2 0 2 1.50 0.0 0 7.3 21 340 M M 8 13 29 340
14 69 51 60 -5 5 0 0.00 0.0 0 8.6 17 30 M M 2 1 20 30
15 65 45 55 -10 10 0 0.00 0.0 0 9.3 20 30 M M 4 26 10
16 72 43 58 -7 7 0 0.00 0.0 0 4.4 15 80 M M 1 20 80
17 81 53 67 2 0 2 0.00 0.0 0 7.9 21 210 M M 3 27 220
18 82 55 69 4 0 4 T 0.0 0 10.7 20 230 M M 8 27 200
19 64 48 56 -10 9 0 0.03 0.0 0 9.5 20 30 M M 9 28 20
20 62 43 53 -13 12 0 0.01 0.0 0 10.8 21 30 M M 3 29 30
21 77 43 60 -6 5 0 0.00 0.0 0 9.0 21 70 M M 5 1 26 70
22 78 57 68 2 0 3 0.00 0.0 0 4.6 14 110 M M 4 1 21 110
23 82 57 70 4 0 5 0.00 0.0 0 4.7 15 80 M M 1 1 19 80
24 83 58 71 5 0 6 0.00 0.0 0 5.5 15 100 M M 1 1 20 100
25 90 64 77 11 0 12 0.00 0.0 0 6.4 15 320 M M 6 13 22 220
26 91 66 79 12 0 14 0.00 0.0 0 7.2 17 240 M M 4 1 22 200
27 90 69 80 13 0 15 0.00 0.0 0 5.1 15 210 M M 6 8 19 200
28 85 65 75 8 0 10 0.00 0.0 0 5.3 24 20 M M 7 128 28 10
29 74 64 69 2 0 4 0.00 0.0 0 11.6 21 30 M M 7 28 30
30 78 54 66 -1 0 1 0.00 0.0 0 7.5 18 60 M M 3 24 60
31 82 61 72 5 0 7 0.00 0.0 0 6.8 18 110 M M 5 29 110
================================================================================
SM 2489 1793 48 180 1.61 0.0 231.9 M 132
================================================================================
AV 80.3 57.8 7.5 FASTST M M 4 MAX(MPH)
MISC ----> # 24 230 31 200
================================================================================
NOTES:
# LAST OF SEVERAL OCCURRENCES
COLUMN 17 PEAK WIND IN M.P.H.
PRELIMINARY LOCAL CLIMATOLOGICAL DATA (WS FORM: F-6) , PAGE 2
STATION: DAYTONA BEACH
MONTH: MARCH
YEAR: 2023
LATITUDE: 29 10 N
LONGITUDE: 81 3 W
[TEMPERATURE DATA] [PRECIPITATION DATA] SYMBOLS USED IN COLUMN 16
AVERAGE MONTHLY: 69.1 TOTAL FOR MONTH: 1.61 1 = FOG OR MIST
DPTR FM NORMAL: 3.9 DPTR FM NORMAL: -2.02 2 = FOG REDUCING VISIBILITY
HIGHEST: 91 ON 26 GRTST 24HR 1.50 ON 13-13 TO 1/4 MILE OR LESS
LOWEST: 43 ON 21,20 3 = THUNDER
SNOW, ICE PELLETS, HAIL 4 = ICE PELLETS
TOTAL MONTH: 0.0 INCH 5 = HAIL
GRTST 24HR 0.0 6 = FREEZING RAIN OR DRIZZLE
GRTST DEPTH: 0 7 = DUSTSTORM OR SANDSTORM:
VSBY 1/2 MILE OR LESS
8 = SMOKE OR HAZE
[NO. OF DAYS WITH] [WEATHER - DAYS WITH] 9 = BLOWING SNOW
X = TORNADO
MAX 32 OR BELOW: 0 0.01 INCH OR MORE: 4
MAX 90 OR ABOVE: 4 0.10 INCH OR MORE: 1
MIN 32 OR BELOW: 0 0.50 INCH OR MORE: 1
MIN 0 OR BELOW: 0 1.00 INCH OR MORE: 1
[HDD (BASE 65) ]
TOTAL THIS MO. 48 CLEAR (SCALE 0-3) 10
DPTR FM NORMAL -37 PTCLDY (SCALE 4-7) 20
TOTAL FM JUL 1 421 CLOUDY (SCALE 8-10) 1
DPTR FM NORMAL -268
[CDD (BASE 65) ]
TOTAL THIS MO. 180
DPTR FM NORMAL 90 [PRESSURE DATA]
TOTAL FM JAN 1 386 HIGHEST SLP M ON M
DPTR FM NORMAL 219 LOWEST SLP 29.78 ON 3
[REMARKS]
#FINAL-03-23#