000
CXUS52 KMLB 040334
CF6DAB
PRELIMINARY LOCAL CLIMATOLOGICAL DATA (WS FORM: F-6)
STATION: DAYTONA BEACH
MONTH: DECEMBER
YEAR: 2022
LATITUDE: 29 10 N
LONGITUDE: 81 3 W
TEMPERATURE IN F: :PCPN: SNOW: WIND :SUNSHINE: SKY :PK WND
================================================================================
1 2 3 4 5 6A 6B 7 8 9 10 11 12 13 14 15 16 17 18
12Z AVG MX 2MIN
DY MAX MIN AVG DEP HDD CDD WTR SNW DPTH SPD SPD DIR MIN PSBL S-S WX SPD DR
================================================================================
1 76 58 67 3 0 2 0.00 0.0 0 12.6 24 50 M M 5 8 30 50
2 78 66 72 8 0 7 0.00 0.0 0 8.6 18 70 M M 5 23 70
3 80 61 71 7 0 6 0.00 0.0 0 2.2 10 70 M M 3 1 12 70
4 80 58 69 5 0 4 0.03 0.0 0 4.5 15 30 M M 4 1 18 320
5 77 61 69 5 0 4 T 0.0 0 2.4 9 70 M M 5 1 11 40
6 80 59 70 6 0 5 0.00 0.0 0 2.4 12 40 M M 2 1 14 50
7 80 59 70 7 0 5 0.00 0.0 0 4.0 12 40 M M 2 1 16 360
8 83 60 72 9 0 7 0.00 0.0 0 3.2 12 40 M M 2 1 14 40
9 80 59 70 7 0 5 0.00 0.0 0 4.0 13 40 M M 2 1 17 330
10 75 59 67 4 0 2 0.00 0.0 0 6.3 15 10 M M 7 12 20 10
11 67 61 64 1 1 0 0.00 0.0 0 6.1 10 360 M M 10 1 13 360
12 72 60 66 4 0 1 0.00 0.0 0 7.0 16 30 M M 7 19 30
13 73 56 65 3 0 0 0.30 0.0 0 7.5 20 70 M M 7 1 24 80
14 77 67 72 10 0 7 T 0.0 0 5.2 14 110 M M 6 1 20 110
15 73 59 66 4 0 1 0.51 0.0 0 9.4 16 250 M M 7 1 22 190
16 67 49 58 -4 7 0 0.00 0.0 0 4.1 13 320 M M 5 1 16 330
17 68 46 57 -5 8 0 T 0.0 0 2.7 12 20 M M 5 1 14 20
18 63 47 55 -6 10 0 0.01 0.0 0 7.3 15 340 M M 4 20 320
19 72 42 57 -4 8 0 0.00 0.0 0 4.8 14 70 M M 2 8 17 70
20 68 54 61 0 4 0 0.01 0.0 0 3.7 12 330 M M 8 16 330
21 67 57 62 1 3 0 0.24 0.0 0 8.9 16 330 M M 10 1 21 340
22 71 54 63 2 2 0 0.00 0.0 0 5.7 12 250 M M 8 12 15 280
23 69 38 54 -7 11 0 0.00 0.0 0 11.8 22 280 M M 3 27 280
24 45 29 37 -23 28 0 0.00 0.0 0 9.0 16 320 M M 2 27 320
25 50 27 39 -21 26 0 0.00 0.0 0 7.1 15 310 M M 3 19 310
26 56 36 46 -14 19 0 0.00 0.0 0 6.4 12 40 M M 7 15 290
27 61 39 50 -10 15 0 0.00 0.0 0 5.9 15 10 M M 3 22 350
28 71 40 56 -4 9 0 0.00 0.0 0 4.5 12 40 M M 1 1 14 10
29 76 49 63 3 2 0 0.00 0.0 0 4.5 15 60 M M 3 1 19 50
30 77 51 64 4 1 0 0.00 0.0 0 2.9 9 50 M M 4 1 11 50
31 76 61 69 10 0 4 T 0.0 0 4.8 16 210 M M 8 12 21 200
================================================================================
SM 2208 1622 154 60 1.10 0.0 179.5 M 150
================================================================================
AV 71.2 52.3 5.8 FASTST M M 5 MAX(MPH)
MISC ----> 24 50 30 50
================================================================================
NOTES:
# LAST OF SEVERAL OCCURRENCES
COLUMN 17 PEAK WIND IN M.P.H.
PRELIMINARY LOCAL CLIMATOLOGICAL DATA (WS FORM: F-6) , PAGE 2
STATION: DAYTONA BEACH
MONTH: DECEMBER
YEAR: 2022
LATITUDE: 29 10 N
LONGITUDE: 81 3 W
[TEMPERATURE DATA] [PRECIPITATION DATA] SYMBOLS USED IN COLUMN 16
AVERAGE MONTHLY: 61.8 TOTAL FOR MONTH: 1.10 1 = FOG OR MIST
DPTR FM NORMAL: 0.0 DPTR FM NORMAL: -1.24 2 = FOG REDUCING VISIBILITY
HIGHEST: 83 ON 8 GRTST 24HR 0.51 ON 15-15 TO 1/4 MILE OR LESS
LOWEST: 27 ON 25 3 = THUNDER
SNOW, ICE PELLETS, HAIL 4 = ICE PELLETS
TOTAL MONTH: 0.0 INCH 5 = HAIL
GRTST 24HR 0.0 6 = FREEZING RAIN OR DRIZZLE
GRTST DEPTH: 0 7 = DUSTSTORM OR SANDSTORM:
VSBY 1/2 MILE OR LESS
8 = SMOKE OR HAZE
[NO. OF DAYS WITH] [WEATHER - DAYS WITH] 9 = BLOWING SNOW
X = TORNADO
MAX 32 OR BELOW: 0 0.01 INCH OR MORE: 6
MAX 90 OR ABOVE: 0 0.10 INCH OR MORE: 3
MIN 32 OR BELOW: 2 0.50 INCH OR MORE: 1
MIN 0 OR BELOW: 0 1.00 INCH OR MORE: 0
[HDD (BASE 65) ]
TOTAL THIS MO. 154 CLEAR (SCALE 0-3) 10
DPTR FM NORMAL -7 PTCLDY (SCALE 4-7) 17
TOTAL FM JUL 1 185 CLOUDY (SCALE 8-10) 4
DPTR FM NORMAL -45
[CDD (BASE 65) ]
TOTAL THIS MO. 60
DPTR FM NORMAL -2 [PRESSURE DATA]
TOTAL FM JAN 1 3597 HIGHEST SLP 30.37 ON 3
DPTR FM NORMAL 486 LOWEST SLP 29.84 ON 15
[REMARKS]
#FINAL-12-22#