000
CXUS55 KVEF 281022
CF6DAG
PRELIMINARY LOCAL CLIMATOLOGICAL DATA (WS FORM: F-6)
STATION: BARSTOW-DAGGETT CA
MONTH: OCTOBER
YEAR: 2021
LATITUDE: 34 51 N
LONGITUDE: 116 47 W
TEMPERATURE IN F: :PCPN: SNOW: WIND :SUNSHINE: SKY :PK WND
================================================================================
1 2 3 4 5 6A 6B 7 8 9 10 11 12 13 14 15 16 17 18
12Z AVG MX 2MIN
DY MAX MIN AVG DEP HDD CDD WTR SNW DPTH SPD SPD DIR MIN PSBL S-S WX SPD DR
================================================================================
1 88 54 71 -4 0 6 0.00 0.0 0 5.7 15 270 M M 0 17 270
2 90 55 73 -2 0 8 0.00 0.0 0 6.0 13 270 M M 0 14 60
3 93 58 76 2 0 11 0.00 0.0 0 7.1 16 60 M M 1 22 110
4 92 65 79 5 0 14 0.00 0.0 0 9.4 23 270 M M 0 28 270
5 87 68 78 5 0 13 0.00 0.0 0 8.6 21 280 M M 2 26 290
6 87 62 75 2 0 10 0.00 0.0 0 7.2 16 280 M M 0 19 290
7 81 65 73 1 0 8 0.00 0.0 0 11.2 23 290 M M 0 31 300
8 77 58 68 -4 0 3 T 0.0 M 20.0 37 270 M M 3 49 280
9 78 50 64 -8 1 0 0.00 0.0 0 12.0 28 250 M M 0 35 250
10 81 52 67 -4 0 2 0.00 0.0 0 7.8 17 280 M M 0 8 20 280
11 73 53 63 -8 2 0 0.00 0.0 0 25.8 49 280 M M 5 8 62 270
12 66 48 57 -13 8 0 0.00 0.0 0 14.4 30 270 M M 0 35 270
13 72 44 58 -12 7 0 0.00 0.0 0 6.9 14 260 M M 0 17 270
14 75 48 62 -8 3 0 0.00 0.0 0 7.2 15 270 M M 0 17 270
15 77 44 61 -8 4 0 0.00 0.0 0 4.3 15 50 M M 0 19 90
16 81 40 61 -8 4 0 0.00 0.0 0 6.1 13 70 M M 0 17 40
17 84 47 66 -2 0 1 0.00 0.0 0 13.1 29 230 M M 0 35 230
18 66 46 56 -12 9 0 0.00 0.0 0 21.0 37 270 M M 3 43 270
19 71 41 56 -12 9 0 0.00 0.0 0 7.3 14 280 M M 0 8 17 70
20 79 44 62 -5 3 0 0.00 0.0 0 6.2 16 280 M M 0 18 70
21 81 48 65 -2 0 0 0.00 0.0 0 5.3 13 50 M M 0 17 60
22 85 50 68 2 0 3 0.00 0.0 0 11.2 23 230 M M 0 30 230
23 79 59 69 3 0 4 0.00 0.0 0 22.2 38 280 M M 0 42 280
24 84 56 70 4 0 5 0.00 0.0 0 13.4 26 270 M M 0 39 250
25 75 50 63 -2 2 0 0.26 0.0 0 18.8 41 220 M M 2 1 53 230
26 65 45 55 -10 10 0 0.00 0.0 0 10.9 23 260 M M 0 28 260
27 76 46 61 -3 4 0 0.00 0.0 0 10.2 14 290 M M 0 16 280
28 83 52 68 4 0 3 0.00 0.0 0 6.4 12 270 M M 0 14 90
29 84 54 69 5 0 4 0.00 0.0 0 7.7 14 280 M M 0 16 270
30 86 58 72 9 0 7 0.00 0.0 0 11.2 21 230 M M 0 26 240
31 82 55 69 6 0 4 0.00 0.0 0 11.3 22 270 M M 0 28 260
================================================================================
SM 2478 1615 66 106 0.26 0.0 335.9 M 16
================================================================================
AV 79.9 52.1 10.8 FASTST M M 1 MAX(MPH)
MISC ----> 49 280 62 270
================================================================================
NOTES:
# LAST OF SEVERAL OCCURRENCES
COLUMN 17 PEAK WIND IN M.P.H.
PRELIMINARY LOCAL CLIMATOLOGICAL DATA (WS FORM: F-6) , PAGE 2
STATION: BARSTOW-DAGGETT CA
MONTH: OCTOBER
YEAR: 2021
LATITUDE: 34 51 N
LONGITUDE: 116 47 W
[TEMPERATURE DATA] [PRECIPITATION DATA] SYMBOLS USED IN COLUMN 16
AVERAGE MONTHLY: 66.0 TOTAL FOR MONTH: 0.26 1 = FOG OR MIST
DPTR FM NORMAL: -2.8 DPTR FM NORMAL: 0.02 2 = FOG REDUCING VISIBILITY
HIGHEST: 93 ON 3 GRTST 24HR 0.26 ON 25-25 TO 1/4 MILE OR LESS
LOWEST: 40 ON 16 3 = THUNDER
SNOW, ICE PELLETS, HAIL 4 = ICE PELLETS
TOTAL MONTH: 0.0 INCH 5 = HAIL
GRTST 24HR 0.0 6 = FREEZING RAIN OR DRIZZLE
GRTST DEPTH: 0 7 = DUSTSTORM OR SANDSTORM:
VSBY 1/2 MILE OR LESS
8 = SMOKE OR HAZE
[NO. OF DAYS WITH] [WEATHER - DAYS WITH] 9 = BLOWING SNOW
X = TORNADO
MAX 32 OR BELOW: 0 0.01 INCH OR MORE: 1
MAX 90 OR ABOVE: 3 0.10 INCH OR MORE: 1
MIN 32 OR BELOW: 0 0.50 INCH OR MORE: 0
MIN 0 OR BELOW: 0 1.00 INCH OR MORE: 0
[HDD (BASE 65) ]
TOTAL THIS MO. 66 CLEAR (SCALE 0-3) 30
DPTR FM NORMAL 21 PTCLDY (SCALE 4-7) 1
TOTAL FM JUL 1 66 CLOUDY (SCALE 8-10) 0
DPTR FM NORMAL 21
[CDD (BASE 65) ]
TOTAL THIS MO. 106
DPTR FM NORMAL -57 [PRESSURE DATA]
TOTAL FM JAN 1 3572 HIGHEST SLP 30.29 ON 27
DPTR FM NORMAL 454 LOWEST SLP 29.51 ON 11
[REMARKS]
#FINAL-10-21#