000
CXUS51 KRNK 010737
CF6DAN
PRELIMINARY LOCAL CLIMATOLOGICAL DATA (WS FORM: F-6)
STATION: DANVILLE VA
MONTH: APRIL
YEAR: 2022
LATITUDE: 36 34 N
LONGITUDE: 79 20 W
TEMPERATURE IN F: :PCPN: SNOW: WIND :SUNSHINE: SKY :PK WND
================================================================================
1 2 3 4 5 6A 6B 7 8 9 10 11 12 13 14 15 16 17 18
12Z AVG MX 2MIN
DY MAX MIN AVG DEP HDD CDD WTR SNW DPTH SPD SPD DIR MIN PSBL S-S WX SPD DR
================================================================================
1 64 42 53 -1 12 0 0.00 0.0 0 10.7 25 250 M M 1 34 280
2 63 29 46 -8 19 0 0.00 0.0 0 2.9 14 240 M M 2 17 230
3 66 41 54 0 11 0 0.00 0.0 0 8.6 20 340 M M 1 27 290
4 67 31 49 -6 16 0 0.00 0.0 0 3.6 15 230 M M 1 20 220
5 72 46 59 4 6 0 0.07 0.0 0 4.4 14 230 M M 7 1 23 140
6 81 58 70 15 0 5 T 0.0 0 7.1 14 250 M M 3 19 240
7 71 50 61 5 4 0 0.06 0.0 0 4.1 15 310 M M 8 1 20 280
8 65 39 52 -4 13 0 T 0.0 0 7.7 26 260 M M 7 36 260
9 53 39 46 -10 19 0 T 0.0 0 9.3 22 280 M M 8 29 280
10 65 36 51 -6 14 0 0.00 0.0 0 7.0 18 290 M M 3 25 280
11 80 35 58 1 7 0 0.00 0.0 0 3.5 16 230 M M 1 21 230
12 80 57 69 12 0 4 0.00 0.0 0 5.4 16 230 M M 6 21 250
13 82 54 68 11 0 3 0.00 0.0 0 8.4 24 240 M M 2 31 240
14 79 54 67 9 0 2 0.02 0.0 0 7.8 22 330 M M 6 32 230
15 73 40 57 -1 8 0 0.00 0.0 0 2.6 10 160 M M 1 17 120
16 76 49 63 5 2 0 0.00 0.0 0 8.5 22 230 M M 1 27 230
17 72 50 61 2 4 0 0.00 0.0 0 5.8 15 70 M M 2 23 60
18 52 37 45 -14 20 0 1.53 0.0 0 9.5 22 50 M M 9 1 26 50
19 56 34 45 -14 20 0 0.00 0.0 0 9.3 24 250 M M 2 32 270
20 65 28 47 -12 18 0 0.00 0.0 0 2.4 9 190 M M 0 15 220
21 73 42 58 -2 7 0 T 0.0 0 4.6 18 230 M M 2 24 230
22 82 47 65 5 0 0 0.00 0.0 0 2.3 9 70 M M 0 1 14 60
23 83 52 68 8 0 3 0.00 0.0 0 4.4 15 230 M M 1 20 230
24 84 58 71 11 0 6 0.00 0.0 0 7.2 16 250 M M 0 21 240
25 86 53 70 9 0 5 0.00 0.0 0 5.2 13 230 M M 0 16 220
26 86 53 70 9 0 5 0.01 0.0 0 5.8 30 310 M M 3 42 310
27 70 40 55 -6 10 0 0.00 0.0 0 6.7 21 330 M M 0 30 330
28 71 40 56 -6 9 0 0.00 0.0 0 5.8 17 360 M M 0 25 360
29 66 49 58 -4 7 0 0.00 0.0 0 4.3 10 50 M M 7 14 60
30 62 52 57 -5 8 0 0.02 0.0 0 3.4 10 30 M M 10 1 13 40
================================================================================
SM 2145 1335 234 33 1.71 0.0 178.3 M 94
================================================================================
AV 71.5 44.5 5.9 FASTST M M 3 MAX(MPH)
MISC ----> 30 310 42 310
================================================================================
NOTES:
# LAST OF SEVERAL OCCURRENCES
COLUMN 17 PEAK WIND IN M.P.H.
PRELIMINARY LOCAL CLIMATOLOGICAL DATA (WS FORM: F-6) , PAGE 2
STATION: DANVILLE VA
MONTH: APRIL
YEAR: 2022
LATITUDE: 36 34 N
LONGITUDE: 79 20 W
[TEMPERATURE DATA] [PRECIPITATION DATA] SYMBOLS USED IN COLUMN 16
AVERAGE MONTHLY: 58.0 TOTAL FOR MONTH: 1.71 1 = FOG OR MIST
DPTR FM NORMAL: -0.1 DPTR FM NORMAL: -1.82 2 = FOG REDUCING VISIBILITY
HIGHEST: 86 ON 26,25 GRTST 24HR 1.53 ON 18-18 TO 1/4 MILE OR LESS
LOWEST: 28 ON 20 3 = THUNDER
SNOW, ICE PELLETS, HAIL 4 = ICE PELLETS
TOTAL MONTH: 0.0 INCH 5 = HAIL
GRTST 24HR 0.0 6 = FREEZING RAIN OR DRIZZLE
GRTST DEPTH: 0 7 = DUSTSTORM OR SANDSTORM:
VSBY 1/2 MILE OR LESS
8 = SMOKE OR HAZE
[NO. OF DAYS WITH] [WEATHER - DAYS WITH] 9 = BLOWING SNOW
X = TORNADO
MAX 32 OR BELOW: 0 0.01 INCH OR MORE: 6
MAX 90 OR ABOVE: 0 0.10 INCH OR MORE: 1
MIN 32 OR BELOW: 3 0.50 INCH OR MORE: 1
MIN 0 OR BELOW: 0 1.00 INCH OR MORE: 1
[HDD (BASE 65) ]
TOTAL THIS MO. 234 CLEAR (SCALE 0-3) 19
DPTR FM NORMAL -4 PTCLDY (SCALE 4-7) 8
TOTAL FM JUL 1 3273 CLOUDY (SCALE 8-10) 3
DPTR FM NORMAL -453
[CDD (BASE 65) ]
TOTAL THIS MO. 33
DPTR FM NORMAL 4 [PRESSURE DATA]
TOTAL FM JAN 1 52 HIGHEST SLP 30.47 ON 21
DPTR FM NORMAL 17 LOWEST SLP 29.54 ON 7
[REMARKS]
#FINAL-04-22#