000
CXUS51 KRNK 011429
CLMDAN
CLIMATE REPORT
NATIONAL WEATHER SERVICE BLACKSBURG, VA
1029 AM EDT THU JUN 01 2023
...................................
...THE DANVILLE VA CLIMATE SUMMARY FOR THE MONTH OF MAY 2023...
CLIMATE NORMAL PERIOD: 1991 TO 2020
CLIMATE RECORD PERIOD: 1916 TO 2023
WEATHER OBSERVED NORMAL DEPART LAST YEAR`S
VALUE DATE(S) VALUE FROM VALUE
NORMAL
..............................................................
TEMPERATURE (F)
RECORD
HIGH 101 05/22/1941
LOW 29 05/09/1976
HIGHEST 84 05/08 91
05/09
05/13
LOWEST 37 05/03 40
AVG. MAXIMUM 74.5 78.0 -3.5 78.4
AVG. MINIMUM 52.5 54.0 -1.5 56.3
MEAN 63.5 66.0 -2.5 67.4
DAYS MAX >= 90 0 1.3 -1.3 3
DAYS MAX <= 32 0 0.0 0.0 0
DAYS MIN <= 32 0 0.1 -0.1 0
DAYS MIN <= 0 0 0.0 0.0 0
PRECIPITATION (INCHES)
RECORD
MAXIMUM 8.20 2003
MINIMUM 0.63 2021
TOTALS 5.00 4.13 0.87 6.12
DAYS >= .01 11 12.0 -1.0 13
DAYS >= .10 6 7.4 -1.4 10
DAYS >= .50 2 3.2 -1.2 4
DAYS >= 1.00 2 1.2 0.8 3
GREATEST
24 HR. TOTAL 2.73 1.37
SNOWFALL (INCHES)
TOTALS 0.0 0.0 0.0 0.0
DAYS >= TRACE 0 0.0 0.0 0
DAYS >= 1.0 0 0.0 0.0 0
GREATEST
24 HR TOTAL 0.0 0.0
DEGREE DAYS
HEATING TOTAL 92 77 15 47
COOLING TOTAL 54 108 -54 127
..............................................................
WIND (MPH)
AVERAGE WIND SPEED 6.0
RESULTANT WIND SPEED/DIRECTION 2/020
HIGHEST WIND SPEED/DIRECTION 33/340 DATE 05/16
HIGHEST GUST SPEED/DIRECTION 47/350 DATE 05/16
SKY COVER
AVERAGE SKY COVER 0.40
AVERAGE RH (PERCENT) 69
WEATHER CONDITIONS. NUMBER OF DAYS WITH
THUNDERSTORM 3 MIXED PRECIP 0
HEAVY RAIN 4 RAIN 5
LIGHT RAIN 13 FREEZING RAIN 0
LT FREEZING RAIN 0 HAIL 0
HEAVY SNOW 0 SNOW 0
LIGHT SNOW 0 SLEET 0
FOG 9 FOG W/VIS <= 1/4 MILE 0
HAZE 0
- INDICATES NEGATIVE NUMBERS.
R INDICATES RECORD WAS SET OR TIED.
MM INDICATES DATA IS MISSING.
T INDICATES TRACE AMOUNT.
$$
RCS