000
CXUS51 KILN 010535
CF6DAY
PRELIMINARY LOCAL CLIMATOLOGICAL DATA (WS FORM: F-6)
STATION: DAYTON OH
MONTH: JUNE
YEAR: 2023
LATITUDE: 39 54 N
LONGITUDE: 84 12 W
TEMPERATURE IN F: :PCPN: SNOW: WIND :SUNSHINE: SKY :PK WND
================================================================================
1 2 3 4 5 6A 6B 7 8 9 10 11 12 13 14 15 16 17 18
12Z AVG MX 2MIN
DY MAX MIN AVG DEP HDD CDD WTR SNW DPTH SPD SPD DIR MIN PSBL S-S WX SPD DR
================================================================================
1 89 63 76 7 0 11 0.00 0.0 0 6.3 15 90 M M 2 22 110
2 91 59 75 6 0 10 0.00 0.0 0 6.5 16 50 M M 1 22 50
3 92 64 78 9 0 13 0.00 0.0 0 9.1 28 30 M M 4 33 30
4 86 57 72 2 0 7 0.00 0.0 0 10.5 20 30 M M 1 26 40
5 80 52 66 -4 0 1 0.00 0.0 0 6.1 13 360 M M 6 8 17 10
6 83 55 69 -1 0 4 0.12 0.0 0 7.9 23 350 M M 6 18 29 350
7 75 55 65 -6 0 0 0.00 0.0 0 6.4 17 10 M M 5 18 24 50
8 76 51 64 -7 1 0 0.00 0.0 0 6.9 17 10 M M 2 22 10
9 78 54 66 -5 0 1 0.00 0.0 0 4.7 14 350 M M 2 20 260
10 85 57 71 0 0 6 0.00 0.0 0 5.8 15 240 M M 2 19 230
11 74 60 67 -5 0 2 1.16 0.0 0 9.0 39 280 M M 10 13 47 270
12 70 51 61 -11 4 0 T 0.0 0 13.2 22 260 M M 8 27 270
13 66 53 60 -12 5 0 0.92 0.0 0 10.3 22 270 M M 9 1 28 280
14 73 59 66 -6 0 1 0.26 0.0 0 8.6 21 270 M M 7 1 26 270
15 82 57 70 -3 0 5 0.19 0.0 0 6.7 23 340 M M 8 13 30 340
16 73 54 64 -9 1 0 0.04 0.0 0 9.4 18 360 M M 8 138 21 20
17 79 53 66 -7 0 1 0.00 0.0 0 3.5 10 340 M M 2 18 16 290
18 82 57 70 -4 0 5 0.00 0.0 0 7.0 15 170 M M 4 18 21 130
19 72 64 68 -6 0 3 0.08 0.0 0 7.8 14 50 M M 9 16 40
20 77 65 71 -3 0 6 T 0.0 0 11.7 24 100 M M 9 8 30 90
21 84 62 73 -1 0 8 0.00 0.0 0 11.8 21 100 M M 6 18 27 110
22 70 59 65 -9 0 0 0.01 0.0 0 7.7 17 130 M M 9 20 130
23 77 65 71 -3 0 6 0.04 0.0 0 4.5 13 340 M M 10 1 14 300
24 86 67 77 2 0 12 0.00 0.0 0 3.3 12 290 M M 7 18 14 280
25 86 67 77 2 0 12 0.15 0.0 0 11.9 25 190 M M 6 13 31 200
26 79 65 72 -3 0 7 0.07 0.0 0 14.0 30 290 M M 8 13 37 290
27 72 65 69 -6 0 4 0.00 0.0 0 10.9 17 280 M M 10 18 26 290
28 82 59 71 -4 0 6 0.00 0.0 0 3.5 9 310 M M 7 18 12 300
29 87 63 75 -1 0 10 T 0.0 0 9.7 35 240 M M 6 18 42 250
30 89 68 79 3 0 14 0.00 0.0 0 7.0 15 200 M M 7 18 200
================================================================================
SM 2395 1780 11 155 3.04 0.0 241.7 M 181
================================================================================
AV 79.8 59.3 8.1 FASTST M M 6 MAX(MPH)
MISC ----> 39 280 47 270
================================================================================
NOTES:
# LAST OF SEVERAL OCCURRENCES
COLUMN 17 PEAK WIND IN M.P.H.
PRELIMINARY LOCAL CLIMATOLOGICAL DATA (WS FORM: F-6) , PAGE 2
STATION: DAYTON OH
MONTH: JUNE
YEAR: 2023
LATITUDE: 39 54 N
LONGITUDE: 84 12 W
[TEMPERATURE DATA] [PRECIPITATION DATA] SYMBOLS USED IN COLUMN 16
AVERAGE MONTHLY: 69.6 TOTAL FOR MONTH: 3.04 1 = FOG OR MIST
DPTR FM NORMAL: -3.1 DPTR FM NORMAL: -1.10 2 = FOG REDUCING VISIBILITY
HIGHEST: 92 ON 3 GRTST 24HR 1.18 ON 13-14 TO 1/4 MILE OR LESS
LOWEST: 51 ON 12, 8 3 = THUNDER
SNOW, ICE PELLETS, HAIL 4 = ICE PELLETS
TOTAL MONTH: 0.0 INCH 5 = HAIL
GRTST 24HR 0.0 6 = FREEZING RAIN OR DRIZZLE
GRTST DEPTH: 0 7 = DUSTSTORM OR SANDSTORM:
VSBY 1/2 MILE OR LESS
8 = SMOKE OR HAZE
[NO. OF DAYS WITH] [WEATHER - DAYS WITH] 9 = BLOWING SNOW
X = TORNADO
MAX 32 OR BELOW: 0 0.01 INCH OR MORE: 11
MAX 90 OR ABOVE: 2 0.10 INCH OR MORE: 6
MIN 32 OR BELOW: 0 0.50 INCH OR MORE: 2
MIN 0 OR BELOW: 0 1.00 INCH OR MORE: 1
[HDD (BASE 65) ]
TOTAL THIS MO. 11 CLEAR (SCALE 0-3) 7
DPTR FM NORMAL -2 PTCLDY (SCALE 4-7) 15
TOTAL FM JUL 1 4601 CLOUDY (SCALE 8-10) 8
DPTR FM NORMAL -543
[CDD (BASE 65) ]
TOTAL THIS MO. 155
DPTR FM NORMAL -87 [PRESSURE DATA]
TOTAL FM JAN 1 231 HIGHEST SLP M ON M
DPTR FM NORMAL -122 LOWEST SLP 29.54 ON 11
[REMARKS]
#FINAL-06-23#