000
CXUS51 KLWX 010815
CF6DCA
PRELIMINARY LOCAL CLIMATOLOGICAL DATA (WS FORM: F-6)
STATION: WASHINGTON NATIONAL DC
MONTH: OCTOBER
YEAR: 2022
LATITUDE: 38 50 N
LONGITUDE: 77 2 W
TEMPERATURE IN F: :PCPN: SNOW: WIND :SUNSHINE: SKY :PK WND
================================================================================
1 2 3 4 5 6A 6B 7 8 9 10 11 12 13 14 15 16 17 18
12Z AVG MX 2MIN
DY MAX MIN AVG DEP HDD CDD WTR SNW DPTH SPD SPD DIR MIN PSBL S-S WX SPD DR
================================================================================
1 64 56 60 -7 5 0 0.46 0.0 0 14.1 26 50 M M 10 1 37 50
2 62 53 58 -8 7 0 0.55 0.0 0 15.0 23 20 M M 10 1 33 30
3 57 49 53 -13 12 0 0.45 0.0 0 16.0 29 30 M M 10 1 40 20
4 55 49 52 -13 13 0 0.17 0.0 0 15.0 23 340 M M 10 1 29 340
5 68 51 60 -5 5 0 0.12 0.0 M 9.7 18 320 M M 9 1 26 330
6 79 54 67 2 0 2 0.00 0.0 0 5.1 12 340 M M 4 19 320
7 81 53 67 3 0 2 0.00 0.0 0 8.4 23 330 M M 4 1 31 340
8 62 46 54 -10 11 0 0.00 0.0 0 10.6 21 310 M M 4 27 310
9 66 41 54 -10 11 0 0.00 0.0 0 5.6 14 220 M M 1 23 230
10 71 44 58 -5 7 0 0.00 0.0 0 4.6 12 350 M M 0 17 320
11 74 47 61 -2 4 0 0.00 0.0 M 6.1 12 160 M M 1 24 200
12 72 51 62 0 3 0 T 0.0 0 8.4 16 170 M M 8 22 180
13 71 56 64 2 1 0 0.57 0.0 0 9.8 18 360 M M 10 1 26 320
14 69 53 61 -1 4 0 0.01 0.0 0 5.4 13 30 M M 5 17 20
15 76 49 63 2 2 0 0.00 0.0 0 6.8 22 200 M M 1 29 200
16 71 54 63 2 2 0 0.02 0.0 0 5.1 16 210 M M 6 23 220
17 71 53 62 2 3 0 0.03 0.0 0 11.1 23 340 M M 9 30 340
18 58 42 50 -10 15 0 0.00 0.0 0 10.5 22 330 M M 5 28 290
19 59 38 49 -11 16 0 0.00 0.0 0 9.1 21 240 M M 5 28 250
20 62 40 51 -8 14 0 0.00 0.0 0 9.3 22 190 M M 3 28 200
21 68 42 55 -4 10 0 0.00 0.0 0 2.5 10 160 M M 3 13 140
22 72 45 59 1 6 0 0.00 0.0 0 3.3 14 110 M M 4 17 120
23 67 48 58 0 7 0 0.20 0.0 0 8.8 20 40 M M 9 1 24 30
24 67 57 62 4 3 0 T 0.0 0 7.8 14 320 M M 9 1 17 350
25 64 59 62 5 3 0 T 0.0 0 2.9 9 130 M M 10 18 11 140
26 69 59 64 7 1 0 0.04 0.0 0 7.4 16 310 M M 8 1 24 290
27 67 51 59 2 6 0 0.00 0.0 0 11.9 25 340 M M 2 33 340
28 60 47 54 -2 11 0 0.00 0.0 0 10.1 16 30 M M 6 21 30
29 64 45 55 -1 10 0 0.00 0.0 0 5.3 15 60 M M 2 19 60
30 66 40 53 -3 12 0 0.00 0.0 0 2.3 10 130 M M 5 8 13 120
31 68 54 61 6 4 0 0.16 0.0 0 5.6 14 210 M M 10 1 21 210
================================================================================
SM 2080 1526 208 4 2.78 0.0 253.6 M 183
================================================================================
AV 67.1 49.2 8.2 FASTST M M 6 MAX(MPH)
MISC ----> 29 30 40 20
================================================================================
NOTES:
# LAST OF SEVERAL OCCURRENCES
COLUMN 17 PEAK WIND IN M.P.H.
PRELIMINARY LOCAL CLIMATOLOGICAL DATA (WS FORM: F-6) , PAGE 2
STATION: WASHINGTON NATIONAL DC
MONTH: OCTOBER
YEAR: 2022
LATITUDE: 38 50 N
LONGITUDE: 77 2 W
[TEMPERATURE DATA] [PRECIPITATION DATA] SYMBOLS USED IN COLUMN 16
AVERAGE MONTHLY: 58.2 TOTAL FOR MONTH: 2.78 1 = FOG OR MIST
DPTR FM NORMAL: -2.6 DPTR FM NORMAL: -0.88 2 = FOG REDUCING VISIBILITY
HIGHEST: 81 ON 7 GRTST 24HR 0.72 ON 30- 1 TO 1/4 MILE OR LESS
LOWEST: 38 ON 19 3 = THUNDER
SNOW, ICE PELLETS, HAIL 4 = ICE PELLETS
TOTAL MONTH: 0.0 INCH 5 = HAIL
GRTST 24HR 0.0 6 = FREEZING RAIN OR DRIZZLE
GRTST DEPTH: 0 7 = DUSTSTORM OR SANDSTORM:
VSBY 1/2 MILE OR LESS
8 = SMOKE OR HAZE
[NO. OF DAYS WITH] [WEATHER - DAYS WITH] 9 = BLOWING SNOW
X = TORNADO
MAX 32 OR BELOW: 0 0.01 INCH OR MORE: 12
MAX 90 OR ABOVE: 0 0.10 INCH OR MORE: 8
MIN 32 OR BELOW: 0 0.50 INCH OR MORE: 2
MIN 0 OR BELOW: 0 1.00 INCH OR MORE: 0
[HDD (BASE 65) ]
TOTAL THIS MO. 208 CLEAR (SCALE 0-3) 8
DPTR FM NORMAL 33 PTCLDY (SCALE 4-7) 11
TOTAL FM JUL 1 225 CLOUDY (SCALE 8-10) 12
DPTR FM NORMAL 34
[CDD (BASE 65) ]
TOTAL THIS MO. 4
DPTR FM NORMAL -41 [PRESSURE DATA]
TOTAL FM JAN 1 1770 HIGHEST SLP 30.49 ON 29
DPTR FM NORMAL 35 LOWEST SLP 29.59 ON 17
[REMARKS]
#FINAL-10-22#