000
CXUS54 KHUN 010810
CF6DCU
PRELIMINARY LOCAL CLIMATOLOGICAL DATA (WS FORM: F-6)
STATION: DECATUR
MONTH: JULY
YEAR: 2021
LATITUDE: 34 39 N
LONGITUDE: 86 56 W
TEMPERATURE IN F: :PCPN: SNOW: WIND :SUNSHINE: SKY :PK WND
================================================================================
1 2 3 4 5 6A 6B 7 8 9 10 11 12 13 14 15 16 17 18
12Z AVG MX 2MIN
DY MAX MIN AVG DEP HDD CDD WTR SNW DPTH SPD SPD DIR MIN PSBL S-S WX SPD DR
================================================================================
1 86 70 78 -1 0 13 0.47 0.0 0 5.4 21 230 M M 3 13 27 200
2 85 69 77 -2 0 12 0.02 0.0 0 6.0 15 360 M M 6 1 20 360
3 82 62 72 -7 0 7 0.00 0.0 0 6.4 15 360 M M 1 18 360
4 86 57 72 -8 0 7 0.00 0.0 0 2.6 12 200 M M 0 1 15 50
5 90 63 77 -3 0 12 0.00 0.0 0 4.1 13 150 M M 1 18 19 130
6 87 65 76 -4 0 11 0.02 0.0 0 6.3 21 180 M M 4 24 190
7 76 71 74 -6 0 9 0.87 0.0 0 4.8 15 150 M M 9 1 18 220
8 86 70 78 -2 0 13 0.26 0.0 0 5.2 12 190 M M 6 1 14 200
9 81 71 76 -4 0 11 0.34 0.0 0 6.0 18 300 M M 3 13 24 300
10 88 70 79 -1 0 14 0.00 0.0 0 7.9 23 200 M M 3 29 190
11 85 70 78 -2 0 13 1.44 0.0 0 8.3 30 210 M M 9 138 41 190
12 84 72 78 -2 0 13 0.07 0.0 0 10.5 21 180 M M 8 1 26 180
13 83 69 76 -4 0 11 0.02 0.0 0 6.9 16 230 M M 6 21 220
14 87 66 77 -3 0 12 0.00 0.0 0 4.0 10 270 M M 2 1 15 280
15 89 67 78 -2 0 13 0.00 0.0 0 3.4 10 240 M M 1 1 14 210
16 89 72 81 1 0 16 0.00 0.0 0 7.4 17 200 M M 2 21 180
17 84 72 78 -2 0 13 0.07 0.0 0 5.7 17 180 M M 6 3 22 180
18 85 70 78 -2 0 13 2.17 0.0 0 4.4 23 180 M M 8 1 29 180
19 80 70 75 -5 0 10 2.16 0.0 0 3.6 12 360 M M 8 13 16 110
20 83 70 77 -3 0 12 0.26 0.0 0 2.5 13 70 M M 6 12 16 60
21 88 72 80 0 0 15 0.05 0.0 0 2.0 10 20 M M 7 1 13 20
22 89 71 80 0 0 15 0.00 0.0 0 1.7 13 190 M M 5 1 16 180
23 90 70 80 0 0 15 0.00 0.0 0 2.2 9 10 M M 2 18 12 360
24 91 70 81 1 0 16 0.00 0.0 0 2.4 9 200 M M 3 128 12 300
25 93 73 83 3 0 18 0.00 0.0 0 3.6 14 140 M M 1 138 18 150
26 92 72 82 2 0 17 0.00 0.0 0 3.2 18 350 M M 0 13 24 360
27 92 72 82 2 0 17 0.01 0.0 0 3.3 13 180 M M 2 13 16 180
28 93 71 82 2 0 17 0.00 0.0 0 2.6 9 330 M M 0 1 15 330
29 93 69 81 1 0 16 0.00 0.0 0 3.0 12 290 M M 0 18 14 300
30 94 72 83 3 0 18 0.58 0.0 0 5.9 29 10 M M 2 138 37 360
31 93 74 84 4 0 19 0.00 0.0 0 4.7 13 290 M M 2 1 16 300
================================================================================
SM 2704 2152 0 418 8.81 0.0 146.0 M 116
================================================================================
AV 87.2 69.4 4.7 FASTST M M 4 MAX(MPH)
MISC ----> 30 210 41 190
================================================================================
NOTES:
# LAST OF SEVERAL OCCURRENCES
COLUMN 17 PEAK WIND IN M.P.H.
PRELIMINARY LOCAL CLIMATOLOGICAL DATA (WS FORM: F-6) , PAGE 2
STATION: DECATUR
MONTH: JULY
YEAR: 2021
LATITUDE: 34 39 N
LONGITUDE: 86 56 W
[TEMPERATURE DATA] [PRECIPITATION DATA] SYMBOLS USED IN COLUMN 16
AVERAGE MONTHLY: 78.3 TOTAL FOR MONTH: 8.81 1 = FOG OR MIST
DPTR FM NORMAL: -1.4 DPTR FM NORMAL: 4.86 2 = FOG REDUCING VISIBILITY
HIGHEST: 94 ON 30 GRTST 24HR 3.09 ON 18-19 TO 1/4 MILE OR LESS
LOWEST: 57 ON 4 3 = THUNDER
SNOW, ICE PELLETS, HAIL 4 = ICE PELLETS
TOTAL MONTH: 0.0 INCH 5 = HAIL
GRTST 24HR 0.0 6 = FREEZING RAIN OR DRIZZLE
GRTST DEPTH: 0 7 = DUSTSTORM OR SANDSTORM:
VSBY 1/2 MILE OR LESS
8 = SMOKE OR HAZE
[NO. OF DAYS WITH] [WEATHER - DAYS WITH] 9 = BLOWING SNOW
X = TORNADO
MAX 32 OR BELOW: 0 0.01 INCH OR MORE: 16
MAX 90 OR ABOVE: 10 0.10 INCH OR MORE: 9
MIN 32 OR BELOW: 0 0.50 INCH OR MORE: 5
MIN 0 OR BELOW: 0 1.00 INCH OR MORE: 3
[HDD (BASE 65) ]
TOTAL THIS MO. 0 CLEAR (SCALE 0-3) 17
DPTR FM NORMAL 0 PTCLDY (SCALE 4-7) 12
TOTAL FM JUL 1 0 CLOUDY (SCALE 8-10) 2
DPTR FM NORMAL 0
[CDD (BASE 65) ]
TOTAL THIS MO. 418
DPTR FM NORMAL -39 [PRESSURE DATA]
TOTAL FM JAN 1 930 HIGHEST SLP M ON M
DPTR FM NORMAL -141 LOWEST SLP 29.84 ON 2
[REMARKS]
#FINAL-07-21#