000
CXUS53 KDDC 011655
CLSDDC
CLIMATE REPORT
NATIONAL WEATHER SERVICE DODGE CITY KS
1143 AM CDT MON JUN 1 2020
...................................
...THE DODGE CITY KS CLIMATE SUMMARY FOR THE SEASON, FROM
3/1/2020 TO 5/31/2020...
CLIMATE NORMAL PERIOD 1981 TO 2010
CLIMATE RECORD PERIOD 1875 TO 2020
WEATHER OBSERVED NORMAL DEPART LAST YEAR`S
VALUE DATE(S) VALUE FROM VALUE DATE(S)
NORMAL
................................................................
TEMPERATURE (F)
RECORD
HIGH 106 05/29/2011
LOW -15 03/11/1948
HIGHEST 92 05/30 MM MM 90 04/21
05/01
LOWEST 20 04/04 MM MM -1 03/04
AVG. MAXIMUM 68.9 67.4 1.5 65.0
AVG. MINIMUM 41.2 40.9 0.3 39.3
MEAN 55.1 54.2 0.9 52.2
DAYS MAX >= 90 3 3.7 -0.7 1
DAYS MAX <= 32 0 1.4 -1.4 4
DAYS MIN <= 32 20 22.0 -2.0 26
DAYS MIN <= 0 0 0.1 -0.1 1
PRECIPITATION (INCHES)
RECORD
MAXIMUM 15.62 1881
MINIMUM 1.35 1893
TOTALS 3.77 6.26 -2.49 10.19
DAILY AVG. 0.04 0.07 -0.03 0.11
DAYS >= .01 23 22.5 0.5 26
DAYS >= .10 10 12.6 -2.6 15
DAYS >= .50 3 4.2 -1.2 8
DAYS >= 1.00 0 1.2 -1.2 3
GREATEST
24 HR. TOTAL 0.79 05/21 TO 05/22 05/20 TO 05/21
SNOWFALL (INCHES)
RECORDS
TOTAL 25.8 21970
24 HR TOTAL 13.3 03/16/1924
SNOW DEPTH 14 03/13/1999
14 03/26/1957
14 03/25/1957
TOTALS TR 6.0 -6.0 5.1
SINCE 7/1 13.2 21.1 -7.9 23.2
SNOWDEPTH AVG. 0 MM MM 0
DAYS >= TRACE 5 2.9 2.1 6
DAYS >= 1.0 0 1.6 -1.6 2
GREATEST
SNOW DEPTH 0 05/31 4 03/05
05/30 03/03
05/29 03/04
24 HR TOTAL TR 04/17 TO 04/17 03/02 TO 03/03
04/12 TO 04/12 03/03 TO 03/03
DEGREE_DAYS
HEATING TOTAL 971 1107 -136 1229
SINCE 7/1 4654 4954 -300 5312
COOLING TOTAL 82 109 -27 68
SINCE 1/1 82 109 -27 68
.................................................................
WIND (MPH)
AVERAGE WIND SPEED 13.5
RESULTANT WIND SPEED/DIRECTION 2/123
HIGHEST WIND SPEED/DIRECTION 49/300 DATE 03/28
HIGHEST GUST SPEED/DIRECTION 66/300 DATE 03/28
SKY COVER
POSSIBLE SUNSHINE (PERCENT) MM
AVERAGE SKY COVER 0.30
NUMBER OF DAYS FAIR 59
NUMBER OF DAYS PC 24
NUMBER OF DAYS CLOUDY 9
AVERAGE RH (PERCENT) 62
- INDICATES NEGATIVE NUMBERS.
R INDICATES RECORD WAS SET OR TIED.
MM INDICATES DATA IS MISSING.
T INDICATES TRACE AMOUNT.
$$