000
CXUS55 KBOU 010900
CF6DEN
PRELIMINARY LOCAL CLIMATOLOGICAL DATA (WS FORM: F-6)
STATION: DENVER CO
MONTH: JULY
YEAR: 2023
LATITUDE: 39 52 N
LONGITUDE: 104 40 W
TEMPERATURE IN F: :PCPN: SNOW: WIND :SUNSHINE: SKY :PK WND
================================================================================
1 2 3 4 5 6A 6B 7 8 9 10 11 12 13 14 15 16 17 18
12Z AVG MX 2MIN
DY MAX MIN AVG DEP HDD CDD WTR SNW DPTH SPD SPD DIR MIN PSBL S-S WX SPD DR
================================================================================
1 82 54 68 -5 0 3 0.00 0.0 0 5.8 14 20 M M 3 23 350
2 86 58 72 -1 0 7 0.00 0.0 0 7.8 14 30 M M 2 18 30
3 86 59 73 0 0 8 0.01 0.0 0 9.3 28 300 M M 3 3 45 300
4 78 54 66 -8 0 1 0.77 0.0 0 11.5 38 270 M M 8 135 54 280
5 71 54 63 -11 2 0 0.01 0.0 0 8.2 23 300 M M 10 123 28 300
6 79 57 68 -6 0 3 0.02 0.0 0 8.9 32 310 M M 8 1238 43 320
7 75 56 66 -8 0 1 0.12 0.0 0 8.5 23 60 M M 6 138 30 60
8 80 56 68 -6 0 3 0.00 0.0 0 13.5 32 30 M M 7 3 43 70
9 80 57 69 -6 0 4 0.00 0.0 0 8.7 17 140 M M 4 1 21 150
10 92 61 77 2 0 12 T 0.0 0 8.6 23 290 M M 3 32 290
11 93 64 79 4 0 14 0.00 0.0 0 8.4 15 170 M M 3 19 230
12 89 62 76 1 0 11 T 0.0 0 8.6 16 170 M M 4 3 21 160
13 93 61 77 2 0 12 0.00 0.0 0 9.6 22 200 M M 4 29 200
14 81 62 72 -3 0 7 T 0.0 0 10.5 25 20 M M 4 3 33 10
15 87 57 72 -4 0 7 0.00 0.0 0 9.3 24 30 M M 3 31 60
16 87 62 75 -1 0 10 0.00 0.0 0 9.9 18 210 M M 3 26 190
17 97 62 80 4 0 15 0.00 0.0 0 8.9 21 190 M M 4 28 190
18 97 68 83 7 0 18 T 0.0 0 10.6 26 180 M M 5 3 35 170
19 90 66 78 2 0 13 T 0.0 0 10.4 24 10 M M 8 32 360
20 79 58 69 -7 0 4 0.20 0.0 0 12.0 31 270 M M 7 123 44 260
21 84 52 68 -8 0 3 0.06 0.0 0 5.9 38 260 M M 4 123 49 300
22 90 57 74 -2 0 9 0.00 0.0 0 8.1 17 40 M M 2 27 20
23 97 57 77 1 0 12 T 0.0 0 11.2 32 270 M M 4 3 49 280
24 98 63 81 5 0 16 0.09 0.0 0 10.5 35 270 M M 5 38 44 270
25 98 65 82 6 0 17 0.13 0.0 0 9.3 26 310 M M 7 3 43 280
26 94 65 80 4 0 15 0.11 0.0 0 9.2 25 20 M M 6 3 32 20
27 95 63 79 3 0 14 T 0.0 0 10.9 28 240 M M 5 3 46 250
28 94 60 77 1 0 12 0.28 0.0 0 11.0 25 70 M M 5 38 34 80
29 91 61 76 0 0 11 0.00 0.0 0 10.0 17 310 M M 5 3 23 310
30 94 60 77 1 0 12 0.00 0.0 0 7.0 16 240 M M 5 22 260
31 90 63 77 2 0 12 0.30 0.0 0 8.0 28 290 M M 7 13 38 280
================================================================================
SM 2727 1854 2 286 2.10 0.0 290.1 M 154
================================================================================
AV 88.0 59.8 9.4 FASTST M M 5 MAX(MPH)
MISC ----> # 38 260 54 280
================================================================================
NOTES:
# LAST OF SEVERAL OCCURRENCES
COLUMN 17 PEAK WIND IN M.P.H.
PRELIMINARY LOCAL CLIMATOLOGICAL DATA (WS FORM: F-6) , PAGE 2
STATION: DENVER CO
MONTH: JULY
YEAR: 2023
LATITUDE: 39 52 N
LONGITUDE: 104 40 W
[TEMPERATURE DATA] [PRECIPITATION DATA] SYMBOLS USED IN COLUMN 16
AVERAGE MONTHLY: 73.9 TOTAL FOR MONTH: 2.10 1 = FOG OR MIST
DPTR FM NORMAL: -1.2 DPTR FM NORMAL: -0.04 2 = FOG REDUCING VISIBILITY
HIGHEST: 98 ON 25,24 GRTST 24HR 0.78 ON 4- 5 TO 1/4 MILE OR LESS
LOWEST: 52 ON 21 3 = THUNDER
SNOW, ICE PELLETS, HAIL 4 = ICE PELLETS
TOTAL MONTH: 0.0 INCH 5 = HAIL
GRTST 24HR 0.0 6 = FREEZING RAIN OR DRIZZLE
GRTST DEPTH: 0 7 = DUSTSTORM OR SANDSTORM:
VSBY 1/2 MILE OR LESS
8 = SMOKE OR HAZE
[NO. OF DAYS WITH] [WEATHER - DAYS WITH] 9 = BLOWING SNOW
X = TORNADO
MAX 32 OR BELOW: 0 0.01 INCH OR MORE: 12
MAX 90 OR ABOVE: 16 0.10 INCH OR MORE: 7
MIN 32 OR BELOW: 0 0.50 INCH OR MORE: 1
MIN 0 OR BELOW: 0 1.00 INCH OR MORE: 0
[HDD (BASE 65) ]
TOTAL THIS MO. 2 CLEAR (SCALE 0-3) 7
DPTR FM NORMAL -2 PTCLDY (SCALE 4-7) 23
TOTAL FM JUL 1 2 CLOUDY (SCALE 8-10) 1
DPTR FM NORMAL 2
[CDD (BASE 65) ]
TOTAL THIS MO. 286
DPTR FM NORMAL -29 [PRESSURE DATA]
TOTAL FM JAN 1 352 HIGHEST SLP M ON M
DPTR FM NORMAL -137 LOWEST SLP 29.71 ON 14
[REMARKS]
#FINAL-07-23#