000
CXUS53 KIWX 010910
CF6DFI
PRELIMINARY LOCAL CLIMATOLOGICAL DATA (WS FORM: F-6)
STATION: DEFIANCE MEMORIAL
MONTH: DECEMBER
YEAR: 2020
LATITUDE: 41 20 N
LONGITUDE: 84 26 W
TEMPERATURE IN F: :PCPN: SNOW: WIND :SUNSHINE: SKY :PK WND
================================================================================
1 2 3 4 5 6A 6B 7 8 9 10 11 12 13 14 15 16 17 18
12Z AVG MX 2MIN
DY MAX MIN AVG DEP HDD CDD WTR SNW DPTH SPD SPD DIR MIN PSBL S-S WX SPD DR
================================================================================
1 40 30 35 1 30 0 T M M 13.4 22 290 M M 7 32 300
2 47 31 39 5 26 0 0.00 M M 6.5 12 260 M M 0 18 220
3 42 26 34 1 31 0 0.00 M M 9.1 17 210 M M 1 26 220
4 49 33 41 8 24 0 0.00 M M 9.2 20 230 M M 4 33 230
5 37 22 30 -2 35 0 0.00 M M 5.3 14 340 M M 6 17 350
6 33 20 27 -5 38 0 0.00 M M 3.9 12 20 M M 5 15 30
7 36 24 30 -2 35 0 0.00 M M 4.8 10 20 M M 9 15 350
8 37 24 31 0 34 0 0.00 M M 6.1 14 220 M M 10 21 240
9 51 30 41 10 24 0 0.00 M M 7.1 18 230 M M 4 18 28 240
10 53 23 38 8 27 0 0.00 0.0 0 2.2 9 190 M M 4 128 13 180
11 58 31 45 15 20 0 0.00 M M 4.1 15 60 M M 1 18 23 70
12 59 40 50 20 15 0 0.25 M M 13.9 30 220 M M 9 18 48 220
13 42 35 39 9 26 0 0.00 M M 5.8 15 300 M M 10 22 300
14 37 21 29 0 36 0 0.00 M M 10.2 22 300 M M 8 29 310
15 31 17 24 -5 41 0 0.00 M M 5.4 14 80 M M 0 20 60
16 31 26 29 0 36 0 0.01 M M 8.8 15 90 M M 8 18 21 80
17 31 27 29 1 36 0 T M M 3.4 8 40 M M 10 18 10 20
18 36 27 32 4 33 0 0.00 M M 4.7 13 180 M M 5 18 19 170
19 40 30 35 7 30 0 T M M 9.7 16 180 M M 7 1 25 190
20 40 32 36 8 29 0 T M M 7.5 16 230 M M 7 18 25 230
21 43 33 38 11 27 0 T M M 8.1 17 300 M M 6 18 26 300
22 42 33 38 11 27 0 0.03 M M 6.9 17 310 M M 7 1 25 260
23 53 34 44 17 21 0 0.01 M M 15.9 30 190 M M 4 50 180
24 52 18 35 8 30 0 T M M 11.4 30 190 M M 10 46 180
25 22 16 19 -7 46 0 T M M 10.5 20 230 M M 10 36 270
26 32 16 24 -2 41 0 T M M 7.3 17 230 M M 5 31 240
27 49 15 32 6 33 0 0.06 M M 9.0 24 200 M M 3 36 190
28 47 24 36 10 29 0 T M M 8.7 21 260 M M 9 36 230
29 34 17 26 0 39 0 0.01 M M 5.1 13 110 M M 2 1 20 130
30 47 31 39 13 26 0 0.20 M M 11.4 24 200 M M 9 1 35 200
31 33 29 31 5 34 0 0.00 M M 4.5 15 290 M M 10 22 290
================================================================================
SM 1284 815 959 0 0.57 0.0 239.9 M 190
================================================================================
AV 41.4 26.3 7.7 FASTST M M 6 MAX(MPH)
MISC ----> # 30 220 50 180
================================================================================
NOTES:
# LAST OF SEVERAL OCCURRENCES
COLUMN 17 PEAK WIND IN M.P.H.
PRELIMINARY LOCAL CLIMATOLOGICAL DATA (WS FORM: F-6) , PAGE 2
STATION: DEFIANCE MEMORIAL
MONTH: DECEMBER
YEAR: 2020
LATITUDE: 41 20 N
LONGITUDE: 84 26 W
[TEMPERATURE DATA] [PRECIPITATION DATA] SYMBOLS USED IN COLUMN 16
AVERAGE MONTHLY: 33.9 TOTAL FOR MONTH: 0.57 1 = FOG OR MIST
DPTR FM NORMAL: 4.9 DPTR FM NORMAL: -1.07 2 = FOG REDUCING VISIBILITY
HIGHEST: 59 ON 12 GRTST 24HR 0.25 ON 12-12 TO 1/4 MILE OR LESS
LOWEST: 15 ON 27 3 = THUNDER
SNOW, ICE PELLETS, HAIL 4 = ICE PELLETS
TOTAL MONTH: 0.0 INCH 5 = HAIL
GRTST 24HR 0.0 6 = FREEZING RAIN OR DRIZZLE
GRTST DEPTH: 0 7 = DUSTSTORM OR SANDSTORM:
VSBY 1/2 MILE OR LESS
8 = SMOKE OR HAZE
[NO. OF DAYS WITH] [WEATHER - DAYS WITH] 9 = BLOWING SNOW
X = TORNADO
MAX 32 OR BELOW: 5 0.01 INCH OR MORE: 7
MAX 90 OR ABOVE: 0 0.10 INCH OR MORE: 2
MIN 32 OR BELOW: 25 0.50 INCH OR MORE: 0
MIN 0 OR BELOW: 0 1.00 INCH OR MORE: 0
[HDD (BASE 65) ]
TOTAL THIS MO. 959 CLEAR (SCALE 0-3) 6
DPTR FM NORMAL -155 PTCLDY (SCALE 4-7) 15
TOTAL FM JUL 1 1975 CLOUDY (SCALE 8-10) 10
DPTR FM NORMAL -395
[CDD (BASE 65) ]
TOTAL THIS MO. 0
DPTR FM NORMAL 0 [PRESSURE DATA]
TOTAL FM JAN 1 1056 HIGHEST SLP 30.61 ON 29
DPTR FM NORMAL 357 LOWEST SLP 29.54 ON 24
[REMARKS]
#FINAL-12-20#