826
CXUS54 KFWD 062107
CF6DFW
PRELIMINARY LOCAL CLIMATOLOGICAL DATA (WS FORM: F-6)
STATION: DALLAS FORT WORTH
MONTH: APRIL
YEAR: 2020
LATITUDE: 32 54 N
LONGITUDE: 97 2 W
TEMPERATURE IN F: :PCPN: SNOW: WIND :SUNSHINE: SKY :PK WND
================================================================================
1 2 3 4 5 6A 6B 7 8 9 10 11 12 13 14 15 16 17 18
12Z AVG MX 2MIN
DY MAX MIN AVG DEP HDD CDD WTR SNW DPTH SPD SPD DIR MIN PSBL S-S WX SPD DR
================================================================================
1 72 48 60 -2 5 0 0.00 0.0 0 10.3 21 170 M M 8 1 28 140
2 69 58 64 2 1 0 0.12 0.0 0 13.8 23 150 M M 9 13 31 150
3 66 40 53 -9 12 0 0.11 0.0 0 13.8 29 330 M M 10 1 34 340
4 48 40 44 -19 21 0 0.15 0.0 0 9.3 17 360 M M 9 13 22 360
5 65 47 56 -7 9 0 T 0.0 0 6.1 12 160 M M 10 1 15 150
6 71 59 65 2 0 0 T 0.0 0 7.2 20 150 M M 10 1 25 150
7 88 65 77 14 0 12 0.00 0.0 0 11.3 18 230 M M 8 1 26 230
8 97 71 84 20 0 19 0.00 0.0 0 11.3 23 240 M M 7 33 240
9 79 61 70 6 0 5 T 0.0 0 8.7 21 30 M M 9 28 40
10 73 54 64 0 1 0 0.00 0.0 0 9.6 16 70 M M 4 22 70
11 70 57 64 0 1 0 0.07 0.0 0 12.0 28 180 M M 8 13 35 180
12 82 46 64 -1 1 0 0.49 0.0 0 16.0 33 330 M M 7 138 42 330
13 56 39 48 -17 17 0 0.00 0.0 0 16.1 30 350 M M 4 37 350
14 55 42 49 -16 16 0 0.00 0.0 0 13.2 22 10 M M 8 29 20
15 65 38 52 -13 13 0 0.00 0.0 0 4.8 13 340 M M 2 17 170
16 74 46 60 -6 5 0 0.00 0.0 0 14.2 25 170 M M 1 37 170
17 65 47 56 -10 9 0 0.00 0.0 0 11.9 23 320 M M 9 29 330
18 69 41 55 -11 10 0 T 0.0 0 7.8 15 170 M M 7 3 20 160
19 84 59 72 6 0 7 0.10 0.0 0 9.8 24 320 M M 7 13 30 320
20 76 52 64 -3 1 0 0.00 0.0 0 4.4 10 140 M M 7 1 15 80
21 85 59 72 5 0 7 0.00 0.0 0 10.9 26 170 M M 6 35 170
22 90 65 78 11 0 13 0.01 0.0 0 14.3 25 320 M M 7 1 39 220
23 84 59 72 4 0 7 0.00 0.0 0 9.7 17 330 M M 2 23 340
24 91 63 77 9 0 12 0.00 0.0 0 15.4 31 320 M M 3 40 320
25 79 56 68 0 0 3 0.00 0.0 0 11.5 30 350 M M 4 36 350
26 84 52 68 0 0 3 0.00 0.0 0 7.4 17 140 M M 5 23 150
27 85 63 74 5 0 9 0.00 0.0 0 18.2 30 170 M M 7 41 180
28 89 65 77 8 0 12 0.85 0.0 0 16.8 39 310 M M 7 13 58 320
29 80 62 71 2 0 6 0.00 0.0 0 15.3 31 330 M M 3 43 340
30 82 51 67 -2 0 2 0.00 0.0 0 6.2 14 130 M M 3 18 150
================================================================================
SM 2273 1605 122 117 1.90 0.0 337.3 M 191
================================================================================
AV 75.8 53.5 11.2 FASTST M M 6 MAX(MPH)
MISC ----> # 39 310 # 58 320
================================================================================
NOTES:
# LAST OF SEVERAL OCCURRENCES
COLUMN 17 PEAK WIND IN M.P.H.
PRELIMINARY LOCAL CLIMATOLOGICAL DATA (WS FORM: F-6) , PAGE 2
STATION: DALLAS FORT WORTH
MONTH: APRIL
YEAR: 2020
LATITUDE: 32 54 N
LONGITUDE: 97 2 W
[TEMPERATURE DATA] [PRECIPITATION DATA] SYMBOLS USED IN COLUMN 16
AVERAGE MONTHLY: 64.6 TOTAL FOR MONTH: 1.90 1 = FOG OR MIST
DPTR FM NORMAL: -0.9 DPTR FM NORMAL: -1.17 2 = FOG REDUCING VISIBILITY
HIGHEST: 97 ON 8 GRTST 24HR 0.85 ON 28-28 TO 1/4 MILE OR LESS
LOWEST: 38 ON 15 3 = THUNDER
SNOW, ICE PELLETS, HAIL 4 = ICE PELLETS
TOTAL MONTH: 0.0 INCH 5 = HAIL
GRTST 24HR 0.0 6 = FREEZING RAIN OR DRIZZLE
GRTST DEPTH: 0 7 = DUSTSTORM OR SANDSTORM:
VSBY 1/2 MILE OR LESS
8 = SMOKE OR HAZE
[NO. OF DAYS WITH] [WEATHER - DAYS WITH] 9 = BLOWING SNOW
X = TORNADO
MAX 32 OR BELOW: 0 0.01 INCH OR MORE: 8
MAX 90 OR ABOVE: 3 0.10 INCH OR MORE: 6
MIN 32 OR BELOW: 0 0.50 INCH OR MORE: 1
MIN 0 OR BELOW: 0 1.00 INCH OR MORE: 0
[HDD (BASE 65) ]
TOTAL THIS MO. 122 CLEAR (SCALE 0-3) 6
DPTR FM NORMAL 39 PTCLDY (SCALE 4-7) 15
TOTAL FM JUL 1 2096 CLOUDY (SCALE 8-10) 9
DPTR FM NORMAL -180
[CDD (BASE 65) ]
TOTAL THIS MO. 117
DPTR FM NORMAL 18 [PRESSURE DATA]
TOTAL FM JAN 1 205 HIGHEST SLP 30.31 ON 14
DPTR FM NORMAL 67 LOWEST SLP 29.45 ON 12
[REMARKS]
EDITED WX ON 23RD
#FINAL-04-20#