000
CXUS54 KFWD 010734
CLMDFW
CLIMATE REPORT
NATIONAL WEATHER SERVICE FORT WORTH TX
234 AM CDT WED NOV 01 2023
...................................
...THE DALLAS/FORT WORTH CLIMATE SUMMARY FOR THE MONTH OF OCTOBER 2023...
CLIMATE NORMAL PERIOD 1991 TO 2020
CLIMATE RECORD PERIOD 1898 TO 2023
WEATHER OBSERVED NORMAL DEPART LAST YEAR`S
VALUE DATE(S) VALUE FROM VALUE DATE(S)
NORMAL
................................................................
TEMPERATURE (F)
RECORD
HIGH 106 10/03/1951
LOW 24 10/30/1917
HIGHEST 96 10/04 92 4 95 10/12
LOWEST 34 10/31 41 -7 42 10/19
AVG. MAXIMUM 79.4 78.4 1.0 80.7
AVG. MINIMUM 59.1 57.1 2.0 57.5
MEAN 69.2 67.7 1.5 69.1
DAYS MAX >= 90 6 3.6 2.4 3
DAYS MAX <= 32 0 0.0 0.0 0
DAYS MAX >= 100 0 0
DAYS MIN <= 32 0 0.1 -0.1 0
DAYS MIN <= 0 0 0.0 0.0 0
DAYS MIN >= 80 0 0
PRECIPITATION (INCHES)
RECORD
MAXIMUM 15.66 2018
MINIMUM T 1975
TOTALS 9.63 4.37 5.26 4.43
DAILY AVG. 0.31 0.14 0.17 0.14
DAYS >= .01 10 7.1 2.9 4
DAYS >= .10 9 4.8 4.2 3
DAYS >= .50 7 2.8 4.2 2
DAYS >= 1.00 4 1.5 2.5 2
GREATEST
24 HR. TOTAL 4.08 10/25 TO 10/26 2.30
SNOWFALL (INCHES)
RECORDS
TOTAL T 1993
24 HR TOTAL T 10/29/1993 TO 10/29/1993
10/28/1925 TO 10/28/1925
TOTALS 0.0 0.0 0.0 0.0
SINCE 7/1 0.0 0.0 0.0 MM
SNOWDEPTH AVG. 0 0
DAYS >= TRACE 0 0
DAYS >= 1.0 0 0.0 0.0 0
GREATEST
SNOW DEPTH 0 0 MM
24 HR TOTAL MM MM
DEGREE DAYS
HEATING TOTAL 81 69 12 43
SINCE 7/1 81 72 9 MM
COOLING TOTAL 222 154 68 180
SINCE 1/1 3532 2792 740 MM
................................................................
WIND (MPH)
AVERAGE WIND SPEED 10.7
HIGHEST WIND SPEED/DIRECTION 35/010 DATE 10/04
HIGHEST GUST SPEED/DIRECTION 47/010 DATE 10/04
SKY COVER
POSSIBLE SUNSHINE (PERCENT) MM
AVERAGE SKY COVER 0.50
NUMBER OF DAYS FAIR 13
NUMBER OF DAYS PC 9
NUMBER OF DAYS CLOUDY 9
AVERAGE RH (PERCENT) 62
WEATHER CONDITIONS. NUMBER OF DAYS WITH
THUNDERSTORM 4 MIXED PRECIP 0
HEAVY RAIN 8 RAIN 8
LIGHT RAIN 10 FREEZING RAIN 0
LT FREEZING RAIN 0 HAIL 0
HEAVY SNOW 0 SNOW 0
LIGHT SNOW 0 SLEET 0
FOG 10 FOG W/VIS <= 1/4 MILE 0
HAZE 2
- INDICATES NEGATIVE NUMBERS.
R INDICATES RECORD WAS SET OR TIED.
MM INDICATES DATA IS MISSING.
T INDICATES TRACE AMOUNT.
$$