000
CXUS55 KCYS 020303
CF6DGW
PRELIMINARY LOCAL CLIMATOLOGICAL DATA (WS FORM: F-6)
STATION: CONVERSE CO (DOUGLAS) WY ARPT
MONTH: MAY
YEAR: 2023
LATITUDE: 42 46 N
LONGITUDE: 105 22 W
TEMPERATURE IN F: :PCPN: SNOW: WIND :SUNSHINE: SKY :PK WND
================================================================================
1 2 3 4 5 6A 6B 7 8 9 10 11 12 13 14 15 16 17 18
12Z AVG MX 2MIN
DY MAX MIN AVG DEP HDD CDD WTR SNW DPTH SPD SPD DIR MIN PSBL S-S WX SPD DR
================================================================================
1 71 34 53 6 12 0 0.00 M M 10.4 18 100 M M 0 25 130
2 74 37 56 9 9 0 0.00 M M 17.6 31 130 M M 0 40 130
3 82 38 60 12 5 0 0.00 M M 9.1 25 60 M M 0 33 60
4 77 38 58 10 7 0 0.01 M M 9.1 35 240 M M 2 3 50 240
5 75 41 58 10 7 0 0.00 M M 8.3 24 170 M M 3 37 160
6 67 32 50 1 15 0 0.00 M M 11.2 31 260 M M 2 46 240
7 69 31 50 1 15 0 0.00 M M 11.0 30 270 M M 1 37 270
8 72 33 53 3 12 0 0.01 M M 8.3 23 290 M M 2 34 280
9 74 42 58 8 7 0 0.02 M M 8.8 28 160 M M 1 37 150
10 73 48 61 11 4 0 0.12 M M 16.7 41 150 M M 2 13 55 150
11 55 48 52 1 13 0 1.05 M M 15.7 29 350 M M 10 1 39 340
12 50 46 48 -3 17 0 0.59 M M 19.0 30 340 M M 10 1 42 340
13 52 45 49 -3 16 0 0.14 M M 14.7 26 340 M M 10 1 35 340
14 52 46 49 -3 16 0 0.10 M M 10.2 18 90 M M 10 1 24 80
15 64 47 56 4 9 0 0.00 M M 14.0 23 150 M M 6 1 32 170
16 72 41 57 4 8 0 0.15 M M 6.1 22 320 M M 3 123 34 320
17 72 43 58 5 7 0 0.00 M M 8.0 22 360 M M 2 18 28 350
18 63 48 56 2 9 0 0.44 M M 6.2 17 10 M M 9 18 22 10
19 66 41 54 0 11 0 0.00 M M 6.3 14 120 M M 2 18 18 70
20 77 41 59 5 6 0 0.00 M M 5.6 13 50 M M 0 18 19 310
21 78 44 61 6 4 0 0.00 M M 5.3 13 70 M M 2 16 90
22 80 45 63 8 2 0 0.00 M M 7.3 20 130 M M 0 18 25 130
23 81 46 64 8 1 0 0.00 M M 5.1 16 290 M M 0 18 26 290
24 78 51 65 9 0 0 0.00 M M 9.5 28 190 M M 0 38 40 190
25 77 50 64 8 1 0 0.00 M M 10.5 26 150 M M 1 38 190
26 76 47 62 5 3 0 0.29 M M 14.5 30 150 M M 1 3 41 150
27 70 45 58 1 7 0 0.06 M M 8.0 25 270 M M 2 13 31 270
28 76 45 61 3 4 0 T M M 8.7 23 20 M M 1 31 310
29 76 45 61 3 4 0 T M M 10.3 30 310 M M 1 41 300
30 80 43 62 4 3 0 0.18 M M 6.0 41 250 M M 2 3 64 240
31 80 45 63 5 2 0 0.04 M M 9.2 30 140 M M 0 39 130
================================================================================
SM 2209 1326 236 0 3.20 M 310.7 M 85
================================================================================
AV 71.3 42.8 10.0 FASTST M M 3 MAX(MPH)
MISC ----> # 41 150 64 240
================================================================================
NOTES:
# LAST OF SEVERAL OCCURRENCES
COLUMN 17 PEAK WIND IN M.P.H.
PRELIMINARY LOCAL CLIMATOLOGICAL DATA (WS FORM: F-6) , PAGE 2
STATION: CONVERSE CO (DOUGLAS) WY ARPT
MONTH: MAY
YEAR: 2023
LATITUDE: 42 46 N
LONGITUDE: 105 22 W
[TEMPERATURE DATA] [PRECIPITATION DATA] SYMBOLS USED IN COLUMN 16
AVERAGE MONTHLY: 57.0 TOTAL FOR MONTH: 3.20 1 = FOG OR MIST
DPTR FM NORMAL: 4.1 DPTR FM NORMAL: 0.88 2 = FOG REDUCING VISIBILITY
HIGHEST: 82 ON 3 GRTST 24HR 1.16 ON 10-11 TO 1/4 MILE OR LESS
LOWEST: 31 ON 7 3 = THUNDER
SNOW, ICE PELLETS, HAIL 4 = ICE PELLETS
TOTAL MONTH: M 5 = HAIL
GRTST 24HR M ON M 6 = FREEZING RAIN OR DRIZZLE
GRTST DEPTH: M ON M 7 = DUSTSTORM OR SANDSTORM:
VSBY 1/2 MILE OR LESS
8 = SMOKE OR HAZE
[NO. OF DAYS WITH] [WEATHER - DAYS WITH] 9 = BLOWING SNOW
X = TORNADO
MAX 32 OR BELOW: 0 0.01 INCH OR MORE: 14
MAX 90 OR ABOVE: 0 0.10 INCH OR MORE: 9
MIN 32 OR BELOW: 2 0.50 INCH OR MORE: 2
MIN 0 OR BELOW: 0 1.00 INCH OR MORE: 1
[HDD (BASE 65) ]
TOTAL THIS MO. 236 CLEAR (SCALE 0-3) 25
DPTR FM NORMAL -147 PTCLDY (SCALE 4-7) 1
TOTAL FM JUL 1 7644 CLOUDY (SCALE 8-10) 5
DPTR FM NORMAL 447
[CDD (BASE 65) ]
TOTAL THIS MO. 0
DPTR FM NORMAL -7 [PRESSURE DATA]
TOTAL FM JAN 1 0 HIGHEST SLP 30.53 ON 14
DPTR FM NORMAL -7 LOWEST SLP 29.62 ON 5
[REMARKS]
#FINAL-05-23#