000
CXUS54 KAMA 010710
CF6DHT
PRELIMINARY LOCAL CLIMATOLOGICAL DATA (WS FORM: F-6)
STATION: DALHART
MONTH: SEPTEMBER
YEAR: 2022
LATITUDE: 36 1 N
LONGITUDE: 102 33 W
TEMPERATURE IN F: :PCPN: SNOW: WIND :SUNSHINE: SKY :PK WND
================================================================================
1 2 3 4 5 6A 6B 7 8 9 10 11 12 13 14 15 16 17 18
12Z AVG MX 2MIN
DY MAX MIN AVG DEP HDD CDD WTR SNW DPTH SPD SPD DIR MIN PSBL S-S WX SPD DR
================================================================================
1 92 58 75 1 0 10 0.00 M M 7.9 18 220 M M 1 1 27 190
2 97 58 78 4 0 13 0.00 M M 9.6 37 50 M M 0 8 49 50
3 88 61 75 1 0 10 0.42 M M 9.5 37 30 M M 1 138 48 20
4 92 59 76 2 0 11 0.00 M M 6.4 15 220 M M 0 20 230
5 94 56 75 2 0 10 0.00 M M 6.5 18 210 M M 0 26 210
6 95 58 77 4 0 12 0.00 M M 5.4 14 130 M M 0 18 19 140
7 96 58 77 4 0 12 0.00 M M 5.7 14 110 M M 0 8 19 140
8 96 55 76 4 0 11 0.00 M M 8.6 16 200 M M 0 22 170
9 90 54 72 0 0 7 0.00 M M 8.4 29 30 M M 1 37 30
10 65 53 59 -13 6 0 0.02 M M 15.3 23 20 M M 8 1 35 20
11 72 51 62 -9 3 0 0.01 M M 7.2 15 210 M M 7 13 20 180
12 88 47 68 -3 0 3 0.00 M M 6.7 14 210 M M 0 18 25 220
13 93 48 71 0 0 6 0.00 M M 10.0 21 180 M M 1 29 180
14 84 58 71 1 0 6 T M M 16.3 35 160 M M 1 44 160
15 93 62 78 8 0 13 0.00 M M 15.5 26 230 M M 0 37 200
16 94 55 75 5 0 10 0.00 M M 10.4 23 210 M M 1 31 220
17 96 60 78 9 0 13 0.00 M M 14.6 26 230 M M 0 36 190
18 96 59 78 9 0 13 0.00 M M 11.5 18 190 M M 1 28 170
19 93 65 79 11 0 14 0.00 M M 15.5 26 190 M M 1 46 180
20 94 63 79 11 0 14 0.00 M M 14.1 22 170 M M 0 32 220
21 95 59 77 9 0 12 0.00 M M 15.0 30 360 M M 2 38 30
22 76 53 65 -2 0 0 0.00 M M 11.1 22 30 M M 6 8 30 20
23 93 50 72 5 0 7 0.00 M M 12.3 29 230 M M 1 40 260
24 88 59 74 8 0 9 0.00 M M 12.4 23 40 M M 0 35 20
25 82 57 70 4 0 5 0.00 M M 12.7 25 50 M M 0 33 40
26 85 50 68 2 0 3 0.00 M M 10.1 24 220 M M 0 8 33 210
27 89 49 69 4 0 4 0.00 M M 6.8 14 80 M M 0 8 21 80
28 89 52 71 6 0 6 T M M 8.7 20 190 M M 1 8 27 110
29 90 51 71 7 0 6 0.00 M M 12.1 29 210 M M 0 8 36 200
30 86 51 69 5 0 4 0.00 M M 14.5 29 210 M M 0 8 37 210
================================================================================
SM 2681 1669 9 244 0.45 M 320.8 M 33
================================================================================
AV 89.4 55.6 10.7 FASTST M M 1 MAX(MPH)
MISC ----> # 37 50 49 50
================================================================================
NOTES:
# LAST OF SEVERAL OCCURRENCES
COLUMN 17 PEAK WIND IN M.P.H.
PRELIMINARY LOCAL CLIMATOLOGICAL DATA (WS FORM: F-6) , PAGE 2
STATION: DALHART
MONTH: SEPTEMBER
YEAR: 2022
LATITUDE: 36 1 N
LONGITUDE: 102 33 W
[TEMPERATURE DATA] [PRECIPITATION DATA] SYMBOLS USED IN COLUMN 16
AVERAGE MONTHLY: 72.5 TOTAL FOR MONTH: 0.45 1 = FOG OR MIST
DPTR FM NORMAL: 3.0 DPTR FM NORMAL: -0.84 2 = FOG REDUCING VISIBILITY
HIGHEST: 97 ON 2 GRTST 24HR 0.42 ON 3- 3 TO 1/4 MILE OR LESS
LOWEST: 47 ON 12 3 = THUNDER
SNOW, ICE PELLETS, HAIL 4 = ICE PELLETS
TOTAL MONTH: M 5 = HAIL
GRTST 24HR M ON M 6 = FREEZING RAIN OR DRIZZLE
GRTST DEPTH: M ON M 7 = DUSTSTORM OR SANDSTORM:
VSBY 1/2 MILE OR LESS
8 = SMOKE OR HAZE
[NO. OF DAYS WITH] [WEATHER - DAYS WITH] 9 = BLOWING SNOW
X = TORNADO
MAX 32 OR BELOW: 0 0.01 INCH OR MORE: 3
MAX 90 OR ABOVE: 18 0.10 INCH OR MORE: 1
MIN 32 OR BELOW: 0 0.50 INCH OR MORE: 0
MIN 0 OR BELOW: 0 1.00 INCH OR MORE: 0
[HDD (BASE 65) ]
TOTAL THIS MO. 9 CLEAR (SCALE 0-3) 27
DPTR FM NORMAL -30 PTCLDY (SCALE 4-7) 3
TOTAL FM JUL 1 9 CLOUDY (SCALE 8-10) 0
DPTR FM NORMAL -28
[CDD (BASE 65) ]
TOTAL THIS MO. 244
DPTR FM NORMAL 68 [PRESSURE DATA]
TOTAL FM JAN 1 1636 HIGHEST SLP M ON M
DPTR FM NORMAL 253 LOWEST SLP 29.67 ON 9
[REMARKS]
#FINAL-09-22#