000
CXUS54 KAMA 010710
CF6DHT
PRELIMINARY LOCAL CLIMATOLOGICAL DATA (WS FORM: F-6)
STATION: DALHART
MONTH: MAY
YEAR: 2022
LATITUDE: 36 1 N
LONGITUDE: 102 33 W
TEMPERATURE IN F: :PCPN: SNOW: WIND :SUNSHINE: SKY :PK WND
================================================================================
1 2 3 4 5 6A 6B 7 8 9 10 11 12 13 14 15 16 17 18
12Z AVG MX 2MIN
DY MAX MIN AVG DEP HDD CDD WTR SNW DPTH SPD SPD DIR MIN PSBL S-S WX SPD DR
================================================================================
1 80 46 63 4 2 0 0.48 M M 16.3 37 170 M M 2 138 54 110
2 78 42 60 0 5 0 0.00 M M 18.4 35 20 M M 3 18 44 20
3 71 37 54 -6 11 0 0.00 M M 12.7 29 160 M M 4 8 37 160
4 84 47 66 6 0 1 T M M 18.6 33 10 M M 2 18 50 20
5 74 37 56 -5 9 0 0.00 M M 6.7 23 350 M M 2 30 340
6 86 43 65 4 0 0 0.00 M M 5.8 12 210 M M 0 M M
7 98 50 74 13 0 9 0.00 M M 9.8 10 200 M M 0 M M
8 96 57 77 15 0 12 0.00 M M 16.6 36 210 M M 0 48 210
9 94 62 78 16 0 13 0.00 M M 22.4 39 220 M M M 61 230
10 98 45 72 10 0 7 0.00 M M 14.4 47 190 M M M 66 190
11 95 58 77 14 0 12 0.28 M M 20.0 51 180 M M M 76 190
12 92 58 75 12 0 10 0.00 M M 19.1 33 250 M M 0 8 44 240
13 80 50 65 1 0 0 0.00 M M 10.0 22 60 M M 0 8 29 20
14 91 50 71 7 0 6 0.00 M M 6.1 15 360 M M M 8 21 10
15 88 51 70 6 0 5 0.00 M M 14.7 30 20 M M M 41 50
16 87 51 69 4 0 4 0.31 M M 11.4 58 220 M M 2 138 73 230
17 96 54 75 10 0 10 0.00 M M 10.7 28 220 M M 0 18 34 220
18 86 60 73 7 0 8 0.00 M M 17.3 41 360 M M 1 38 55 360
19 97 52 75 9 0 10 0.00 M M 14.7 32 230 M M 0 18 39 230
20 75 47 61 -6 4 0 0.00 M M 19.2 37 20 M M 0 8 49 20
21 56 42 49 -18 16 0 0.00 M M 19.5 32 20 M M 7 43 20
22 69 40 55 -12 10 0 0.00 M M 11.9 24 170 M M 5 32 160
23 75 47 61 -7 4 0 0.52 M M 17.0 30 130 M M 5 138 39 110
24 53 46 50 -18 15 0 0.63 M M 17.5 30 360 M M 9 1 38 350
25 70 42 56 -12 9 0 0.00 M M 14.8 29 360 M M 2 1 39 340
26 84 46 65 -4 0 0 0.00 M M 8.5 15 110 M M 0 21 360
27 97 50 74 5 0 9 0.00 M M 15.4 32 210 M M 0 8 40 190
28 99 58 79 9 0 14 0.00 M M 16.2 35 210 M M 0 8 45 230
29 94 56 75 5 0 10 0.00 M M 22.4 44 230 M M 0 8 58 240
30 88 57 73 3 0 8 0.00 M M 14.7 35 220 M M 0 8 48 210
31 80 55 68 -3 0 3 0.00 0.0 M 15.9 31 20 M M 0 8 39 30
================================================================================
SM 2611 1536 85 151 2.22 0.0 458.7 M 44
================================================================================
AV 84.2 49.5 14.8 FASTST M M 2 MAX(MPH)
MISC ----> 58 220 76 190
================================================================================
NOTES:
# LAST OF SEVERAL OCCURRENCES
COLUMN 17 PEAK WIND IN M.P.H.
PRELIMINARY LOCAL CLIMATOLOGICAL DATA (WS FORM: F-6) , PAGE 2
STATION: DALHART
MONTH: MAY
YEAR: 2022
LATITUDE: 36 1 N
LONGITUDE: 102 33 W
[TEMPERATURE DATA] [PRECIPITATION DATA] SYMBOLS USED IN COLUMN 16
AVERAGE MONTHLY: 66.9 TOTAL FOR MONTH: 2.22 1 = FOG OR MIST
DPTR FM NORMAL: 2.0 DPTR FM NORMAL: 0.53 2 = FOG REDUCING VISIBILITY
HIGHEST: 99 ON 28 GRTST 24HR 1.15 ON 23-24 TO 1/4 MILE OR LESS
LOWEST: 37 ON 5, 3 3 = THUNDER
SNOW, ICE PELLETS, HAIL 4 = ICE PELLETS
TOTAL MONTH: 0.0 INCH 5 = HAIL
GRTST 24HR 0.0 6 = FREEZING RAIN OR DRIZZLE
GRTST DEPTH: M ON M 7 = DUSTSTORM OR SANDSTORM:
VSBY 1/2 MILE OR LESS
8 = SMOKE OR HAZE
[NO. OF DAYS WITH] [WEATHER - DAYS WITH] 9 = BLOWING SNOW
X = TORNADO
MAX 32 OR BELOW: 0 0.01 INCH OR MORE: 5
MAX 90 OR ABOVE: 12 0.10 INCH OR MORE: 5
MIN 32 OR BELOW: 0 0.50 INCH OR MORE: 2
MIN 0 OR BELOW: 0 1.00 INCH OR MORE: 0
[HDD (BASE 65) ]
TOTAL THIS MO. 85 CLEAR (SCALE 0-3) 21
DPTR FM NORMAL -12 PTCLDY (SCALE 4-7) 4
TOTAL FM JUL 1 4208 CLOUDY (SCALE 8-10) 6
DPTR FM NORMAL -153
[CDD (BASE 65) ]
TOTAL THIS MO. 151
DPTR FM NORMAL 55 [PRESSURE DATA]
TOTAL FM JAN 1 180 HIGHEST SLP M ON M
DPTR FM NORMAL 73 LOWEST SLP 29.22 ON 29
[REMARKS]
#FINAL-05-22#