000
CXUS54 KAMA 010710
CF6DHT
PRELIMINARY LOCAL CLIMATOLOGICAL DATA (WS FORM: F-6)
STATION: DALHART
MONTH: AUGUST
YEAR: 2021
LATITUDE: 36 1 N
LONGITUDE: 102 33 W
TEMPERATURE IN F: :PCPN: SNOW: WIND :SUNSHINE: SKY :PK WND
================================================================================
1 2 3 4 5 6A 6B 7 8 9 10 11 12 13 14 15 16 17 18
12Z AVG MX 2MIN
DY MAX MIN AVG DEP HDD CDD WTR SNW DPTH SPD SPD DIR MIN PSBL S-S WX SPD DR
================================================================================
1 74 61 68 -11 0 3 0.34 0.0 0 11.2 22 60 M M 8 138 30 10
2 81 57 69 -10 0 4 0.00 0.0 0 6.1 12 160 M M 0 18 17 140
3 86 56 71 -7 0 6 0.00 0.0 0 10.5 21 170 M M 4 8 27 170
4 72 63 68 -10 0 3 0.04 0.0 0 5.4 17 290 M M 9 18 23 290
5 93 54 74 -4 0 9 0.00 0.0 0 5.7 15 350 M M 2 18 22 360
6 100 57 79 1 0 14 0.00 0.0 0 10.4 21 180 M M 0 18 32 220
7 100 64 82 4 0 17 0.11 0.0 0 11.3 29 20 M M 1 3 42 260
8 90 63 77 -1 0 12 0.00 0.0 0 8.8 15 60 M M 0 8 20 80
9 104 60 82 4 0 17 0.00 0.0 0 9.7 24 210 M M 0 18 36 170
10 102 66 84 6 0 19 0.00 0.0 0 12.2 26 210 M M 0 35 180
11 100 64 82 4 0 17 0.00 0.0 0 10.0 22 170 M M 0 32 210
12 93 67 80 2 0 15 0.04 0.0 0 8.1 26 220 M M 1 3 37 220
13 82 62 72 -6 0 7 0.02 0.0 0 6.8 15 180 M M 3 1 20 180
14 89 58 74 -3 0 9 0.00 0.0 0 6.5 15 130 M M 1 28 100
15 92 56 74 -3 0 9 0.00 0.0 0 9.0 20 180 M M 0 8 28 210
16 89 60 75 -2 0 10 T 0.0 0 9.9 32 110 M M 1 3 42 130
17 89 54 72 -5 0 7 0.00 0.0 0 9.9 21 170 M M 0 29 180
18 92 63 78 1 0 13 0.00 0.0 0 15.0 26 160 M M 1 128 35 160
19 98 67 83 6 0 18 0.00 0.0 0 16.0 31 210 M M 0 1 42 190
20 97 64 81 4 0 16 0.00 0.0 0 11.2 21 240 M M 0 37 200
21 91 60 76 0 0 11 0.00 0.0 0 11.8 25 120 M M 2 34 120
22 97 64 81 5 0 16 0.00 0.0 0 15.5 30 170 M M 0 39 170
23 101 65 83 7 0 18 0.00 0.0 0 15.6 25 210 M M 0 42 250
24 103 63 83 7 0 18 0.00 0.0 0 10.6 18 200 M M 0 25 200
25 101 62 82 6 0 17 0.00 0.0 0 12.8 22 190 M M 0 35 140
26 97 62 80 4 0 15 0.00 0.0 0 14.2 25 180 M M 0 41 170
27 96 62 79 4 0 14 0.00 0.0 0 12.9 24 180 M M 1 32 190
28 97 67 82 7 0 17 0.00 0.0 0 15.1 25 180 M M 1 37 180
29 89 62 76 1 0 11 0.00 0.0 0 9.3 30 200 M M 1 8 37 210
30 92 61 77 2 0 12 0.00 0.0 0 8.9 24 150 M M 1 1 31 140
31 96 59 78 4 0 13 0.00 0.0 0 8.5 18 240 M M 0 28 220
================================================================================
SM 2883 1903 0 387 0.55 0.0 328.9 M 37
================================================================================
AV 93.0 61.4 10.6 FASTST M M 1 MAX(MPH)
MISC ----> 32 110 # 42 260
================================================================================
NOTES:
# LAST OF SEVERAL OCCURRENCES
COLUMN 17 PEAK WIND IN M.P.H.
PRELIMINARY LOCAL CLIMATOLOGICAL DATA (WS FORM: F-6) , PAGE 2
STATION: DALHART
MONTH: AUGUST
YEAR: 2021
LATITUDE: 36 1 N
LONGITUDE: 102 33 W
[TEMPERATURE DATA] [PRECIPITATION DATA] SYMBOLS USED IN COLUMN 16
AVERAGE MONTHLY: 77.2 TOTAL FOR MONTH: 0.55 1 = FOG OR MIST
DPTR FM NORMAL: 0.3 DPTR FM NORMAL: -1.61 2 = FOG REDUCING VISIBILITY
HIGHEST: 104 ON 9 GRTST 24HR 0.48 ON 31- 1 TO 1/4 MILE OR LESS
LOWEST: 54 ON 17, 5 3 = THUNDER
SNOW, ICE PELLETS, HAIL 4 = ICE PELLETS
TOTAL MONTH: 0.0 INCH 5 = HAIL
GRTST 24HR 0.0 6 = FREEZING RAIN OR DRIZZLE
GRTST DEPTH: 0 7 = DUSTSTORM OR SANDSTORM:
VSBY 1/2 MILE OR LESS
8 = SMOKE OR HAZE
[NO. OF DAYS WITH] [WEATHER - DAYS WITH] 9 = BLOWING SNOW
X = TORNADO
MAX 32 OR BELOW: 0 0.01 INCH OR MORE: 5
MAX 90 OR ABOVE: 22 0.10 INCH OR MORE: 2
MIN 32 OR BELOW: 0 0.50 INCH OR MORE: 0
MIN 0 OR BELOW: 0 1.00 INCH OR MORE: 0
[HDD (BASE 65) ]
TOTAL THIS MO. 0 CLEAR (SCALE 0-3) 28
DPTR FM NORMAL -1 PTCLDY (SCALE 4-7) 1
TOTAL FM JUL 1 0 CLOUDY (SCALE 8-10) 2
DPTR FM NORMAL 0
[CDD (BASE 65) ]
TOTAL THIS MO. 387
DPTR FM NORMAL 16 [PRESSURE DATA]
TOTAL FM JAN 1 1137 HIGHEST SLP M ON M
DPTR FM NORMAL -70 LOWEST SLP 29.63 ON 31
[REMARKS]
#FINAL-08-21#