822
CXUS53 KBIS 010930
CF6DIK
PRELIMINARY LOCAL CLIMATOLOGICAL DATA (WS FORM: F-6)
STATION: DICKINSON ND
MONTH: JANUARY
YEAR: 2021
LATITUDE: 46 47 N
LONGITUDE: 102 48 W
TEMPERATURE IN F: :PCPN: SNOW: WIND :SUNSHINE: SKY :PK WND
================================================================================
1 2 3 4 5 6A 6B 7 8 9 10 11 12 13 14 15 16 17 18
12Z AVG MX 2MIN
DY MAX MIN AVG DEP HDD CDD WTR SNW DPTH SPD SPD DIR MIN PSBL S-S WX SPD DR
================================================================================
1 47 21 34 18 31 0 0.00 M M 10.3 18 260 M M 0 23 260
2 49 23 36 20 29 0 0.00 M M 11.9 25 260 M M 1 31 260
3 50 24 37 21 28 0 0.00 M M 17.3 31 290 M M 2 42 300
4 46 21 34 18 31 0 0.00 M M 12.6 26 290 M M 0 33 290
5 42 23 33 17 32 0 0.00 M M 10.7 21 320 M M 7 30 320
6 45 17 31 15 34 0 0.00 M M 8.5 18 170 M M 0 1 22 180
7 35 21 28 12 37 0 0.00 M M 10.4 18 180 M M 6 1 22 160
8 33 26 30 14 35 0 0.00 M M 3.8 9 30 M M 10 128 10 30
9 31 28 30 14 35 0 0.00 M M 3.2 10 220 M M 10 1 14 220
10 44 22 33 17 32 0 0.00 M M 13.8 21 220 M M 3 26 230
11 47 25 36 20 29 0 0.00 M M 14.6 25 290 M M 0 30 280
12 53 31 42 26 23 0 0.00 M M 13.1 26 260 M M 0 31 260
13 55 31 43 27 22 0 T M M 20.2 51 290 M M 5 18 67 300
14 35 25 30 14 35 0 T M M 35.2 52 310 M M 7 18 77 300
15 32 15 24 8 41 0 0.00 M M 15.2 39 320 M M 5 54 320
16 44 14 29 13 36 0 0.00 M M 16.9 40 310 M M 2 50 300
17 36 17 27 11 38 0 T M M 5.9 16 280 M M 4 1 19 280
18 32 23 28 12 37 0 M M M 17.0 37 310 M M 10 18 52 310
19 31 19 25 9 40 0 M M M 16.3 32 320 M M 6 43 320
20 39 21 30 14 35 0 0.00 M M 22.0 39 280 M M 0 52 290
21 26 15 21 5 44 0 M M M 11.8 24 320 M M 7 35 330
22 31 7 19 2 46 0 0.00 M M 7.3 17 290 M M 3 20 280
23 31 7 19 2 46 0 0.00 M M 6.3 18 320 M M 6 23 340
24 28 -1 14 -3 51 0 0.00 M M 10.4 24 160 M M 5 1 28 160
25 21 2 12 -5 53 0 T M M 9.7 15 40 M M 10 18 19 40
26 9 -3 3 -14 62 0 T M M 9.2 14 120 M M 9 1 17 120
27 19 6 13 -4 52 0 T M M 13.3 21 150 M M 10 18 26 150
28 27 7 17 0 48 0 T M M 9.4 17 150 M M 4 18 21 130
29 23 11 17 0 48 0 0.00 M M 12.4 21 150 M M 7 1 25 150
30 24 10 17 0 48 0 T M M 7.5 17 310 M M 8 18 22 330
31 43 13 28 10 37 0 0.00 M M 6.5 13 270 M M 5 128 15 280
================================================================================
SM 1108 521 1195 0 T M 382.7 M 152
================================================================================
AV 35.7 16.8 12.3 FASTST M M 5 MAX(MPH)
MISC ----> 52 310 77 300
================================================================================
NOTES:
# LAST OF SEVERAL OCCURRENCES
COLUMN 17 PEAK WIND IN M.P.H.
PRELIMINARY LOCAL CLIMATOLOGICAL DATA (WS FORM: F-6) , PAGE 2
STATION: DICKINSON ND
MONTH: JANUARY
YEAR: 2021
LATITUDE: 46 47 N
LONGITUDE: 102 48 W
[TEMPERATURE DATA] [PRECIPITATION DATA] SYMBOLS USED IN COLUMN 16
AVERAGE MONTHLY: 26.3 TOTAL FOR MONTH: T 1 = FOG OR MIST
DPTR FM NORMAL: 10.0 DPTR FM NORMAL: -0.30 2 = FOG REDUCING VISIBILITY
HIGHEST: 55 ON 13 GRTST 24HR 0.03 ON 5- 5 TO 1/4 MILE OR LESS
LOWEST: -3 ON 26 3 = THUNDER
SNOW, ICE PELLETS, HAIL 4 = ICE PELLETS
TOTAL MONTH: M 5 = HAIL
GRTST 24HR M ON M 6 = FREEZING RAIN OR DRIZZLE
GRTST DEPTH: M ON M 7 = DUSTSTORM OR SANDSTORM:
VSBY 1/2 MILE OR LESS
8 = SMOKE OR HAZE
[NO. OF DAYS WITH] [WEATHER - DAYS WITH] 9 = BLOWING SNOW
X = TORNADO
MAX 32 OR BELOW: 14 0.01 INCH OR MORE: 0
MAX 90 OR ABOVE: 0 0.10 INCH OR MORE: 0
MIN 32 OR BELOW: 31 0.50 INCH OR MORE: 0
MIN 0 OR BELOW: 2 1.00 INCH OR MORE: 0
[HDD (BASE 65) ]
TOTAL THIS MO. 1195 CLEAR (SCALE 0-3) 10
DPTR FM NORMAL -315 PTCLDY (SCALE 4-7) 15
TOTAL FM JUL 1 4251 CLOUDY (SCALE 8-10) 6
DPTR FM NORMAL -794
[CDD (BASE 65) ]
TOTAL THIS MO. 0
DPTR FM NORMAL 0 [PRESSURE DATA]
TOTAL FM JAN 1 0 HIGHEST SLP 30.46 ON 9
DPTR FM NORMAL 0 LOWEST SLP 29.40 ON 13
[REMARKS]
#FINAL-01-21#