000
CXUS53 KBIS 010830
CF6DIK
PRELIMINARY LOCAL CLIMATOLOGICAL DATA (WS FORM: F-6)
STATION: DICKINSON ND
MONTH: SEPTEMBER
YEAR: 2020
LATITUDE: 46 47 N
LONGITUDE: 102 48 W
TEMPERATURE IN F: :PCPN: SNOW: WIND :SUNSHINE: SKY :PK WND
================================================================================
1 2 3 4 5 6A 6B 7 8 9 10 11 12 13 14 15 16 17 18
12Z AVG MX 2MIN
DY MAX MIN AVG DEP HDD CDD WTR SNW DPTH SPD SPD DIR MIN PSBL S-S WX SPD DR
================================================================================
1 80 50 65 1 0 0 0.00 M M 18.2 38 290 M M 1 51 290
2 90 49 70 7 0 5 T M M 17.4 40 330 M M 2 8 59 320
3 74 42 58 -5 7 0 0.00 M M 13.7 24 290 M M 1 41 280
4 81 50 66 4 0 1 0.00 M M 11.9 23 310 M M 2 32 320
5 86 49 68 6 0 3 0.00 M M 14.3 26 160 M M 0 33 140
6 74 52 63 1 2 0 0.00 M M 13.5 26 320 M M 3 36 330
7 53 36 45 -16 20 0 0.95 M M 8.7 22 30 M M 8 1 31 40
8 49 30 40 -21 25 0 0.00 M M 6.3 14 350 M M 3 19 310
9 62 29 46 -14 19 0 0.00 M M 10.3 18 230 M M 0 31 210
10 73 37 55 -5 10 0 0.00 M M 7.0 13 160 M M 0 19 200
11 66 36 51 -8 14 0 0.00 M M 9.7 17 150 M M 1 22 150
12 81 40 61 2 4 0 0.00 M M 7.3 16 210 M M 0 12 21 210
13 64 45 55 -3 10 0 0.00 M M 12.4 20 40 M M 0 30 290
14 79 45 62 4 3 0 0.00 M M 12.1 25 180 M M 1 31 170
15 71 45 58 1 7 0 0.00 M M 7.7 15 310 M M 3 19 320
16 63 39 51 -6 14 0 0.00 M M 5.7 12 360 M M 0 15 350
17 72 37 55 -1 10 0 0.00 M M 7.8 14 120 M M 0 19 130
18 75 47 61 5 4 0 0.00 M M 13.8 25 170 M M 1 33 180
19 73 44 59 3 6 0 0.00 M M 11.8 25 270 M M 0 33 270
20 75 53 64 9 1 0 T M M 18.3 41 270 M M 1 57 270
21 80 49 65 10 0 0 0.00 M M 10.0 21 280 M M 0 8 28 260
22 87 49 68 14 0 3 0.00 M M 10.1 22 180 M M 0 28 170
23 80 48 64 10 1 0 T M M 7.8 17 310 M M 1 21 300
24 89 47 68 15 0 3 0.00 M M 15.2 29 180 M M 0 39 350
25 74 53 64 11 1 0 0.00 M M 13.1 24 290 M M 2 36 280
26 70 48 59 7 6 0 0.00 M M 18.4 41 280 M M 2 8 56 280
27 64 44 54 2 11 0 0.00 M M 18.7 29 330 0 0 0 46 330
28 62 37 50 -1 15 0 0.00 M M 13.2 24 300 M M 1 33 320
29 76 46 61 10 4 0 0.00 M M 14.5 24 340 M M 2 8 38 330
30 61 39 50 -1 15 0 0.00 M M 20.6 36 300 M M 3 48 320
================================================================================
SM 2184 1315 209 15 0.95 M 369.5 0 38
================================================================================
AV 72.8 43.8 12.3 FASTST 0 0 1 MAX(MPH)
MISC ----> # 41 270 # 59 320
================================================================================
NOTES:
# LAST OF SEVERAL OCCURRENCES
COLUMN 17 PEAK WIND IN M.P.H.
PRELIMINARY LOCAL CLIMATOLOGICAL DATA (WS FORM: F-6) , PAGE 2
STATION: DICKINSON ND
MONTH: SEPTEMBER
YEAR: 2020
LATITUDE: 46 47 N
LONGITUDE: 102 48 W
[TEMPERATURE DATA] [PRECIPITATION DATA] SYMBOLS USED IN COLUMN 16
AVERAGE MONTHLY: 58.3 TOTAL FOR MONTH: 0.95 1 = FOG OR MIST
DPTR FM NORMAL: 1.1 DPTR FM NORMAL: -0.52 2 = FOG REDUCING VISIBILITY
HIGHEST: 90 ON 2 GRTST 24HR 0.95 ON 7- 7 TO 1/4 MILE OR LESS
LOWEST: 29 ON 9 3 = THUNDER
SNOW, ICE PELLETS, HAIL 4 = ICE PELLETS
TOTAL MONTH: M 5 = HAIL
GRTST 24HR M ON M 6 = FREEZING RAIN OR DRIZZLE
GRTST DEPTH: M ON M 7 = DUSTSTORM OR SANDSTORM:
VSBY 1/2 MILE OR LESS
8 = SMOKE OR HAZE
[NO. OF DAYS WITH] [WEATHER - DAYS WITH] 9 = BLOWING SNOW
X = TORNADO
MAX 32 OR BELOW: 0 0.01 INCH OR MORE: 1
MAX 90 OR ABOVE: 1 0.10 INCH OR MORE: 1
MIN 32 OR BELOW: 2 0.50 INCH OR MORE: 1
MIN 0 OR BELOW: 0 1.00 INCH OR MORE: 0
[HDD (BASE 65) ]
TOTAL THIS MO. 209 CLEAR (SCALE 0-3) 28
DPTR FM NORMAL -59 PTCLDY (SCALE 4-7) 2
TOTAL FM JUL 1 225 CLOUDY (SCALE 8-10) 0
DPTR FM NORMAL -129
[CDD (BASE 65) ]
TOTAL THIS MO. 15
DPTR FM NORMAL -17 [PRESSURE DATA]
TOTAL FM JAN 1 488 HIGHEST SLP 30.55 ON 8
DPTR FM NORMAL 70 LOWEST SLP 29.43 ON 2
[REMARKS]
#FINAL-09-20#