000
CXUS54 KEPZ 011030
CF6DMN
PRELIMINARY LOCAL CLIMATOLOGICAL DATA (WS FORM: F-6)
STATION: DEMING
MONTH: AUGUST
YEAR: 2020
LATITUDE: 32 15 N
LONGITUDE: 107 42 W
TEMPERATURE IN F: :PCPN: SNOW: WIND :SUNSHINE: SKY :PK WND
================================================================================
1 2 3 4 5 6A 6B 7 8 9 10 11 12 13 14 15 16 17 18
12Z AVG MX 2MIN
DY MAX MIN AVG DEP HDD CDD WTR SNW DPTH SPD SPD DIR MIN PSBL S-S WX SPD DR
================================================================================
1 100 64 82 3 0 17 T M M 7.9 33 290 M M 1 3 45 290
2 98 68 83 4 0 18 T M M 7.2 20 320 M M 0 28 320
3 102 66 84 5 0 19 T M M 6.8 29 280 M M 1 3 38 270
4 102 67 85 6 0 20 T M M 9.0 25 270 M M 0 3 35 240
5 102 70 86 7 0 21 0.00 M M 7.3 23 270 M M 1 31 270
6 98 68 83 4 0 18 0.00 M M 6.4 17 320 M M 0 3 23 180
7 92 72 82 3 0 17 T M M 5.2 18 300 M M 3 25 290
8 99 63 81 2 0 16 0.00 M M 4.9 21 300 M M 1 3 27 350
9 101 70 86 7 0 21 0.00 M M 6.0 22 80 M M 1 28 90
10 104 65 85 6 0 20 0.00 M M 5.2 25 330 M M 0 42 270
11 105 69 87 9 0 22 0.00 M M 5.4 16 50 M M 0 28 10
12 105 71 88 10 0 23 0.00 M M 7.6 24 330 M M 0 31 270
13 105 73 89 11 0 24 0.00 M M 6.7 30 240 M M 1 3 41 330
14 106 74 90 12 0 25 T M M 7.3 35 340 M M 0 8 48 350
15 105 71 88 10 0 23 T M M 5.3 22 340 M M 0 3 31 320
16 101 73 87 9 0 22 0.02 M M 8.9 22 20 M M 1 3 30 110
17 97 69 83 5 0 18 T M M 10.8 37 40 M M 1 8 52 50
18 97 62 80 2 0 15 0.00 M M 6.4 17 60 M M 0 24 60
19 100 64 82 4 0 17 0.00 M M 5.4 15 100 M M 0 23 110
20 104 68 86 8 0 21 0.00 M M 7.5 26 300 M M 0 38 40 290
21 104 67 86 8 0 21 0.00 M M 10.9 36 340 M M 0 8 56 350
22 102 73 88 10 0 23 0.00 M M 6.2 17 280 M M 0 25 270
23 102 68 85 8 0 20 0.00 M M 9.7 29 110 M M 1 38 43 110
24 99 68 84 7 0 19 0.00 M M 6.5 21 50 M M 0 38 30 40
25 96 66 81 4 0 16 0.00 M M 7.5 16 140 M M 0 31 80
26 98 65 82 5 0 17 0.00 M M 6.0 14 170 M M 0 19 190
27 100 62 81 4 0 16 0.00 M M 5.6 13 210 M M 0 18 160
28 M M M M M M 0.00 M M M M M M M 0 M M
29 M M M M M M M M M M M M M M 0 M M
30 M M M M M M M M M M M M M M 0 M M
31 M M M M M M 0.00 M M M M M M M 0 M M
================================================================================
SM 2724 1836 0 529 0.02 M 189.6 M 12
================================================================================
AV100.9 68.0 7.0 FASTST M M 0 MAX(MPH)
MISC ----> 37 40 56 350
================================================================================
NOTES:
# LAST OF SEVERAL OCCURRENCES
COLUMN 17 PEAK WIND IN M.P.H.
PRELIMINARY LOCAL CLIMATOLOGICAL DATA (WS FORM: F-6) , PAGE 2
STATION: DEMING
MONTH: AUGUST
YEAR: 2020
LATITUDE: 32 15 N
LONGITUDE: 107 42 W
[TEMPERATURE DATA] [PRECIPITATION DATA] SYMBOLS USED IN COLUMN 16
AVERAGE MONTHLY: 84.4 TOTAL FOR MONTH: 0.02 1 = FOG OR MIST
DPTR FM NORMAL: 6.4 DPTR FM NORMAL: -2.27 2 = FOG REDUCING VISIBILITY
HIGHEST: 106 ON 14 GRTST 24HR 0.02 ON 16-16 TO 1/4 MILE OR LESS
LOWEST: 62 ON 27,18 3 = THUNDER
SNOW, ICE PELLETS, HAIL 4 = ICE PELLETS
TOTAL MONTH: M 5 = HAIL
GRTST 24HR M ON M 6 = FREEZING RAIN OR DRIZZLE
GRTST DEPTH: M ON M 7 = DUSTSTORM OR SANDSTORM:
VSBY 1/2 MILE OR LESS
8 = SMOKE OR HAZE
[NO. OF DAYS WITH] [WEATHER - DAYS WITH] 9 = BLOWING SNOW
X = TORNADO
MAX 32 OR BELOW: 0 0.01 INCH OR MORE: 1
MAX 90 OR ABOVE: 27 0.10 INCH OR MORE: 0
MIN 32 OR BELOW: 0 0.50 INCH OR MORE: 0
MIN 0 OR BELOW: 0 1.00 INCH OR MORE: 0
[HDD (BASE 65) ]
TOTAL THIS MO. 0 CLEAR (SCALE 0-3) 31
DPTR FM NORMAL 0 PTCLDY (SCALE 4-7) 0
TOTAL FM JUL 1 0 CLOUDY (SCALE 8-10) 0
DPTR FM NORMAL 0
[CDD (BASE 65) ]
TOTAL THIS MO. 529
DPTR FM NORMAL 126 [PRESSURE DATA]
TOTAL FM JAN 1 1801 HIGHEST SLP 30.11 ON 18
DPTR FM NORMAL 371 LOWEST SLP 29.59 ON 20
[REMARKS]
#FINAL-08-20#