000
CXUS54 KEPZ 011130
CF6DMN
PRELIMINARY LOCAL CLIMATOLOGICAL DATA (WS FORM: F-6)
STATION: DEMING
MONTH: DECEMBER
YEAR: 2023
LATITUDE: 32 15 N
LONGITUDE: 107 42 W
TEMPERATURE IN F: :PCPN: SNOW: WIND :SUNSHINE: SKY :PK WND
================================================================================
1 2 3 4 5 6A 6B 7 8 9 10 11 12 13 14 15 16 17 18
12Z AVG MX 2MIN
DY MAX MIN AVG DEP HDD CDD WTR SNW DPTH SPD SPD DIR MIN PSBL S-S WX SPD DR
================================================================================
1 58 34 46 1 19 0 0.03 M M 10.2 25 280 M M 6 33 280
2 56 31 44 -1 21 0 0.00 M M 9.6 23 260 M M 0 31 260
3 64 30 47 3 18 0 0.00 M M 9.8 22 250 M M 0 31 240
4 65 26 46 2 19 0 0.00 M M 2.9 8 170 M M 0 11 120
5 69 34 52 8 13 0 0.00 M M 6.8 23 40 M M 0 29 50
6 68 33 51 7 14 0 0.00 M M 6.2 16 70 M M 0 21 50
7 72 28 50 7 15 0 0.00 M M 9.1 22 260 M M 0 29 280
8 67 35 51 8 14 0 0.00 M M 14.0 31 270 M M 0 41 260
9 53 25 39 -4 26 0 0.00 M M 12.7 30 40 M M 0 38 40
10 50 19 35 -8 30 0 0.00 M M 3.8 10 120 M M 0 14 110
11 60 22 41 -2 24 0 0.00 0.0 0 5.0 12 70 M M 0 15 80
12 60 32 46 4 19 0 0.00 M M 5.0 13 80 M M 0 16 70
13 65 31 48 6 17 0 0.00 M M 10.2 22 70 M M 0 29 80
14 62 30 46 4 19 0 0.00 M M 7.3 20 280 M M 0 29 270
15 62 24 43 1 22 0 0.00 0.0 0 7.4 20 50 M M 0 27 20
16 61 28 45 3 20 0 0.00 0.0 0 6.0 14 60 M M 0 19 120
17 65 24 45 3 20 0 0.00 0.0 0 2.5 8 290 M M 0 9 290
18 63 29 46 4 19 0 0.00 M M 7.8 16 110 M M 0 24 70
19 59 36 48 6 17 0 0.00 M M 4.2 9 20 M M 1 12 80
20 58 38 48 7 17 0 0.09 M M 5.6 15 40 M M 6 13 20 50
21 59 31 45 4 20 0 0.00 M M 4.3 12 80 M M 2 12 16 60
22 61 37 49 8 16 0 0.06 M M 6.7 16 230 M M 4 3 22 240
23 57 40 49 8 16 0 0.48 M M 10.9 25 280 M M 5 13 35 290
24 52 34 43 2 22 0 0.00 M M 12.8 23 260 M M 0 31 240
25 52 27 40 -1 25 0 0.00 M M 4.8 12 230 M M 0 16 240
26 56 25 41 0 24 0 0.00 M M 11.6 24 270 M M 0 32 270
27 54 21 38 -3 27 0 0.00 M M 4.3 12 250 M M 0 15 230
28 56 23 40 -1 25 0 0.00 M M 3.9 15 50 M M 0 18 50
29 56 22 39 -2 26 0 0.00 M M 5.3 13 60 M M 0 16 70
30 56 26 41 0 24 0 0.00 M M 4.9 9 90 M M 0 14 90
31 59 23 41 0 24 0 0.00 M M 7.7 25 260 M M 0 34 280
================================================================================
SM 1855 898 632 0 0.66 0.0 223.3 M 24
================================================================================
AV 59.8 29.0 7.2 FASTST M M 1 MAX(MPH)
MISC ----> 31 270 41 260
================================================================================
NOTES:
# LAST OF SEVERAL OCCURRENCES
COLUMN 17 PEAK WIND IN M.P.H.
PRELIMINARY LOCAL CLIMATOLOGICAL DATA (WS FORM: F-6) , PAGE 2
STATION: DEMING
MONTH: DECEMBER
YEAR: 2023
LATITUDE: 32 15 N
LONGITUDE: 107 42 W
[TEMPERATURE DATA] [PRECIPITATION DATA] SYMBOLS USED IN COLUMN 16
AVERAGE MONTHLY: 44.4 TOTAL FOR MONTH: 0.66 1 = FOG OR MIST
DPTR FM NORMAL: 2.1 DPTR FM NORMAL: -0.06 2 = FOG REDUCING VISIBILITY
HIGHEST: 72 ON 7 GRTST 24HR 0.54 ON 22-23 TO 1/4 MILE OR LESS
LOWEST: 19 ON 10 3 = THUNDER
SNOW, ICE PELLETS, HAIL 4 = ICE PELLETS
TOTAL MONTH: 0.0 INCH 5 = HAIL
GRTST 24HR 0.0 6 = FREEZING RAIN OR DRIZZLE
GRTST DEPTH: 0 7 = DUSTSTORM OR SANDSTORM:
VSBY 1/2 MILE OR LESS
8 = SMOKE OR HAZE
[NO. OF DAYS WITH] [WEATHER - DAYS WITH] 9 = BLOWING SNOW
X = TORNADO
MAX 32 OR BELOW: 0 0.01 INCH OR MORE: 4
MAX 90 OR ABOVE: 0 0.10 INCH OR MORE: 1
MIN 32 OR BELOW: 22 0.50 INCH OR MORE: 0
MIN 0 OR BELOW: 0 1.00 INCH OR MORE: 0
[HDD (BASE 65) ]
TOTAL THIS MO. 632 CLEAR (SCALE 0-3) 27
DPTR FM NORMAL -73 PTCLDY (SCALE 4-7) 4
TOTAL FM JUL 1 1064 CLOUDY (SCALE 8-10) 0
DPTR FM NORMAL -200
[CDD (BASE 65) ]
TOTAL THIS MO. 0
DPTR FM NORMAL 0 [PRESSURE DATA]
TOTAL FM JAN 1 2325 HIGHEST SLP 30.53 ON 10
DPTR FM NORMAL 511 LOWEST SLP 29.77 ON 23
[REMARKS]
#FINAL-12-23#