000
CXUS54 KEPZ 011030
CF6DMN
PRELIMINARY LOCAL CLIMATOLOGICAL DATA (WS FORM: F-6)
STATION: DEMING
MONTH: SEPTEMBER
YEAR: 2023
LATITUDE: 32 15 N
LONGITUDE: 107 42 W
TEMPERATURE IN F: :PCPN: SNOW: WIND :SUNSHINE: SKY :PK WND
================================================================================
1 2 3 4 5 6A 6B 7 8 9 10 11 12 13 14 15 16 17 18
12Z AVG MX 2MIN
DY MAX MIN AVG DEP HDD CDD WTR SNW DPTH SPD SPD DIR MIN PSBL S-S WX SPD DR
================================================================================
1 98 63 81 4 0 16 0.00 M M 7.7 25 260 M M 0 38 250
2 95 66 81 4 0 16 0.00 M M 6.1 17 140 M M 3 22 120
3 98 66 82 6 0 17 0.00 M M 5.5 24 260 M M 2 35 250
4 95 67 81 5 0 16 0.00 M M 11.8 23 280 M M 0 33 280
5 95 60 78 2 0 13 0.00 M M 5.8 15 240 M M 0 24 280
6 101 59 80 4 0 15 0.00 M M 4.5 20 180 M M 0 28 190
7 102 63 83 7 0 18 T M M 6.0 29 300 M M 0 3 42 300
8 103 66 85 10 0 20 0.00 M M 7.1 22 310 M M 0 31 50
9 102 65 84 9 0 19 0.00 M M 8.7 20 100 M M 0 28 100
10 101 70 86 11 0 21 0.00 M M 6.9 24 270 M M 0 40 290
11 99 75 87 13 0 22 T M M 10.2 31 220 M M 2 38 46 220
12 82 68 75 1 0 10 0.04 M M 7.7 17 50 M M 5 3 22 40
13 73 60 67 -7 0 2 0.63 M M 8.2 22 310 M M 5 13 27 310
14 89 56 73 -1 0 8 0.00 M M 6.4 22 270 M M 0 31 270
15 90 59 75 2 0 10 0.00 M M 4.9 12 240 M M 1 17 100
16 88 68 78 5 0 13 0.00 M M 12.5 29 30 M M 0 36 40
17 90 65 78 5 0 13 0.09 M M 10.1 21 10 M M 2 3 27 60
18 91 58 75 3 0 10 0.00 M M 4.6 15 250 M M 0 21 270
19 92 57 75 3 0 10 0.00 M M 8.2 21 270 M M 0 30 260
20 91 54 73 1 0 8 0.21 M M 7.2 33 240 M M 3 38 51 240
21 87 61 74 2 0 9 0.01 M M 4.5 15 200 M M 3 3 22 200
22 93 64 79 8 0 14 0.00 M M 7.8 20 270 M M 0 28 290
23 94 57 76 5 0 11 0.00 M M 7.4 20 280 M M 0 31 290
24 91 54 73 2 0 8 0.00 M M 7.4 22 250 M M 0 31 200
25 92 53 73 3 0 8 0.00 M M 4.1 13 100 M M 0 19 140
26 95 65 80 10 0 15 0.00 M M 8.9 18 280 M M 0 25 260
27 95 61 78 8 0 13 0.00 M M 6.8 23 250 M M 0 37 270
28 95 58 77 8 0 12 0.00 M M 6.5 20 250 M M 0 27 230
29 92 58 75 6 0 10 T M M 5.7 23 170 M M 2 3 35 170
30 90 62 76 8 0 11 T M M 7.6 22 180 M M 2 3 31 190
================================================================================
SM 2799 1858 0 388 0.98 M 216.8 M 30
================================================================================
AV 93.3 61.9 7.2 FASTST M M 1 MAX(MPH)
MISC ----> 33 240 51 240
================================================================================
NOTES:
# LAST OF SEVERAL OCCURRENCES
COLUMN 17 PEAK WIND IN M.P.H.
PRELIMINARY LOCAL CLIMATOLOGICAL DATA (WS FORM: F-6) , PAGE 2
STATION: DEMING
MONTH: SEPTEMBER
YEAR: 2023
LATITUDE: 32 15 N
LONGITUDE: 107 42 W
[TEMPERATURE DATA] [PRECIPITATION DATA] SYMBOLS USED IN COLUMN 16
AVERAGE MONTHLY: 77.6 TOTAL FOR MONTH: 0.98 1 = FOG OR MIST
DPTR FM NORMAL: 4.6 DPTR FM NORMAL: -0.17 2 = FOG REDUCING VISIBILITY
HIGHEST: 103 ON 8 GRTST 24HR 0.63 ON 13-13 TO 1/4 MILE OR LESS
LOWEST: 53 ON 25 3 = THUNDER
SNOW, ICE PELLETS, HAIL 4 = ICE PELLETS
TOTAL MONTH: M 5 = HAIL
GRTST 24HR M ON M 6 = FREEZING RAIN OR DRIZZLE
GRTST DEPTH: M ON M 7 = DUSTSTORM OR SANDSTORM:
VSBY 1/2 MILE OR LESS
8 = SMOKE OR HAZE
[NO. OF DAYS WITH] [WEATHER - DAYS WITH] 9 = BLOWING SNOW
X = TORNADO
MAX 32 OR BELOW: 0 0.01 INCH OR MORE: 5
MAX 90 OR ABOVE: 25 0.10 INCH OR MORE: 2
MIN 32 OR BELOW: 0 0.50 INCH OR MORE: 1
MIN 0 OR BELOW: 0 1.00 INCH OR MORE: 0
[HDD (BASE 65) ]
TOTAL THIS MO. 0 CLEAR (SCALE 0-3) 27
DPTR FM NORMAL -4 PTCLDY (SCALE 4-7) 3
TOTAL FM JUL 1 0 CLOUDY (SCALE 8-10) 0
DPTR FM NORMAL -1
[CDD (BASE 65) ]
TOTAL THIS MO. 388
DPTR FM NORMAL 142 [PRESSURE DATA]
TOTAL FM JAN 1 2220 HIGHEST SLP 30.06 ON 13
DPTR FM NORMAL 449 LOWEST SLP 29.65 ON 4
[REMARKS]
#FINAL-09-23#