000
CXUS53 KDTX 020057 RRC
CF6DTW
PRELIMINARY LOCAL CLIMATOLOGICAL DATA (WS FORM: F-6)
STATION: DETROIT MI
MONTH: FEBRUARY
YEAR: 2021
LATITUDE: 42 13 N
LONGITUDE: 83 20 W
TEMPERATURE IN F: :PCPN: SNOW: WIND :SUNSHINE: SKY :PK WND
================================================================================
1 2 3 4 5 6A 6B 7 8 9 10 11 12 13 14 15 16 17 18
12Z AVG MX 2MIN
DY MAX MIN AVG DEP HDD CDD WTR SNW DPTH SPD SPD DIR MIN PSBL S-S WX SPD DR
================================================================================
1 32 25 29 3 36 0 0.01 0.1 2 12.0 21 360 M M 10 8 29 20
2 34 21 28 2 37 0 0.00 0.0 1 11.0 21 330 M M 8 29 340
3 39 17 28 2 37 0 0.00 0.0 1 7.0 14 330 M M 2 20 340
4 34 18 26 0 39 0 0.34 4.1 T 8.6 22 190 M M 9 189 32 170
5 35 15 25 -1 40 0 T T 4 22.5 35 240 M M 9 189 48 230
6 19 11 15 -11 50 0 T 0.1 4 14.4 22 230 M M 8 27 240
7 16 7 12 -14 53 0 0.03 0.3 4 9.0 18 300 M M 6 8 23 330
8 17 5 11 -16 54 0 0.05 1.3 4 4.6 9 210 M M 9 18 11 210
9 24 10 17 -10 48 0 T 0.3 6 5.7 12 270 M M 7 18 14 290
10 19 4 12 -15 53 0 0.02 0.4 5 2.0 7 200 M M 9 18 9 310
11 25 10 18 -9 47 0 0.00 0.0 5 7.4 15 10 M M 8 8 20 10
12 26 16 21 -6 44 0 0.01 0.2 5 7.8 15 50 M M 10 8 21 50
13 22 17 20 -8 45 0 0.05 1.5 5 7.7 13 30 M M 10 8 17 40
14 26 8 17 -11 48 0 0.00 0.0 6 7.1 14 320 M M 6 1 19 330
15 17 12 15 -13 50 0 0.38 7.2 7 12.0 28 40 M M 10 89 42 40
16 19 4 12 -16 53 0 0.25 3.2 14 11.7 26 40 M M 8 9 38 40
17 22 -5 9 -19 56 0 0.00 0.0 14 2.4 9 180 M M 6 18 13 120
18 25 15 20 -9 45 0 0.05 1.3 13 8.2 13 30 M M 10 1 18 360
19 26 15 21 -8 44 0 T 0.3 14 9.0 17 270 M M 9 18 24 270
20 30 10 20 -9 45 0 0.02 0.4 13 10.2 16 230 M M 5 8 22 280
21 33 1 17 -12 48 0 0.01 0.1 12 7.3 20 140 M M 6 18 28 140
22 37 29 33 3 32 0 0.09 1.0 11 18.4 26 250 M M 10 1489 36 240
23 47 33 40 10 25 0 T T 9 15.3 24 280 M M 7 8 39 280
24 53 31 42 12 23 0 0.00 0.0 6 13.2 29 220 M M 7 8 38 230
25 42 23 33 3 32 0 0.00 0.0 4 8.4 20 250 M M 3 27 250
26 41 19 30 -1 35 0 0.00 0.0 3 6.1 15 140 M M 4 18 23 160
27 51 32 42 11 23 0 0.11 0.0 1 7.7 16 230 M M 6 168 22 230
28 60 33 47 16 18 0 0.05 0.0 T 8.7 25 280 M M 8 18 35 280
================================================================================
SM 871 436 1160 0 1.47 21.8 265.4 M 210
================================================================================
AV 31.1 15.6 9.5 FASTST M M 8 MAX(MPH)
MISC ----> 35 240 48 230
================================================================================
NOTES:
# LAST OF SEVERAL OCCURRENCES
COLUMN 17 PEAK WIND IN M.P.H.
PRELIMINARY LOCAL CLIMATOLOGICAL DATA (WS FORM: F-6) , PAGE 2
STATION: DETROIT MI
MONTH: FEBRUARY
YEAR: 2021
LATITUDE: 42 13 N
LONGITUDE: 83 20 W
[TEMPERATURE DATA] [PRECIPITATION DATA] SYMBOLS USED IN COLUMN 16
AVERAGE MONTHLY: 23.3 TOTAL FOR MONTH: 1.47 1 = FOG OR MIST
DPTR FM NORMAL: -4.8 DPTR FM NORMAL: -0.55 2 = FOG REDUCING VISIBILITY
HIGHEST: 60 ON 28 GRTST 24HR 0.47 ON 15-16 TO 1/4 MILE OR LESS
LOWEST: -5 ON 17 3 = THUNDER
SNOW, ICE PELLETS, HAIL 4 = ICE PELLETS
TOTAL MONTH: 21.8 INCHES 5 = HAIL
GRTST 24HR 7.2 ON 15-15 6 = FREEZING RAIN OR DRIZZLE
GRTST DEPTH: 14 ON 19,17 7 = DUSTSTORM OR SANDSTORM:
VSBY 1/2 MILE OR LESS
8 = SMOKE OR HAZE
[NO. OF DAYS WITH] [WEATHER - DAYS WITH] 9 = BLOWING SNOW
X = TORNADO
MAX 32 OR BELOW: 16 0.01 INCH OR MORE: 15
MAX 90 OR ABOVE: 0 0.10 INCH OR MORE: 4
MIN 32 OR BELOW: 26 0.50 INCH OR MORE: 0
MIN 0 OR BELOW: 1 1.00 INCH OR MORE: 0
[HDD (BASE 65) ]
TOTAL THIS MO. 1160 CLEAR (SCALE 0-3) 2
DPTR FM NORMAL 127 PTCLDY (SCALE 4-7) 13
TOTAL FM JUL 1 4344 CLOUDY (SCALE 8-10) 13
DPTR FM NORMAL -209
[CDD (BASE 65) ]
TOTAL THIS MO. 0
DPTR FM NORMAL 0 [PRESSURE DATA]
TOTAL FM JAN 1 0 HIGHEST SLP 30.52 ON 21
DPTR FM NORMAL 0 LOWEST SLP 29.30 ON 5
[REMARKS]
#FINAL-02-21#