000
CXUS51 KPBZ 010730
CF6DUJ
PRELIMINARY LOCAL CLIMATOLOGICAL DATA (WS FORM: F-6)
STATION: DUBOIS PA
MONTH: OCTOBER
YEAR: 2022
LATITUDE: 41 10 N
LONGITUDE: 78 54 W
TEMPERATURE IN F: :PCPN: SNOW: WIND :SUNSHINE: SKY :PK WND
================================================================================
1 2 3 4 5 6A 6B 7 8 9 10 11 12 13 14 15 16 17 18
12Z AVG MX 2MIN
DY MAX MIN AVG DEP HDD CDD WTR SNW DPTH SPD SPD DIR MIN PSBL S-S WX SPD DR
================================================================================
1 65 49 57 2 8 0 0.72 M M 10.6 20 50 M M 9 1 27 70
2 64 41 53 -2 12 0 0.10 M M 10.6 17 20 M M 5 22 30
3 59 36 48 -7 17 0 0.00 M M 6.4 15 20 M M 0 19 10
4 54 40 47 -7 18 0 0.01 M M 5.7 14 10 M M 7 18 10
5 71 42 57 3 8 0 0.00 M M 4.9 12 310 M M 1 1 15 320
6 68 46 57 3 8 0 0.00 M M 4.2 13 240 M M 2 12 15 240
7 54 42 48 -5 17 0 0.01 M M 7.1 16 310 M M 9 1 23 310
8 52 34 43 -10 22 0 0.00 M M 7.5 17 280 M M 4 25 240
9 58 34 46 -6 19 0 0.00 M M 8.8 20 260 M M 1 25 240
10 64 39 52 0 13 0 0.00 M M 4.8 17 240 M M 5 23 220
11 68 39 54 2 11 0 0.00 M M 4.7 15 240 M M 0 1 19 220
12 69 42 56 5 9 0 0.03 M M 7.2 14 130 M M 3 1 23 150
13 62 43 53 2 12 0 0.62 M M 7.4 30 250 M M 8 13 41 260
14 59 34 47 -4 18 0 0.00 M M 5.0 16 240 M M 3 23 230
15 64 39 52 2 13 0 0.00 M M 10.0 28 240 M M 2 40 230
16 61 36 49 -1 16 0 0.00 M M 4.8 16 240 M M 4 22 240
17 54 36 45 -5 20 0 0.00 M M 13.5 26 230 M M 6 39 210
18 41 36 39 -10 26 0 T M M 14.0 23 240 M M 10 8 29 240
19 42 34 38 -11 27 0 0.10 M M 13.0 23 240 M M 10 18 30 250
20 49 32 41 -8 24 0 0.00 M M 9.9 22 250 M M 3 30 220
21 61 36 49 1 16 0 0.00 M M 6.4 16 240 M M 0 8 27 210
22 69 41 55 7 10 0 0.00 M M 5.0 12 230 M M 0 17 200
23 67 39 53 5 12 0 0.00 M M 6.9 10 120 M M 0 14 110
24 74 46 60 13 5 0 0.00 M M 3.5 9 120 M M 0 1 12 110
25 74 52 63 16 2 0 0.00 M M 8.4 17 120 M M 3 12 23 120
26 57 46 52 5 13 0 0.08 M M 10.0 22 260 M M 7 1 27 250
27 56 37 47 1 18 0 0.02 M M 8.3 17 320 M M 3 1 24 320
28 56 32 44 -2 21 0 0.00 M M 6.1 12 110 M M 0 16 100
29 63 34 49 3 16 0 0.00 M M 7.2 12 110 M M 0 15 110
30 62 36 49 4 16 0 0.00 M M 8.0 14 110 M M 0 19 130
31 58 44 51 6 14 0 T M M 4.2 9 130 M M 8 128 12 200
================================================================================
SM 1875 1217 461 0 1.69 M 234.1 M 113
================================================================================
AV 60.5 39.3 7.6 FASTST M M 4 MAX(MPH)
MISC ----> 30 250 41 260
================================================================================
NOTES:
# LAST OF SEVERAL OCCURRENCES
COLUMN 17 PEAK WIND IN M.P.H.
PRELIMINARY LOCAL CLIMATOLOGICAL DATA (WS FORM: F-6) , PAGE 2
STATION: DUBOIS PA
MONTH: OCTOBER
YEAR: 2022
LATITUDE: 41 10 N
LONGITUDE: 78 54 W
[TEMPERATURE DATA] [PRECIPITATION DATA] SYMBOLS USED IN COLUMN 16
AVERAGE MONTHLY: 49.9 TOTAL FOR MONTH: 1.69 1 = FOG OR MIST
DPTR FM NORMAL: -0.2 DPTR FM NORMAL: -1.71 2 = FOG REDUCING VISIBILITY
HIGHEST: 74 ON 25,24 GRTST 24HR 0.82 ON 1- 2 TO 1/4 MILE OR LESS
LOWEST: 32 ON 28,20 3 = THUNDER
SNOW, ICE PELLETS, HAIL 4 = ICE PELLETS
TOTAL MONTH: M 5 = HAIL
GRTST 24HR M ON M 6 = FREEZING RAIN OR DRIZZLE
GRTST DEPTH: M ON M 7 = DUSTSTORM OR SANDSTORM:
VSBY 1/2 MILE OR LESS
8 = SMOKE OR HAZE
[NO. OF DAYS WITH] [WEATHER - DAYS WITH] 9 = BLOWING SNOW
X = TORNADO
MAX 32 OR BELOW: 0 0.01 INCH OR MORE: 9
MAX 90 OR ABOVE: 0 0.10 INCH OR MORE: 4
MIN 32 OR BELOW: 2 0.50 INCH OR MORE: 2
MIN 0 OR BELOW: 0 1.00 INCH OR MORE: 0
[HDD (BASE 65) ]
TOTAL THIS MO. 461 CLEAR (SCALE 0-3) 16
DPTR FM NORMAL -7 PTCLDY (SCALE 4-7) 9
TOTAL FM JUL 1 583 CLOUDY (SCALE 8-10) 6
DPTR FM NORMAL -95
[CDD (BASE 65) ]
TOTAL THIS MO. 0
DPTR FM NORMAL -4 [PRESSURE DATA]
TOTAL FM JAN 1 597 HIGHEST SLP 30.51 ON 28
DPTR FM NORMAL 183 LOWEST SLP 29.60 ON 17
[REMARKS]
#FINAL-10-22#