000
CXUS53 KFGF 010815
CF6DVL
PRELIMINARY LOCAL CLIMATOLOGICAL DATA (WS FORM: F-6)
STATION: DEVILS LAKE ND
MONTH: AUGUST
YEAR: 2022
LATITUDE: 48 7 N
LONGITUDE: 98 54 W
TEMPERATURE IN F: :PCPN: SNOW: WIND :SUNSHINE: SKY :PK WND
================================================================================
1 2 3 4 5 6A 6B 7 8 9 10 11 12 13 14 15 16 17 18
12Z AVG MX 2MIN
DY MAX MIN AVG DEP HDD CDD WTR SNW DPTH SPD SPD DIR MIN PSBL S-S WX SPD DR
================================================================================
1 80 54 67 -3 0 2 T M M 6.4 12 110 M M 2 1 M M
2 85 65 75 5 0 10 T M M 12.6 22 290 M M 1 28 290
3 73 58 66 -4 0 1 0.00 M M 11.7 21 290 M M 4 30 280
4 89 59 74 4 0 9 0.00 M M 15.7 23 170 M M 0 8 30 170
5 84 66 75 5 0 10 0.00 M M 12.2 22 300 M M 0 30 170
6 69 55 62 -8 3 0 T M M 10.2 20 340 M M 4 8 26 340
7 63 55 59 -10 6 0 0.12 M M 4.6 10 220 M M 7 M M
8 85 57 71 2 0 6 0.00 M M 12.2 21 200 M M 0 M M
9 81 59 70 1 0 5 0.00 M M 11.3 21 210 M M 0 27 210
10 76 51 64 -5 1 0 0.00 M M 7.1 13 70 M M 0 16 80
11 73 58 66 -3 0 1 T M M 9.3 14 110 M M 1 20 110
12 70 59 65 -3 0 0 T M M 7.7 14 110 M M 8 12 M M
13 77 55 66 -2 0 1 0.00 M M 4.7 9 150 M M 4 12 M M
14 84 60 72 4 0 7 T M M 8.2 16 170 M M 0 8 M M
15 80 66 73 5 0 8 0.07 M M 8.1 22 360 M M 1 3 28 10
16 80 63 72 4 0 7 0.00 M M 3.9 8 130 M M 5 12 M M
17 84 61 73 6 0 8 0.00 M M 4.6 8 230 M M 2 12 M M
18 76 61 69 2 0 4 0.31 M M 11.3 29 280 M M 6 13 38 280
19 79 61 70 3 0 5 0.05 M M 14.5 21 10 M M 6 26 30
20 79 56 68 2 0 3 0.00 M M 5.4 9 200 M M 1 M M
21 84 60 72 6 0 7 0.00 M M 7.3 13 180 M M 3 M M
22 86 63 75 9 0 10 0.00 M M 7.0 13 200 M M 1 M M
23 85 61 73 7 0 8 0.91 M M 7.6 36 350 M M 2 13 44 350
24 74 58 66 1 0 1 0.00 M M 10.7 17 40 M M 5 22 40
25 65 48 57 -8 8 0 0.00 M M 5.1 7 99 M M 0 M M
26 76 53 65 0 0 0 0.01 M M 11.5 16 190 M M 2 20 180
27 85 58 72 8 0 7 0.01 M M 9.9 16 170 M M 4 1 M M
28 77 63 70 6 0 5 0.02 M M 14.3 24 260 M M 4 31 260
29 76 58 67 3 0 2 0.01 M M 20.9 30 290 M M 4 1 39 300
30 84 54 69 6 0 4 M M M 8.6 18 300 M M 0 M M
31 88 56 72 9 0 7 M M M 4.7 13 270 M M 0 18 290
================================================================================
SM 2447 1811 18 138 1.51 M 289.3 M 77
================================================================================
AV 78.9 58.4 9.3 FASTST M M 2 MAX(MPH)
MISC ----> 36 350 44 350
================================================================================
NOTES:
# LAST OF SEVERAL OCCURRENCES
COLUMN 17 PEAK WIND IN M.P.H.
PRELIMINARY LOCAL CLIMATOLOGICAL DATA (WS FORM: F-6) , PAGE 2
STATION: DEVILS LAKE ND
MONTH: AUGUST
YEAR: 2022
LATITUDE: 48 7 N
LONGITUDE: 98 54 W
[TEMPERATURE DATA] [PRECIPITATION DATA] SYMBOLS USED IN COLUMN 16
AVERAGE MONTHLY: 68.7 TOTAL FOR MONTH: 1.51 1 = FOG OR MIST
DPTR FM NORMAL: 1.5 DPTR FM NORMAL: -0.92 2 = FOG REDUCING VISIBILITY
HIGHEST: 89 ON 4 GRTST 24HR 0.91 ON 23-23 TO 1/4 MILE OR LESS
LOWEST: 48 ON 25 3 = THUNDER
SNOW, ICE PELLETS, HAIL 4 = ICE PELLETS
TOTAL MONTH: M 5 = HAIL
GRTST 24HR M ON M 6 = FREEZING RAIN OR DRIZZLE
GRTST DEPTH: M ON M 7 = DUSTSTORM OR SANDSTORM:
VSBY 1/2 MILE OR LESS
8 = SMOKE OR HAZE
[NO. OF DAYS WITH] [WEATHER - DAYS WITH] 9 = BLOWING SNOW
X = TORNADO
MAX 32 OR BELOW: 0 0.01 INCH OR MORE: 9
MAX 90 OR ABOVE: 0 0.10 INCH OR MORE: 3
MIN 32 OR BELOW: 0 0.50 INCH OR MORE: 1
MIN 0 OR BELOW: 0 1.00 INCH OR MORE: 0
[HDD (BASE 65) ]
TOTAL THIS MO. 18 CLEAR (SCALE 0-3) 19
DPTR FM NORMAL -14 PTCLDY (SCALE 4-7) 11
TOTAL FM JUL 1 24 CLOUDY (SCALE 8-10) 1
DPTR FM NORMAL -15
[CDD (BASE 65) ]
TOTAL THIS MO. 138
DPTR FM NORMAL 38 [PRESSURE DATA]
TOTAL FM JAN 1 423 HIGHEST SLP M ON M
DPTR FM NORMAL 175 LOWEST SLP M ON M
[REMARKS]
#FINAL-08-22#