000
CXUS55 KPSR 191005
CF6DVT
PRELIMINARY LOCAL CLIMATOLOGICAL DATA (WS FORM: F-6)
STATION: DEER VLY/PHOENIX AZ
MONTH: APRIL
YEAR: 2024
LATITUDE: 33 41 N
LONGITUDE: 112 4 W
TEMPERATURE IN F: :PCPN: SNOW: WIND :SUNSHINE: SKY :PK WND
================================================================================
1 2 3 4 5 6A 6B 7 8 9 10 11 12 13 14 15 16 17 18
12Z AVG MX 2MIN
DY MAX MIN AVG DEP HDD CDD WTR SNW DPTH SPD SPD DIR MIN PSBL S-S WX SPD DR
================================================================================
1 61 46 54 -12 11 0 0.45 0.0 M 5.0 24 300 M M 7 1 31 290
2 74 46 60 -6 5 0 0.00 0.0 0 4.6 15 260 M M 0 20 250
3 79 50 65 -2 0 0 0.00 M M 2.8 12 260 M M 0 15 290
4 82 54 68 1 0 3 0.00 M M 8.3 21 230 M M 0 30 240
5 71 53 62 -5 3 0 0.00 M M 11.7 26 260 M M 3 34 260
6 64 44 54 -13 11 0 0.00 M M 6.6 21 260 M M 0 28 260
7 71 45 58 -10 7 0 0.00 M M 4.5 12 40 M M 0 19 200
8 72 49 61 -7 4 0 0.00 M M 5.7 17 260 M M 0 22 260
9 81 49 65 -3 0 0 0.00 M M 7.5 18 280 M M 0 27 260
10 83 50 67 -1 0 2 0.00 M M 4.4 10 50 M M 0 16 190
11 89 56 73 5 0 8 0.00 M M 6.4 16 160 M M 0 23 120
12 89 57 73 4 0 8 0.00 M M 6.4 23 250 M M 0 33 230
13 83 60 72 3 0 7 0.00 M M 6.8 16 180 M M 0 22 190
14 79 52 66 -3 0 1 0.00 M M 7.1 23 250 M M 0 29 260
15 75 52 64 -5 1 0 0.00 M M 4.6 17 260 M M 0 26 240
16 86 54 70 0 0 5 0.00 M M 4.5 17 280 M M 0 22 290
17 88 56 72 2 0 7 0.00 M M 3.4 13 240 M M 0 19 220
18 88 57 73 3 0 8 0.00 M M 4.0 12 200 M M 0 17 200
================================================================================
SM 1415 930 42 49 0.45 0.0 104.3 M 10
================================================================================
AV 78.6 51.7 5.8 FASTST M M 1 MAX(MPH)
MISC ----> 26 260 34 260
================================================================================
NOTES:
# LAST OF SEVERAL OCCURRENCES
COLUMN 17 PEAK WIND IN M.P.H.
PRELIMINARY LOCAL CLIMATOLOGICAL DATA (WS FORM: F-6) , PAGE 2
STATION: DEER VLY/PHOENIX AZ
MONTH: APRIL
YEAR: 2024
LATITUDE: 33 41 N
LONGITUDE: 112 4 W
[TEMPERATURE DATA] [PRECIPITATION DATA] SYMBOLS USED IN COLUMN 16
AVERAGE MONTHLY: 65.1 TOTAL FOR MONTH: 0.45 1 = FOG OR MIST
DPTR FM NORMAL: -3.0 DPTR FM NORMAL: 0.19 2 = FOG REDUCING VISIBILITY
HIGHEST: 89 ON 11,12 GRTST 24HR 0.65 ON 31- 1 TO 1/4 MILE OR LESS
LOWEST: 44 ON 6 3 = THUNDER
SNOW, ICE PELLETS, HAIL 4 = ICE PELLETS
TOTAL MONTH: 0.0 INCH 5 = HAIL
GRTST 24HR 0.0 6 = FREEZING RAIN OR DRIZZLE
GRTST DEPTH: 0 7 = DUSTSTORM OR SANDSTORM:
VSBY 1/2 MILE OR LESS
8 = SMOKE OR HAZE
[NO. OF DAYS WITH] [WEATHER - DAYS WITH] 9 = BLOWING SNOW
X = TORNADO
MAX 32 OR BELOW: 0 0.01 INCH OR MORE: 1
MAX 90 OR ABOVE: 0 0.10 INCH OR MORE: 1
MIN 32 OR BELOW: 0 0.50 INCH OR MORE: 0
MIN 0 OR BELOW: 0 1.00 INCH OR MORE: 0
[HDD (BASE 65) ]
TOTAL THIS MO. 42 CLEAR (SCALE 0-3) 17
DPTR FM NORMAL 17 PTCLDY (SCALE 4-7) 1
TOTAL FM JUL 1 1120 CLOUDY (SCALE 8-10) 0
DPTR FM NORMAL -75
[CDD (BASE 65) ]
TOTAL THIS MO. 49
DPTR FM NORMAL -29 [PRESSURE DATA]
TOTAL FM JAN 1 56 HIGHEST SLP M ON M
DPTR FM NORMAL -82 LOWEST SLP 29.65 ON 4
[REMARKS]