687
CXUS55 KPSR 011005
CF6DVT
PRELIMINARY LOCAL CLIMATOLOGICAL DATA (WS FORM: F-6)
STATION: DEER VLY/PHOENIX AZ
MONTH: AUGUST
YEAR: 2020
LATITUDE: 33 41 N
LONGITUDE: 112 4 W
TEMPERATURE IN F: :PCPN: SNOW: WIND :SUNSHINE: SKY :PK WND
================================================================================
1 2 3 4 5 6A 6B 7 8 9 10 11 12 13 14 15 16 17 18
12Z AVG MX 2MIN
DY MAX MIN AVG DEP HDD CDD WTR SNW DPTH SPD SPD DIR MIN PSBL S-S WX SPD DR
================================================================================
1 108 89 99 7 0 34 0.00 M M 7.6 17 240 M M 0 32 240
2 106 90 98 6 0 33 0.00 M M 8.2 17 240 M M 0 21 240
3 110 84 97 5 0 32 0.00 M M 4.9 23 250 M M 0 27 260
4 108 82 95 3 0 30 0.00 M M 6.3 17 230 M M 0 24 220
5 107 83 95 3 0 30 0.00 M M 7.6 21 250 M M 0 30 230
6 106 75 91 -1 0 26 0.00 M M 5.0 18 250 M M 0 26 230
7 105 75 90 -2 0 25 0.00 M M 3.6 16 250 M M 0 26 260
8 108 78 93 2 0 28 0.00 M M 5.6 16 240 M M 0 22 270
9 109 76 93 2 0 28 0.00 M M 4.1 17 230 M M 0 8 21 240
10 109 78 94 3 0 29 0.00 M M 5.6 18 260 M M 0 8 25 280
11 107 80 94 3 0 29 0.00 M M 5.1 16 190 M M 0 19 190
12 109 84 97 6 0 32 0.00 M M 5.5 18 270 M M 0 32 270
13 112 88 100 9 0 35 0.00 M M 6.5 17 290 M M 0 23 280
14 115 86 101 10 0 36 0.00 M M 6.4 22 220 M M 0 36 200
15 112 83 98 7 0 33 0.00 M M 5.8 20 220 M M 0 24 220
16 112 87 100 9 0 35 0.02 M M 6.2 41 350 M M 1 38 52 350
17 111 85 98 7 0 33 0.03 M M 6.6 28 130 M M 1 3 36 140
18 110 89 100 9 0 35 0.00 M M 7.2 30 30 M M 0 3 36 40
19 111 86 99 8 0 34 0.00 M M 4.6 17 30 M M 0 21 40
20 109 80 95 4 0 30 0.05 M M 10.2 38 10 M M 1 3 50 330
21 100 82 91 0 0 26 0.00 M M 7.2 20 230 M M 0 30 260
22 104 86 95 4 0 30 T M M 7.7 17 250 M M 0 22 250
23 108 86 97 6 0 32 0.00 M M 3.7 12 260 M M 0 15 230
24 112 89 101 11 0 36 0.00 M M 5.0 16 240 M M 0 8 20 240
25 110 87 99 9 0 34 0.00 M M 5.1 25 10 M M 0 8 31 30
26 109 86 98 8 0 33 0.00 M M 4.0 12 140 M M 0 8 14 140
27 110 85 98 8 0 33 0.00 M M 6.5 22 80 M M 0 8 36 90
28 109 85 97 7 0 32 0.00 M M 6.8 16 230 M M 1 22 250
29 99 79 89 -1 0 24 T M M 7.6 25 140 M M 1 3 35 130
30 99 70 85 -5 0 20 0.21 M M 6.1 33 360 M M 1 13 43 360
31 97 73 85 -5 0 20 0.00 M M 5.3 16 230 M M 0 22 220
================================================================================
SM 3341 2566 0 947 0.31 M 187.6 M 6
================================================================================
AV107.8 82.8 6.1 FASTST M M 0 MAX(MPH)
MISC ----> 41 350 52 350
================================================================================
NOTES:
# LAST OF SEVERAL OCCURRENCES
COLUMN 17 PEAK WIND IN M.P.H.
PRELIMINARY LOCAL CLIMATOLOGICAL DATA (WS FORM: F-6) , PAGE 2
STATION: DEER VLY/PHOENIX AZ
MONTH: AUGUST
YEAR: 2020
LATITUDE: 33 41 N
LONGITUDE: 112 4 W
[TEMPERATURE DATA] [PRECIPITATION DATA] SYMBOLS USED IN COLUMN 16
AVERAGE MONTHLY: 95.3 TOTAL FOR MONTH: 0.31 1 = FOG OR MIST
DPTR FM NORMAL: 4.3 DPTR FM NORMAL: -0.97 2 = FOG REDUCING VISIBILITY
HIGHEST: 115 ON 14 GRTST 24HR 0.21 ON 29-30 TO 1/4 MILE OR LESS
LOWEST: 70 ON 30 3 = THUNDER
SNOW, ICE PELLETS, HAIL 4 = ICE PELLETS
TOTAL MONTH: M 5 = HAIL
GRTST 24HR M ON M 6 = FREEZING RAIN OR DRIZZLE
GRTST DEPTH: M ON M 7 = DUSTSTORM OR SANDSTORM:
VSBY 1/2 MILE OR LESS
8 = SMOKE OR HAZE
[NO. OF DAYS WITH] [WEATHER - DAYS WITH] 9 = BLOWING SNOW
X = TORNADO
MAX 32 OR BELOW: 0 0.01 INCH OR MORE: 4
MAX 90 OR ABOVE: 31 0.10 INCH OR MORE: 1
MIN 32 OR BELOW: 0 0.50 INCH OR MORE: 0
MIN 0 OR BELOW: 0 1.00 INCH OR MORE: 0
[HDD (BASE 65) ]
TOTAL THIS MO. 0 CLEAR (SCALE 0-3) 31
DPTR FM NORMAL 0 PTCLDY (SCALE 4-7) 0
TOTAL FM JUL 1 0 CLOUDY (SCALE 8-10) 0
DPTR FM NORMAL 0
[CDD (BASE 65) ]
TOTAL THIS MO. 947
DPTR FM NORMAL 143 [PRESSURE DATA]
TOTAL FM JAN 1 3235 HIGHEST SLP 29.92 ON 17
DPTR FM NORMAL 308 LOWEST SLP 29.51 ON 27
[REMARKS]
#FINAL-08-20#