000
CXUS55 KPSR 011005
CF6DVT
PRELIMINARY LOCAL CLIMATOLOGICAL DATA (WS FORM: F-6)
STATION: DEER VLY/PHOENIX AZ
MONTH: MARCH
YEAR: 2020
LATITUDE: 33 41 N
LONGITUDE: 112 4 W
TEMPERATURE IN F: :PCPN: SNOW: WIND :SUNSHINE: SKY :PK WND
================================================================================
1 2 3 4 5 6A 6B 7 8 9 10 11 12 13 14 15 16 17 18
12Z AVG MX 2MIN
DY MAX MIN AVG DEP HDD CDD WTR SNW DPTH SPD SPD DIR MIN PSBL S-S WX SPD DR
================================================================================
1 72 52 62 3 3 0 0.00 M M 9.0 20 220 M M 1 25 220
2 63 44 54 -5 11 0 0.07 M M 5.6 15 30 M M 3 3 20 100
3 76 45 61 2 4 0 0.00 M M 7.2 23 250 M M 2 28 250
4 71 46 59 0 6 0 0.00 M M 3.8 12 30 M M 0 13 30
5 83 48 66 6 0 1 0.00 M M 5.7 15 80 M M 0 27 90
6 82 61 72 12 0 7 0.00 M M 7.5 18 140 M M 0 23 140
7 81 56 69 9 0 4 0.00 M M 9.6 21 190 M M 0 25 160
8 71 52 62 2 3 0 0.00 M M 5.2 17 220 M M 3 24 210
9 73 47 60 0 5 0 0.00 M M 4.6 13 150 M M 1 17 120
10 72 55 64 3 1 0 0.25 M M 6.4 14 30 M M 8 1 18 50
11 66 59 63 2 2 0 0.40 M M 3.0 13 230 M M 10 1 14 230
12 69 58 64 3 1 0 0.55 M M 5.6 29 180 M M 8 138 41 180
13 64 49 57 -4 8 0 0.57 M M 7.4 28 270 M M 7 138 37 260
14 70 48 59 -3 6 0 0.00 M M 4.9 13 170 M M 1 16 180
15 74 50 62 0 3 0 0.00 M M 4.0 13 270 M M 0 20 250
16 75 50 63 1 2 0 0.00 M M 5.6 16 180 M M 0 20 160
17 70 52 61 -1 4 0 0.00 M M 4.7 13 250 M M 1 17 200
18 64 48 56 -6 9 0 0.42 M M 7.1 32 200 M M 8 13 38 180
19 62 48 55 -8 10 0 0.01 M M 6.9 16 200 M M 6 1 19 200
20 67 45 56 -7 9 0 0.00 M M 4.1 13 30 M M 1 15 30
21 71 47 59 -4 6 0 0.00 M M 4.6 16 230 M M 0 21 220
22 71 49 60 -3 5 0 0.00 M M 3.5 12 30 M M 0 15 40
23 73 51 62 -2 3 0 0.00 M M 7.0 22 250 M M 2 27 220
24 74 49 62 -2 3 0 0.00 M M 4.9 15 230 M M 0 19 230
25 72 50 61 -3 4 0 0.00 M M 3.2 12 200 M M 0 14 200
26 67 54 61 -3 4 0 0.00 M M 7.6 18 250 M M 0 22 220
27 64 43 54 -10 11 0 0.00 M M 7.9 25 270 M M 3 31 270
28 68 41 55 -10 10 0 0.00 M M 3.9 10 30 M M 0 17 190
29 73 44 59 -6 6 0 0.00 M M 4.5 17 240 M M 0 21 240
30 75 45 60 -5 5 0 0.00 M M 3.8 14 250 M M 0 18 250
31 79 52 66 1 0 1 0.00 M M 3.0 13 40 M M 0 16 40
================================================================================
SM 2212 1538 144 13 2.27 M 171.8 M 65
================================================================================
AV 71.4 49.6 5.5 FASTST M M 2 MAX(MPH)
MISC ----> 32 200 41 180
================================================================================
NOTES:
# LAST OF SEVERAL OCCURRENCES
COLUMN 17 PEAK WIND IN M.P.H.
PRELIMINARY LOCAL CLIMATOLOGICAL DATA (WS FORM: F-6) , PAGE 2
STATION: DEER VLY/PHOENIX AZ
MONTH: MARCH
YEAR: 2020
LATITUDE: 33 41 N
LONGITUDE: 112 4 W
[TEMPERATURE DATA] [PRECIPITATION DATA] SYMBOLS USED IN COLUMN 16
AVERAGE MONTHLY: 60.5 TOTAL FOR MONTH: 2.27 1 = FOG OR MIST
DPTR FM NORMAL: -1.5 DPTR FM NORMAL: 1.06 2 = FOG REDUCING VISIBILITY
HIGHEST: 83 ON 5 GRTST 24HR 0.74 ON 12-13 TO 1/4 MILE OR LESS
LOWEST: 41 ON 28 3 = THUNDER
SNOW, ICE PELLETS, HAIL 4 = ICE PELLETS
TOTAL MONTH: M 5 = HAIL
GRTST 24HR M ON M 6 = FREEZING RAIN OR DRIZZLE
GRTST DEPTH: M ON M 7 = DUSTSTORM OR SANDSTORM:
VSBY 1/2 MILE OR LESS
8 = SMOKE OR HAZE
[NO. OF DAYS WITH] [WEATHER - DAYS WITH] 9 = BLOWING SNOW
X = TORNADO
MAX 32 OR BELOW: 0 0.01 INCH OR MORE: 7
MAX 90 OR ABOVE: 0 0.10 INCH OR MORE: 5
MIN 32 OR BELOW: 0 0.50 INCH OR MORE: 2
MIN 0 OR BELOW: 0 1.00 INCH OR MORE: 0
[HDD (BASE 65) ]
TOTAL THIS MO. 144 CLEAR (SCALE 0-3) 23
DPTR FM NORMAL 3 PTCLDY (SCALE 4-7) 6
TOTAL FM JUL 1 1194 CLOUDY (SCALE 8-10) 2
DPTR FM NORMAL -59
[CDD (BASE 65) ]
TOTAL THIS MO. 13
DPTR FM NORMAL -35 [PRESSURE DATA]
TOTAL FM JAN 1 16 HIGHEST SLP 30.20 ON 5
DPTR FM NORMAL -37 LOWEST SLP 29.64 ON 18
[REMARKS]
#FINAL-03-20#