189
CXUS53 KGID 011957
CF6EAR
PRELIMINARY LOCAL CLIMATOLOGICAL DATA (WS FORM: F-6)
STATION: KEARNEY
MONTH: JANUARY
YEAR: 2021
LATITUDE: 40 43 N
LONGITUDE: 99 0 W
TEMPERATURE IN F: :PCPN: SNOW: WIND :SUNSHINE: SKY :PK WND
================================================================================
1 2 3 4 5 6A 6B 7 8 9 10 11 12 13 14 15 16 17 18
12Z AVG MX 2MIN
DY MAX MIN AVG DEP HDD CDD WTR SNW DPTH SPD SPD DIR MIN PSBL S-S WX SPD DR
================================================================================
1 37 10 24 0 41 0 0.00 M M 7.5 12 320 M M 0 M M
2 39 11 25 1 40 0 0.00 M M 5.2 12 220 M M 0 M M
3 41 19 30 6 35 0 0.00 M M 8.5 13 220 M M 1 M M
4 46 29 38 14 27 0 0.00 M M 9.8 16 310 M M 1 17 270
5 50 24 37 13 28 0 T M M 8.8 16 150 M M 2 M M
6 37 32 35 11 30 0 T M M 12.6 18 340 M M 9 1 31 360
7 35 28 32 8 33 0 T M M 7.9 13 100 M M 9 12 M M
8 33 27 30 6 35 0 T M M 5.5 10 120 M M 10 1 M M
9 37 31 34 10 31 0 T M M 3.9 8 340 M M 10 1 M M
10 39 28 34 10 31 0 T M M 5.7 8 240 M M 9 1 M M
11 46 24 35 11 30 0 0.00 M M 9.7 16 240 M M 0 M M
12 54 24 39 15 26 0 0.00 M M 7.2 12 250 M M 0 M M
13 62 34 48 24 17 0 T M M 9.3 18 290 M M 1 45 330
14 51 33 42 18 23 0 T M M 27.7 38 320 M M 4 54 320
15 34 23 29 5 36 0 T M M 27.4 44 340 M M 10 58 340
16 43 20 32 7 33 0 0.00 M M 9.3 22 340 M M 4 29 340
17 45 27 36 11 29 0 0.00 M M 11.7 21 310 M M 2 25 300
18 43 29 36 11 29 0 T M M 9.5 22 320 M M 5 31 350
19 42 22 32 7 33 0 0.00 M M 12.0 23 330 M M 4 30 320
20 58 24 41 16 24 0 0.00 M M 10.5 16 340 M M 0 M M
21 49 21 35 10 30 0 0.00 M M 9.0 24 10 M M 0 30 10
22 31 18 25 0 40 0 T M M 8.3 12 120 M M 6 M M
23 26 18 22 -3 43 0 T M M 10.3 17 150 M M 8 1 M M
24 27 23 25 0 40 0 M M M 11.0 17 30 M M 10 1 21 350
25 24 17 21 -4 44 0 M M M 16.3 22 20 M M 10 1 28 20
26 21 12 17 -8 48 0 M M M 13.1 23 10 M M 8 1 M M
27 23 0 12 -13 53 0 M M M 6.4 15 50 M M 3 18 M M
28 26 0 13 -12 52 0 M M M 14.1 22 180 M M 8 12 M M
29 31 19 25 0 40 0 T M M 4.9 9 200 M M 9 12 M M
30 33 25 29 4 36 0 0.00 M M 17.2 31 340 M M 10 12 38 340
31 36 20 28 3 37 0 0.00 M M 12.2 22 340 M M 5 31 350
================================================================================
SM 1199 672 1074 0 M M 332.5 M 158
================================================================================
AV 38.7 21.7 10.7 FASTST M M 5 MAX(MPH)
MISC ----> 44 340 M M
================================================================================
NOTES:
# LAST OF SEVERAL OCCURRENCES
COLUMN 17 PEAK WIND IN M.P.H.
PRELIMINARY LOCAL CLIMATOLOGICAL DATA (WS FORM: F-6) , PAGE 2
STATION: KEARNEY
MONTH: JANUARY
YEAR: 2021
LATITUDE: 40 43 N
LONGITUDE: 99 0 W
[TEMPERATURE DATA] [PRECIPITATION DATA] SYMBOLS USED IN COLUMN 16
AVERAGE MONTHLY: 30.2 TOTAL FOR MONTH: M 1 = FOG OR MIST
DPTR FM NORMAL: 5.6 DPTR FM NORMAL: M 2 = FOG REDUCING VISIBILITY
HIGHEST: 62 ON 13 GRTST 24HR M ON M TO 1/4 MILE OR LESS
LOWEST: 0 ON 28,27 3 = THUNDER
SNOW, ICE PELLETS, HAIL 4 = ICE PELLETS
TOTAL MONTH: M 5 = HAIL
GRTST 24HR M ON M 6 = FREEZING RAIN OR DRIZZLE
GRTST DEPTH: M ON M 7 = DUSTSTORM OR SANDSTORM:
VSBY 1/2 MILE OR LESS
8 = SMOKE OR HAZE
[NO. OF DAYS WITH] [WEATHER - DAYS WITH] 9 = BLOWING SNOW
X = TORNADO
MAX 32 OR BELOW: 8 0.01 INCH OR MORE: M
MAX 90 OR ABOVE: 0 0.10 INCH OR MORE: M
MIN 32 OR BELOW: 29 0.50 INCH OR MORE: M
MIN 0 OR BELOW: 2 1.00 INCH OR MORE: M
[HDD (BASE 65) ]
TOTAL THIS MO. 1074 CLEAR (SCALE 0-3) 12
DPTR FM NORMAL -177 PTCLDY (SCALE 4-7) 6
TOTAL FM JUL 1 3335 CLOUDY (SCALE 8-10) 13
DPTR FM NORMAL -561
[CDD (BASE 65) ]
TOTAL THIS MO. 0
DPTR FM NORMAL 0 [PRESSURE DATA]
TOTAL FM JAN 1 0 HIGHEST SLP 30.55 ON 27
DPTR FM NORMAL 0 LOWEST SLP 29.55 ON 13
[REMARKS]
#FINAL-01-21#