000
CXUS53 KEAX 010736
CF6EAX
PRELIMINARY LOCAL CLIMATOLOGICAL DATA (WS FORM: F-6)
STATION: PLEASANT HILL NWS MO
MONTH: MARCH
YEAR: 2023
LATITUDE: 38 48 N
LONGITUDE: 94 16 W
TEMPERATURE IN F: :PCPN: SNOW: WIND :SUNSHINE: SKY :PK WND
================================================================================
1 2 3 4 5 6A 6B 7 8 9 10 11 12 13 14 15 16 17 18
12Z AVG MX 2MIN
DY MAX MIN AVG DEP HDD CDD WTR SNW DPTH SPD SPD DIR MIN PSBL S-S WX SPD DR
================================================================================
1 60 40 50 11 15 0 0.00 0.0 0 M M M M M M M M
2 50 29 40 0 25 0 T 0.0 0 M M M M M M M M
3 53 37 45 5 20 0 0.49 0.0 0 M M M M M M M M
4 60 36 48 8 17 0 T 0.0 0 M M M M M M M M
5 72 41 57 16 8 0 0.00 0.0 0 M M M M M M M M
6 59 37 48 7 17 0 0.00 0.0 0 M M M M M M M M
7 51 36 44 2 21 0 0.36 0.0 0 M M M M M M M M
8 44 40 42 0 23 0 0.04 0.0 0 M M M M M M 1 M M
9 42 37 40 -2 25 0 0.15 0.0 0 M M M M M M M M
10 41 32 37 -6 28 0 0.00 0.0 0 M M M M M M M M
11 40 32 36 -7 29 0 0.23 0.0 0 M M M M M M M M
12 47 28 38 -6 27 0 0.00 0.0 0 M M M M M M M M
13 35 25 30 -14 35 0 T T 0 M M M M M M M M
14 48 20 34 -10 31 0 0.00 0.0 0 M M M M M M M M
15 63 32 48 3 17 0 0.00 0.0 0 M M M M M M M M
16 59 30 45 0 20 0 0.28 0.3 T M M M M M M 12 M M
17 42 24 33 -12 32 0 T T T M M M M M M M M
18 30 16 23 -23 42 0 0.00 0.0 0 M M M M M M M M
19 44 15 30 -16 35 0 0.00 0.0 0 M M M M M M M M
20 61 30 46 0 19 0 0.00 0.0 0 M M M M M M M M
21 46 40 43 -4 22 0 0.36 0.0 0 M M M M M M M M
22 73 44 59 12 6 0 0.04 0.0 0 M M M M M M M M
23 51 38 45 -2 20 0 T 0.0 0 M M M M M M M M
24 46 35 41 -7 24 0 0.66 T 0 M M M M M M M M
25 61 36 49 1 16 0 0.08 0.0 0 M M M M M M M M
26 47 36 42 -6 23 0 0.06 0.0 0 M M M M M M M M
27 53 30 42 -7 23 0 0.04 0.0 0 M M M M M M M M
28 51 35 43 -6 22 0 0.05 0.0 0 M M M M M M M M
29 60 32 46 -3 19 0 0.00 0.0 0 M M M M M M M M
30 67 40 54 4 11 0 0.01 0.0 0 M M M M M M M M
31 78 48 63 13 2 0 0.15 0.0 0 M M M M M M M M
================================================================================
SM 1634 1031 674 0 3.00 0.3 M M M
================================================================================
AV 52.7 33.3 M FASTST M M M MAX(MPH)
MISC ----> M M M M
================================================================================
NOTES:
# LAST OF SEVERAL OCCURRENCES
COLUMN 17 PEAK WIND IN M.P.H.
PRELIMINARY LOCAL CLIMATOLOGICAL DATA (WS FORM: F-6) , PAGE 2
STATION: PLEASANT HILL NWS MO
MONTH: MARCH
YEAR: 2023
LATITUDE: 38 48 N
LONGITUDE: 94 16 W
[TEMPERATURE DATA] [PRECIPITATION DATA] SYMBOLS USED IN COLUMN 16
AVERAGE MONTHLY: 43.0 TOTAL FOR MONTH: 3.00 1 = FOG OR MIST
DPTR FM NORMAL: -1.8 DPTR FM NORMAL: 0.05 2 = FOG REDUCING VISIBILITY
HIGHEST: 78 ON 31 GRTST 24HR 0.66 ON 24-24 TO 1/4 MILE OR LESS
LOWEST: 15 ON 19 3 = THUNDER
SNOW, ICE PELLETS, HAIL 4 = ICE PELLETS
TOTAL MONTH: 0.3 INCH 5 = HAIL
GRTST 24HR 0.3 ON 16-16 6 = FREEZING RAIN OR DRIZZLE
GRTST DEPTH: T 7 = DUSTSTORM OR SANDSTORM:
VSBY 1/2 MILE OR LESS
8 = SMOKE OR HAZE
[NO. OF DAYS WITH] [WEATHER - DAYS WITH] 9 = BLOWING SNOW
X = TORNADO
MAX 32 OR BELOW: 1 0.01 INCH OR MORE: 15
MAX 90 OR ABOVE: 0 0.10 INCH OR MORE: 8
MIN 32 OR BELOW: 14 0.50 INCH OR MORE: 1
MIN 0 OR BELOW: 0 1.00 INCH OR MORE: 0
[HDD (BASE 65) ]
TOTAL THIS MO. 674 CLEAR (SCALE 0-3) 0
DPTR FM NORMAL 45 PTCLDY (SCALE 4-7) 0
TOTAL FM JUL 1 4255 CLOUDY (SCALE 8-10) 31
DPTR FM NORMAL -230
[CDD (BASE 65) ]
TOTAL THIS MO. 0
DPTR FM NORMAL -3 [PRESSURE DATA]
TOTAL FM JAN 1 0 HIGHEST SLP M ON M
DPTR FM NORMAL -3 LOWEST SLP M ON M
[REMARKS]
#FINAL-03-23#