000
CXUS51 KAKQ 011157
CF6ECG
PRELIMINARY LOCAL CLIMATOLOGICAL DATA (WS FORM: F-6)
STATION: ELIZABETH CITY NC
MONTH: JULY
YEAR: 2022
LATITUDE: 36 16 N
LONGITUDE: 76 11 W
TEMPERATURE IN F: :PCPN: SNOW: WIND :SUNSHINE: SKY :PK WND
================================================================================
1 2 3 4 5 6A 6B 7 8 9 10 11 12 13 14 15 16 17 18
12Z AVG MX 2MIN
DY MAX MIN AVG DEP HDD CDD WTR SNW DPTH SPD SPD DIR MIN PSBL S-S WX SPD DR
================================================================================
1 90 68 79 0 0 14 0.00 0.0 0 8.2 18 140 M M 1 128 24 140
2 89 72 81 2 0 16 0.01 0.0 0 9.1 26 200 M M 2 33 200
3 93 71 82 3 0 17 1.17 0.0 0 4.6 23 320 M M 3 13 31 320
4 86 71 79 0 0 14 0.00 0.0 0 6.9 14 110 M M 3 1 18 100
5 90 68 79 0 0 14 0.00 0.0 0 7.3 15 210 M M 1 20 140
6 94 75 85 5 0 20 T 0.0 0 8.6 21 250 M M 0 3 27 250
7 92 75 84 4 0 19 0.09 0.0 0 7.1 20 20 M M 4 13 25 340
8 84 76 80 0 0 15 0.15 0.0 0 7.1 13 120 M M 9 1 15 120
9 88 74 81 1 0 16 0.16 0.0 0 6.5 20 340 M M 8 1 24 340
10 74 68 71 -9 0 6 0.58 0.0 0 14.6 24 50 M M 10 1 28 50
11 80 67 74 -6 0 9 0.02 0.0 0 9.1 16 40 M M 10 1 21 20
12 89 66 78 -2 0 13 0.00 0.0 0 8.7 18 210 M M 3 26 220
13 86 73 80 0 0 15 0.41 0.0 0 7.3 18 220 M M 6 13 22 210
14 84 73 79 -1 0 14 0.00 0.0 0 6.4 15 250 M M 5 20 250
15 83 71 77 -3 0 12 0.10 0.0 0 5.8 14 140 M M 5 13 18 150
16 87 70 79 -1 0 14 T 0.0 0 5.5 18 210 M M 1 1 27 220
17 90 68 79 -1 0 14 0.00 0.0 0 7.2 16 190 M M 1 22 200
18 90 74 82 2 0 17 0.00 0.0 0 10.1 18 210 M M 1 26 210
19 91 77 84 4 0 19 0.00 0.0 0 10.4 17 230 M M 3 22 230
20 92 74 83 3 0 18 0.00 0.0 0 9.9 21 210 M M 1 27 210
21 92 74 83 3 0 18 0.06 0.0 0 12.6 38 280 M M 3 3 48 290
22 94 75 85 5 0 20 0.00 0.0 0 8.5 15 240 M M 1 20 230
23 94 75 85 5 0 20 0.00 0.0 0 8.0 15 210 M M 0 28 240
24 93 74 84 4 0 19 0.00 0.0 0 9.8 18 180 M M 0 24 170
25 93 78 86 6 0 21 0.00 0.0 0 16.1 23 210 M M 3 30 200
26 92 73 83 3 0 18 0.69 0.0 0 10.9 36 290 M M 3 123 44 290
27 93 75 84 4 0 19 0.34 0.0 0 10.1 36 300 M M 1 13 47 300
28 95 75 85 5 0 20 T 0.0 0 10.3 18 220 M M 1 3 28 270
29 95 76 86 6 0 21 0.65 0.0 0 9.4 26 30 M M 3 138 34 30
30 88 71 80 0 0 15 T 0.0 0 6.8 15 60 M M 4 18 60
31 88 72 80 0 0 15 0.37 0.0 0 6.4 20 220 M M 2 13 23 210
================================================================================
SM 2769 2249 0 502 4.80 0.0 269.3 M 98
================================================================================
AV 89.3 72.5 8.7 FASTST M M 3 MAX(MPH)
MISC ----> 38 280 48 290
================================================================================
NOTES:
# LAST OF SEVERAL OCCURRENCES
COLUMN 17 PEAK WIND IN M.P.H.
PRELIMINARY LOCAL CLIMATOLOGICAL DATA (WS FORM: F-6) , PAGE 2
STATION: ELIZABETH CITY NC
MONTH: JULY
YEAR: 2022
LATITUDE: 36 16 N
LONGITUDE: 76 11 W
[TEMPERATURE DATA] [PRECIPITATION DATA] SYMBOLS USED IN COLUMN 16
AVERAGE MONTHLY: 80.9 TOTAL FOR MONTH: 4.80 1 = FOG OR MIST
DPTR FM NORMAL: 1.3 DPTR FM NORMAL: -0.85 2 = FOG REDUCING VISIBILITY
HIGHEST: 95 ON 29,28 GRTST 24HR 1.17 ON 3- 3 TO 1/4 MILE OR LESS
LOWEST: 66 ON 12 3 = THUNDER
SNOW, ICE PELLETS, HAIL 4 = ICE PELLETS
TOTAL MONTH: 0.0 INCH 5 = HAIL
GRTST 24HR 0.0 6 = FREEZING RAIN OR DRIZZLE
GRTST DEPTH: 0 7 = DUSTSTORM OR SANDSTORM:
VSBY 1/2 MILE OR LESS
8 = SMOKE OR HAZE
[NO. OF DAYS WITH] [WEATHER - DAYS WITH] 9 = BLOWING SNOW
X = TORNADO
MAX 32 OR BELOW: 0 0.01 INCH OR MORE: 14
MAX 90 OR ABOVE: 18 0.10 INCH OR MORE: 10
MIN 32 OR BELOW: 0 0.50 INCH OR MORE: 4
MIN 0 OR BELOW: 0 1.00 INCH OR MORE: 1
[HDD (BASE 65) ]
TOTAL THIS MO. 0 CLEAR (SCALE 0-3) 20
DPTR FM NORMAL 0 PTCLDY (SCALE 4-7) 8
TOTAL FM JUL 1 0 CLOUDY (SCALE 8-10) 3
DPTR FM NORMAL 0
[CDD (BASE 65) ]
TOTAL THIS MO. 502
DPTR FM NORMAL 50 [PRESSURE DATA]
TOTAL FM JAN 1 1102 HIGHEST SLP 30.19 ON 31
DPTR FM NORMAL 101 LOWEST SLP 29.77 ON 21
[REMARKS]
#FINAL-07-22#