000
CXUS54 KEWX 011010
CF6ECU
PRELIMINARY LOCAL CLIMATOLOGICAL DATA (WS FORM: F-6)
STATION: EDWARDS COUNTY AIRPORT
MONTH: OCTOBER
YEAR: 2021
LATITUDE: 29 57 N
LONGITUDE: 100 10 W
TEMPERATURE IN F: :PCPN: SNOW: WIND :SUNSHINE: SKY :PK WND
================================================================================
1 2 3 4 5 6A 6B 7 8 9 10 11 12 13 14 15 16 17 18
12Z AVG MX 2MIN
DY MAX MIN AVG DEP HDD CDD WTR SNW DPTH SPD SPD DIR MIN PSBL S-S WX SPD DR
================================================================================
1 81 63 72 M 0 7 0.47 M M 7.3 15 60 M M 8 3 23 60
2 82 66 74 M 0 9 0.00 M M 5.8 12 160 M M 7 1 14 90
3 84 66 75 M 0 10 0.00 M M 2.7 7 150 M M 5 13 0
4 84 66 75 M 0 10 0.00 M M 4.9 9 80 M M 2 16 99
5 86 64 75 M 0 10 0.00 M M 4.1 6 110 M M 3 14 99
6 86 61 74 M 0 9 0.00 M M 7.6 13 160 M M 0 20 170
7 86 63 75 M 0 10 0.00 M M 10.8 15 160 M M 0 21 170
8 86 63 75 M 0 10 0.00 M M 10.5 17 180 M M 0 23 180
9 84 61 73 M 0 8 0.00 M M 11.9 17 150 M M 1 23 150
10 86 66 76 M 0 11 0.00 M M 15.1 21 170 M M 4 28 340
11 84 59 72 M 0 7 0.00 M M 7.6 13 130 M M 5 16 30
12 79 68 74 M 0 9 0.02 M M 17.2 25 150 M M 8 1 37 150
13 81 64 73 M 0 8 0.16 M M 11.4 22 150 M M 8 1 29 150
14 86 61 74 M 0 9 0.00 M M 5.0 10 180 M M 0 1 M M
15 82 59 71 M 0 6 0.00 M M 9.6 15 20 M M 4 1 23 20
16 70 48 59 M 6 0 0.00 M M 7.7 12 40 M M 1 23 40
17 72 46 59 M 6 0 0.00 M M 6.0 12 130 M M 0 16 130
18 73 50 62 M 3 0 0.00 M M 12.2 18 150 M M 0 24 160
19 77 59 68 M 0 3 0.00 M M 13.9 18 150 M M 1 27 150
20 77 64 71 M 0 6 0.00 M M 9.9 20 150 M M 7 29 150
21 82 63 73 M 0 8 0.00 M M 7.0 10 160 M M 4 16 140
22 82 63 73 M 0 8 0.00 M M 7.7 13 160 M M 2 1 20 140
23 82 63 73 M 0 8 0.00 M M 12.9 20 160 M M 2 25 160
24 88 68 78 M 0 13 0.00 M M 8.8 17 150 M M 4 1 24 150
25 90 66 78 M 0 13 0.00 M M 8.8 14 140 M M 2 12 24 140
26 84 70 77 M 0 12 0.00 M M 16.8 24 150 M M 5 1 35 150
27 75 54 65 M 0 0 0.10 M M 15.8 31 290 M M 3 40 310
28 73 46 60 M 5 0 0.00 M M 11.3 22 330 M M 0 8 29 350
29 73 50 62 M 3 0 0.00 M M 10.7 22 330 M M 0 30 330
30 81 52 67 M 0 2 0.00 M M 8.4 15 180 M M 0 21 180
31 81 54 68 M 0 3 0.00 M M 9.7 16 150 M M 0 23 150
================================================================================
SM 2517 1866 23 209 0.75 M 298.9 M 86
================================================================================
AV 81.2 60.2 9.6 FASTST M M 3 MAX(MPH)
MISC ----> 31 290 40 310
================================================================================
NOTES:
# LAST OF SEVERAL OCCURRENCES
COLUMN 17 PEAK WIND IN M.P.H.
PRELIMINARY LOCAL CLIMATOLOGICAL DATA (WS FORM: F-6) , PAGE 2
STATION: EDWARDS COUNTY AIRPORT
MONTH: OCTOBER
YEAR: 2021
LATITUDE: 29 57 N
LONGITUDE: 100 10 W
[TEMPERATURE DATA] [PRECIPITATION DATA] SYMBOLS USED IN COLUMN 16
AVERAGE MONTHLY: 70.7 TOTAL FOR MONTH: 0.75 1 = FOG OR MIST
DPTR FM NORMAL: 0.0 DPTR FM NORMAL: M 2 = FOG REDUCING VISIBILITY
HIGHEST: 90 ON 25 GRTST 24HR 0.47 ON 1- 1 TO 1/4 MILE OR LESS
LOWEST: 46 ON 28,17 3 = THUNDER
SNOW, ICE PELLETS, HAIL 4 = ICE PELLETS
TOTAL MONTH: M 5 = HAIL
GRTST 24HR M ON M 6 = FREEZING RAIN OR DRIZZLE
GRTST DEPTH: M ON M 7 = DUSTSTORM OR SANDSTORM:
VSBY 1/2 MILE OR LESS
8 = SMOKE OR HAZE
[NO. OF DAYS WITH] [WEATHER - DAYS WITH] 9 = BLOWING SNOW
X = TORNADO
MAX 32 OR BELOW: 0 0.01 INCH OR MORE: 4
MAX 90 OR ABOVE: 1 0.10 INCH OR MORE: 2
MIN 32 OR BELOW: 0 0.50 INCH OR MORE: 0
MIN 0 OR BELOW: 0 1.00 INCH OR MORE: 0
[HDD (BASE 65) ]
TOTAL THIS MO. 23 CLEAR (SCALE 0-3) 19
DPTR FM NORMAL M PTCLDY (SCALE 4-7) 11
TOTAL FM JUL 1 23 CLOUDY (SCALE 8-10) 1
DPTR FM NORMAL M
[CDD (BASE 65) ]
TOTAL THIS MO. 209
DPTR FM NORMAL M [PRESSURE DATA]
TOTAL FM JAN 1 2273 HIGHEST SLP M ON M
DPTR FM NORMAL M LOWEST SLP M ON M
[REMARKS]
#FINAL-10-21#