000
CXUS55 KGJT 010910
CF6EEO
PRELIMINARY LOCAL CLIMATOLOGICAL DATA (WS FORM: F-6)
STATION: MEEKER CO
MONTH: APRIL
YEAR: 2021
LATITUDE: 40 2 N
LONGITUDE: 107 53 W
TEMPERATURE IN F: :PCPN: SNOW: WIND :SUNSHINE: SKY :PK WND
================================================================================
1 2 3 4 5 6A 6B 7 8 9 10 11 12 13 14 15 16 17 18
12Z AVG MX 2MIN
DY MAX MIN AVG DEP HDD CDD WTR SNW DPTH SPD SPD DIR MIN PSBL S-S WX SPD DR
================================================================================
1 63 18 41 2 24 0 0.00 M M 5.3 17 230 M M 0 23 220
2 68 24 46 6 19 0 0.00 M M 4.0 16 260 M M 0 23 260
3 73 25 49 9 16 0 0.00 M M 4.7 16 260 M M 0 23 270
4 71 29 50 10 15 0 T M M 6.8 30 270 M M 2 44 270
5 71 28 50 10 15 0 0.00 M M 10.9 31 210 M M 0 44 230
6 52 26 39 -1 26 0 0.02 M M 8.5 25 280 M M 7 12 33 270
7 58 29 44 4 21 0 0.00 M M 4.9 20 290 M M 3 26 230
8 63 29 46 5 19 0 0.00 M M 9.0 29 250 M M 3 42 240
9 53 23 38 -3 27 0 0.00 M M 6.7 28 20 M M 2 35 30
10 63 18 41 0 24 0 0.00 M M 5.8 22 280 M M 0 33 260
11 61 25 43 2 22 0 0.00 M M 6.7 22 260 M M 0 29 260
12 55 19 37 -4 28 0 0.00 M M 6.9 25 20 M M 0 32 40
13 54 25 40 -2 25 0 0.01 M M 4.0 18 220 M M 5 1 23 220
14 56 30 43 1 22 0 0.11 M M 5.3 25 30 M M 7 1 35 40
15 37 29 33 -9 32 0 0.06 M M 6.3 17 360 M M 10 18 22 350
16 40 27 34 -8 31 0 T M M 5.8 18 360 M M 9 25 10
17 50 23 37 -5 28 0 0.00 M M 9.2 24 10 M M 2 33 360
18 55 16 36 -7 29 0 0.00 M M 3.9 13 310 M M 3 19 330
19 60 17 39 -4 26 0 T M M 9.1 35 360 M M 4 46 220
20 45 7 26 -17 39 0 0.00 M M 5.5 17 20 M M 0 22 220
21 49 21 35 -8 30 0 0.00 M M 7.7 23 30 M M 5 26 30
22 54 28 41 -3 24 0 T M M 6.9 18 210 M M 6 1 27 200
23 59 26 43 -1 22 0 0.00 M M 6.8 24 280 M M 5 33 270
24 65 22 44 0 21 0 0.00 M M 13.0 32 250 M M 3 49 260
25 70 32 51 7 14 0 0.00 M M 12.3 36 230 M M 2 50 250
26 62 44 53 8 12 0 0.00 M M 15.3 37 210 M M 2 52 210
27 53 33 43 -2 22 0 0.03 M M 5.4 21 260 M M 6 1 30 280
28 63 31 47 2 18 0 0.00 M M 6.4 20 50 M M 5 26 50
29 73 25 49 3 16 0 0.00 M M 5.8 23 260 M M 0 32 280
30 79 30 55 9 10 0 0.00 M M 3.5 14 280 M M 0 19 240
================================================================================
SM 1775 759 677 0 0.23 M 212.4 M 91
================================================================================
AV 59.2 25.3 7.1 FASTST M M 3 MAX(MPH)
MISC ----> 37 210 52 210
================================================================================
NOTES:
# LAST OF SEVERAL OCCURRENCES
COLUMN 17 PEAK WIND IN M.P.H.
PRELIMINARY LOCAL CLIMATOLOGICAL DATA (WS FORM: F-6) , PAGE 2
STATION: MEEKER CO
MONTH: APRIL
YEAR: 2021
LATITUDE: 40 2 N
LONGITUDE: 107 53 W
[TEMPERATURE DATA] [PRECIPITATION DATA] SYMBOLS USED IN COLUMN 16
AVERAGE MONTHLY: 42.2 TOTAL FOR MONTH: 0.23 1 = FOG OR MIST
DPTR FM NORMAL: -0.1 DPTR FM NORMAL: -1.29 2 = FOG REDUCING VISIBILITY
HIGHEST: 79 ON 30 GRTST 24HR 0.12 ON 13-14 TO 1/4 MILE OR LESS
LOWEST: 7 ON 20 3 = THUNDER
SNOW, ICE PELLETS, HAIL 4 = ICE PELLETS
TOTAL MONTH: M 5 = HAIL
GRTST 24HR M ON M 6 = FREEZING RAIN OR DRIZZLE
GRTST DEPTH: M ON M 7 = DUSTSTORM OR SANDSTORM:
VSBY 1/2 MILE OR LESS
8 = SMOKE OR HAZE
[NO. OF DAYS WITH] [WEATHER - DAYS WITH] 9 = BLOWING SNOW
X = TORNADO
MAX 32 OR BELOW: 0 0.01 INCH OR MORE: 5
MAX 90 OR ABOVE: 0 0.10 INCH OR MORE: 1
MIN 32 OR BELOW: 28 0.50 INCH OR MORE: 0
MIN 0 OR BELOW: 0 1.00 INCH OR MORE: 0
[HDD (BASE 65) ]
TOTAL THIS MO. 677 CLEAR (SCALE 0-3) 18
DPTR FM NORMAL -4 PTCLDY (SCALE 4-7) 10
TOTAL FM JUL 1 7548 CLOUDY (SCALE 8-10) 2
DPTR FM NORMAL 135
[CDD (BASE 65) ]
TOTAL THIS MO. 0
DPTR FM NORMAL 0 [PRESSURE DATA]
TOTAL FM JAN 1 0 HIGHEST SLP M ON M
DPTR FM NORMAL 0 LOWEST SLP 29.37 ON 5
[REMARKS]
#FINAL-04-21#