000
CXUS55 KGJT 011010
CF6EEO
PRELIMINARY LOCAL CLIMATOLOGICAL DATA (WS FORM: F-6)
STATION: MEEKER CO
MONTH: FEBRUARY
YEAR: 2021
LATITUDE: 40 2 N
LONGITUDE: 107 53 W
TEMPERATURE IN F: :PCPN: SNOW: WIND :SUNSHINE: SKY :PK WND
================================================================================
1 2 3 4 5 6A 6B 7 8 9 10 11 12 13 14 15 16 17 18
12Z AVG MX 2MIN
DY MAX MIN AVG DEP HDD CDD WTR SNW DPTH SPD SPD DIR MIN PSBL S-S WX SPD DR
================================================================================
1 34 2 18 -4 47 0 0.00 M M 1.2 6 60 M M 1 7 330
2 47 12 30 8 35 0 0.00 M M 3.7 14 230 M M 7 17 220
3 47 25 36 14 29 0 0.05 M M 11.4 39 230 M M 6 128 52 220
4 31 6 19 -3 46 0 0.00 M M 5.1 17 250 M M 4 26 280
5 28 1 15 -7 50 0 0.22 M M 3.2 15 200 M M 9 12 22 200
6 35 -4 16 -6 49 0 0.00 M M 6.1 22 210 M M 6 128 30 210
7 44 9 27 5 38 0 0.01 M M 11.1 33 250 M M 0 50 250
8 43 15 29 6 36 0 0.00 M M 7.4 32 260 M M 0 46 250
9 40 15 28 5 37 0 0.01 M M 3.5 18 240 M M 9 1 26 230
10 42 28 35 12 30 0 0.01 M M 7.5 20 260 M M 8 26 260
11 42 25 34 10 31 0 0.00 M M 10.2 22 190 M M 8 32 200
12 39 31 35 11 30 0 0.28 M M 3.9 20 230 M M 9 1 25 230
13 36 10 23 -1 42 0 0.07 M M M M M M M M M M
14 15 -5 5 -19 60 0 0.06 M M M M M M M M M M
15 28 0 14 -11 51 0 0.03 M M M M M M M 8 18 M M
16 32 17 25 0 40 0 0.17 M M 3.2 20 290 M M 10 128 25 290
17 29 -3 13 -12 52 0 0.06 M M 3.0 9 20 M M 7 12 15 360
18 27 -9 9 -17 56 0 0.00 M M 2.8 9 110 M M 0 15 100
19 35 1 18 -8 47 0 0.00 M M 5.5 17 200 M M 9 23 200
20 40 10 25 -1 40 0 T M M 7.6 23 30 M M 5 44 250
21 35 2 19 -8 46 0 0.00 M M 3.5 9 140 M M 5 12 150
22 43 4 24 -3 41 0 0.00 M M 2.2 10 50 M M 1 12 60
23 45 8 27 -1 38 0 0.00 M M 4.2 21 290 M M 0 30 300
24 40 6 23 -5 42 0 0.00 M M 6.2 24 30 M M 2 28 20
25 31 7 19 -9 46 0 0.00 M M 2.6 9 30 M M 3 13 60
26 37 7 22 -7 43 0 T M M 8.7 26 260 M M 6 1 36 260
27 29 14 22 -7 43 0 0.02 M M 7.6 21 250 M M 9 1 29 260
28 27 2 15 -14 50 0 0.00 M M 5.0 15 90 M M 3 18 90
================================================================================
SM 1001 236 1195 0 0.99 M 136.4 M 135
================================================================================
AV 35.8 8.4 5.5 FASTST M M 5 MAX(MPH)
MISC ----> 39 230 52 220
================================================================================
NOTES:
# LAST OF SEVERAL OCCURRENCES
COLUMN 17 PEAK WIND IN M.P.H.
PRELIMINARY LOCAL CLIMATOLOGICAL DATA (WS FORM: F-6) , PAGE 2
STATION: MEEKER CO
MONTH: FEBRUARY
YEAR: 2021
LATITUDE: 40 2 N
LONGITUDE: 107 53 W
[TEMPERATURE DATA] [PRECIPITATION DATA] SYMBOLS USED IN COLUMN 16
AVERAGE MONTHLY: 22.1 TOTAL FOR MONTH: 0.99 1 = FOG OR MIST
DPTR FM NORMAL: -2.8 DPTR FM NORMAL: -0.03 2 = FOG REDUCING VISIBILITY
HIGHEST: 47 ON 3, 2 GRTST 24HR 0.28 ON 12-12 TO 1/4 MILE OR LESS
LOWEST: -9 ON 18 3 = THUNDER
SNOW, ICE PELLETS, HAIL 4 = ICE PELLETS
TOTAL MONTH: M 5 = HAIL
GRTST 24HR M ON M 6 = FREEZING RAIN OR DRIZZLE
GRTST DEPTH: M ON M 7 = DUSTSTORM OR SANDSTORM:
VSBY 1/2 MILE OR LESS
8 = SMOKE OR HAZE
[NO. OF DAYS WITH] [WEATHER - DAYS WITH] 9 = BLOWING SNOW
X = TORNADO
MAX 32 OR BELOW: 10 0.01 INCH OR MORE: 12
MAX 90 OR ABOVE: 0 0.10 INCH OR MORE: 3
MIN 32 OR BELOW: 28 0.50 INCH OR MORE: 0
MIN 0 OR BELOW: 5 1.00 INCH OR MORE: 0
[HDD (BASE 65) ]
TOTAL THIS MO. 1195 CLEAR (SCALE 0-3) 9
DPTR FM NORMAL 71 PTCLDY (SCALE 4-7) 9
TOTAL FM JUL 1 5922 CLOUDY (SCALE 8-10) 10
DPTR FM NORMAL 117
[CDD (BASE 65) ]
TOTAL THIS MO. 0
DPTR FM NORMAL 0 [PRESSURE DATA]
TOTAL FM JAN 1 0 HIGHEST SLP 30.64 ON 18
DPTR FM NORMAL 0 LOWEST SLP 29.65 ON 27
[REMARKS]
#FINAL-02-21#