000
CXUS51 KRLX 011121
CF6EKN
PRELIMINARY LOCAL CLIMATOLOGICAL DATA (WS FORM: F-6)
STATION: ELKINS WV
MONTH: JULY
YEAR: 2023
LATITUDE: 38 52 N
LONGITUDE: 79 51 W
TEMPERATURE IN F: :PCPN: SNOW: WIND :SUNSHINE: SKY :PK WND
================================================================================
1 2 3 4 5 6A 6B 7 8 9 10 11 12 13 14 15 16 17 18
12Z AVG MX 2MIN
DY MAX MIN AVG DEP HDD CDD WTR SNW DPTH SPD SPD DIR MIN PSBL S-S WX SPD DR
================================================================================
1 86 63 75 4 0 10 0.41 0.0 0 3.2 20 280 M M 5 123 30 290
2 86 66 76 5 0 11 0.07 0.0 0 4.8 25 290 M M 5 13 35 300
3 83 64 74 3 0 9 0.05 0.0 0 4.6 16 210 M M 8 13 26 230
4 83 65 74 3 0 9 0.10 0.0 0 3.2 13 340 M M 6 18 16 290
5 87 61 74 3 0 9 0.00 0.0 0 1.5 9 320 M M 3 12 13 290
6 89 59 74 3 0 9 0.00 0.0 0 2.4 10 340 M M 2 12 16 290
7 84 63 74 3 0 9 0.03 0.0 0 2.5 12 300 M M 5 1 16 300
8 86 61 74 3 0 9 0.00 0.0 0 1.9 12 300 M M 4 12 14 320
9 79 64 72 1 0 7 1.21 0.0 0 2.2 14 300 M M 6 123 18 300
10 79 56 68 -4 0 3 0.00 0.0 0 4.0 13 360 M M 5 1 17 340
11 82 52 67 -5 0 2 0.00 0.0 0 2.5 12 280 M M 2 12 17 320
12 85 55 70 -2 0 5 0.00 0.0 0 1.8 10 260 M M 1 1 13 270
13 86 59 73 1 0 8 0.15 0.0 0 4.1 14 260 M M 5 13 20 260
14 84 60 72 0 0 7 T 0.0 0 2.0 12 330 M M 3 123 15 340
15 88 62 75 3 0 10 0.48 0.0 0 1.6 15 240 M M 6 1238 22 240
16 82 66 74 2 0 9 0.52 0.0 0 3.3 14 300 M M 7 1 19 290
17 83 59 71 -1 0 6 T 0.0 0 4.0 23 310 M M 5 1238 32 290
18 83 59 71 -1 0 6 0.16 0.0 0 3.5 23 250 M M 3 13 35 220
19 80 63 72 0 0 7 0.05 0.0 0 2.5 12 300 M M 6 1 15 280
20 84 61 73 1 0 8 0.36 0.0 0 1.7 21 240 M M 5 123 28 250
21 78 63 71 -1 0 6 0.39 0.0 0 4.6 17 280 M M 6 13 22 290
22 79 56 68 -4 0 3 0.00 0.0 0 2.3 12 300 M M 4 12 16 300
23 82 54 68 -4 0 3 0.00 0.0 0 1.0 8 330 M M 3 12 11 290
24 83 54 69 -3 0 4 T 0.0 0 2.2 12 290 M M 2 12 15 290
25 83 61 72 0 0 7 T 0.0 0 2.7 17 290 M M 4 13 27 260
26 88 59 74 3 0 9 0.00 0.0 0 2.6 12 260 M M 3 12 15 250
27 89 66 78 7 0 13 0.42 0.0 0 6.3 20 260 M M 4 138 29 320
28 91 64 78 7 0 13 0.30 0.0 0 2.2 30 280 M M 4 123 42 270
29 87 65 76 5 0 11 0.69 0.0 0 6.5 20 290 M M 6 13 29 280
30 81 61 71 0 0 6 T 0.0 0 2.4 9 300 M M 3 1 14 300
31 76 53 65 -6 0 0 0.27 0.0 0 2.7 14 290 M M 5 1 19 330
================================================================================
SM 2596 1874 0 228 5.66 0.0 92.8 M 136
================================================================================
AV 83.7 60.5 3.0 FASTST M M 4 MAX(MPH)
MISC ----> 30 280 42 270
================================================================================
NOTES:
# LAST OF SEVERAL OCCURRENCES
COLUMN 17 PEAK WIND IN M.P.H.
PRELIMINARY LOCAL CLIMATOLOGICAL DATA (WS FORM: F-6) , PAGE 2
STATION: ELKINS WV
MONTH: JULY
YEAR: 2023
LATITUDE: 38 52 N
LONGITUDE: 79 51 W
[TEMPERATURE DATA] [PRECIPITATION DATA] SYMBOLS USED IN COLUMN 16
AVERAGE MONTHLY: 72.1 TOTAL FOR MONTH: 5.66 1 = FOG OR MIST
DPTR FM NORMAL: 0.7 DPTR FM NORMAL: -0.33 2 = FOG REDUCING VISIBILITY
HIGHEST: 91 ON 28 GRTST 24HR 1.21 ON 9- 9 TO 1/4 MILE OR LESS
LOWEST: 52 ON 11 3 = THUNDER
SNOW, ICE PELLETS, HAIL 4 = ICE PELLETS
TOTAL MONTH: 0.0 INCH 5 = HAIL
GRTST 24HR 0.0 6 = FREEZING RAIN OR DRIZZLE
GRTST DEPTH: 0 7 = DUSTSTORM OR SANDSTORM:
VSBY 1/2 MILE OR LESS
8 = SMOKE OR HAZE
[NO. OF DAYS WITH] [WEATHER - DAYS WITH] 9 = BLOWING SNOW
X = TORNADO
MAX 32 OR BELOW: 0 0.01 INCH OR MORE: 17
MAX 90 OR ABOVE: 1 0.10 INCH OR MORE: 13
MIN 32 OR BELOW: 0 0.50 INCH OR MORE: 3
MIN 0 OR BELOW: 0 1.00 INCH OR MORE: 1
[HDD (BASE 65) ]
TOTAL THIS MO. 0 CLEAR (SCALE 0-3) 8
DPTR FM NORMAL -6 PTCLDY (SCALE 4-7) 22
TOTAL FM JUL 1 0 CLOUDY (SCALE 8-10) 1
DPTR FM NORMAL 0
[CDD (BASE 65) ]
TOTAL THIS MO. 228
DPTR FM NORMAL 23 [PRESSURE DATA]
TOTAL FM JAN 1 273 HIGHEST SLP 30.21 ON 26
DPTR FM NORMAL -97 LOWEST SLP 29.82 ON 9
[REMARKS]
#FINAL-07-23#