000
CXUS56 KLKN 011435
CF6EKO
PRELIMINARY LOCAL CLIMATOLOGICAL DATA (WS FORM: F-6)
STATION: ELKO AIRPORT NV
MONTH: FEBRUARY
YEAR: 2021
LATITUDE: 40 49 N
LONGITUDE: 115 47 W
TEMPERATURE IN F: :PCPN: SNOW: WIND :SUNSHINE: SKY :PK WND
================================================================================
1 2 3 4 5 6A 6B 7 8 9 10 11 12 13 14 15 16 17 18
12Z AVG MX 2MIN
DY MAX MIN AVG DEP HDD CDD WTR SNW DPTH SPD SPD DIR MIN PSBL S-S WX SPD DR
================================================================================
1 54 26 40 14 25 0 0.00 0.0 T 7.3 17 170 M M 4 22 180
2 53 27 40 14 25 0 0.00 0.0 T 9.4 21 170 M M 2 26 170
3 42 23 33 6 32 0 0.02 0.5 1 10.5 25 250 M M 7 1 30 250
4 38 19 29 2 36 0 0.00 0.0 T 6.8 17 280 M M 3 21 270
5 47 24 36 9 29 0 T T T 8.9 31 280 M M 6 39 290
6 52 19 36 9 29 0 0.00 0.0 T 9.5 24 250 M M 0 31 230
7 54 20 37 9 28 0 0.00 0.0 T 9.3 29 270 M M 0 37 270
8 54 25 40 12 25 0 0.00 0.0 0 8.2 22 270 M M 3 29 230
9 50 34 42 14 23 0 0.00 0.0 0 4.6 17 260 M M 10 22 220
10 52 30 41 13 24 0 0.00 0.0 0 5.5 21 260 M M 7 39 260
11 52 30 41 12 24 0 0.24 0.0 0 7.8 24 260 M M 9 1 31 270
12 48 36 42 13 23 0 0.06 0.0 0 8.4 22 280 M M 9 25 280
13 39 24 32 3 33 0 0.19 1.1 0 7.9 31 350 M M 8 1 42 340
14 37 23 30 0 35 0 0.02 T 0 7.2 17 250 M M 7 20 270
15 41 30 36 6 29 0 0.22 2.4 2 9.1 21 250 M M 8 1 26 280
16 36 26 31 1 34 0 0.01 T T 8.6 24 280 M M 9 32 280
17 35 18 27 -3 38 0 T T T 8.3 21 310 M M 4 27 310
18 38 12 25 -6 40 0 0.08 0.9 T 4.2 14 240 M M 5 1 18 220
19 49 31 40 9 25 0 0.08 0.7 1 9.6 22 230 M M 9 1 30 220
20 41 27 34 2 31 0 0.01 0.1 T 6.9 21 340 M M 6 1 24 330
21 40 19 30 -2 35 0 0.00 0.0 T 6.0 15 280 M M 0 20 250
22 49 23 36 4 29 0 0.00 0.0 T 4.1 15 270 M M 0 21 250
23 47 23 35 3 30 0 0.00 0.0 0 9.0 22 270 M M 0 26 260
24 35 15 25 -8 40 0 0.00 0.0 0 6.9 23 10 M M 3 31 350
25 38 10 24 -9 41 0 0.00 0.0 0 5.5 18 250 M M 2 21 260
26 42 15 29 -5 36 0 T 0.2 0 10.4 31 250 M M 4 8 41 330
27 32 15 24 -10 41 0 0.08 0.7 T 6.9 21 290 M M 7 128 27 310
28 37 10 24 -10 41 0 0.00 0.0 T 4.5 15 260 M M 2 18 260
================================================================================
SM 1232 634 881 0 1.01 6.6 211.3 M 134
================================================================================
AV 44.0 22.6 7.5 FASTST M M 5 MAX(MPH)
MISC ----> # 31 280 42 340
================================================================================
NOTES:
# LAST OF SEVERAL OCCURRENCES
COLUMN 17 PEAK WIND IN M.P.H.
PRELIMINARY LOCAL CLIMATOLOGICAL DATA (WS FORM: F-6) , PAGE 2
STATION: ELKO AIRPORT NV
MONTH: FEBRUARY
YEAR: 2021
LATITUDE: 40 49 N
LONGITUDE: 115 47 W
[TEMPERATURE DATA] [PRECIPITATION DATA] SYMBOLS USED IN COLUMN 16
AVERAGE MONTHLY: 33.3 TOTAL FOR MONTH: 1.01 1 = FOG OR MIST
DPTR FM NORMAL: 3.4 DPTR FM NORMAL: 0.17 2 = FOG REDUCING VISIBILITY
HIGHEST: 54 ON 8, 7 GRTST 24HR 0.30 ON 11-12 TO 1/4 MILE OR LESS
LOWEST: 10 ON 28,25 3 = THUNDER
SNOW, ICE PELLETS, HAIL 4 = ICE PELLETS
TOTAL MONTH: 6.6 INCHES 5 = HAIL
GRTST 24HR 2.4 ON 15-15 6 = FREEZING RAIN OR DRIZZLE
GRTST DEPTH: 2 ON 15 7 = DUSTSTORM OR SANDSTORM:
VSBY 1/2 MILE OR LESS
8 = SMOKE OR HAZE
[NO. OF DAYS WITH] [WEATHER - DAYS WITH] 9 = BLOWING SNOW
X = TORNADO
MAX 32 OR BELOW: 1 0.01 INCH OR MORE: 11
MAX 90 OR ABOVE: 0 0.10 INCH OR MORE: 3
MIN 32 OR BELOW: 26 0.50 INCH OR MORE: 0
MIN 0 OR BELOW: 0 1.00 INCH OR MORE: 0
[HDD (BASE 65) ]
TOTAL THIS MO. 881 CLEAR (SCALE 0-3) 10
DPTR FM NORMAL -102 PTCLDY (SCALE 4-7) 13
TOTAL FM JUL 1 4607 CLOUDY (SCALE 8-10) 5
DPTR FM NORMAL -561
[CDD (BASE 65) ]
TOTAL THIS MO. 0
DPTR FM NORMAL 0 [PRESSURE DATA]
TOTAL FM JAN 1 0 HIGHEST SLP 30.62 ON 21
DPTR FM NORMAL 0 LOWEST SLP 29.64 ON 13
[REMARKS]
#FINAL-02-21#