000
CXUS56 KLKN 101417
CF6EKO
PRELIMINARY LOCAL CLIMATOLOGICAL DATA (WS FORM: F-6)
STATION: ELKO AIRPORT NV
MONTH: AUGUST
YEAR: 2020
LATITUDE: 40 49 N
LONGITUDE: 115 47 W
TEMPERATURE IN F: :PCPN: SNOW: WIND :SUNSHINE: SKY :PK WND
================================================================================
1 2 3 4 5 6A 6B 7 8 9 10 11 12 13 14 15 16 17 18
12Z AVG MX 2MIN
DY MAX MIN AVG DEP HDD CDD WTR SNW DPTH SPD SPD DIR MIN PSBL S-S WX SPD DR
================================================================================
1 102 50 76 5 0 11 0.00 0.0 0 3.5 16 50 M M 2 20 250
2 102 58 80 9 0 15 0.00 0.0 0 5.7 16 280 M M 2 20 290
3 96 55 76 5 0 11 0.00 0.0 0 8.3 20 260 M M 0 26 260
4 96 51 74 3 0 9 0.00 0.0 0 5.4 18 40 M M 0 29 40
5 96 53 75 5 0 10 0.00 0.0 0 5.8 22 170 M M 0 29 140
6 93 58 76 6 0 11 0.00 0.0 0 5.3 17 280 M M 0 23 260
7 91 54 73 3 0 8 0.00 0.0 0 4.3 18 40 M M 0 25 30
8 93 52 73 3 0 8 0.00 0.0 0 4.3 16 260 M M 0 19 260
9 96 52 74 4 0 9 0.00 0.0 0 5.9 21 270 M M 1 28 270
10 95 52 74 4 0 9 0.00 0.0 0 6.5 25 250 M M 0 30 290
11 90 55 73 3 0 8 T 0.0 0 8.3 40 290 M M 1 52 290
12 91 54 73 4 0 8 0.00 0.0 0 7.8 26 250 M M 0 32 290
13 91 47 69 0 0 4 0.00 0.0 0 7.9 23 280 M M 0 30 230
14 94 51 73 4 0 8 0.00 0.0 0 5.3 22 260 M M 1 27 260
15 98 54 76 7 0 11 0.00 0.0 0 4.4 17 260 M M 2 22 310
16 102 55 79 11 0 14 0.00 0.0 0 5.5 28 280 M M 1 42 230
17 102 60 81 13 0 16 0.00 0.0 0 6.7 18 300 M M 1 47 270
18 103 62 83 15 0 18 T 0.0 0 5.5 26 270 M M 2 3 38 260
19 99 60 80 12 0 15 T 0.0 0 6.1 28 190 M M 1 37 200
20 93 57 75 7 0 10 0.00 0.0 0 6.3 23 260 M M 1 8 27 250
21 96 49 73 6 0 8 0.00 0.0 0 3.7 15 270 M M 1 8 19 280
22 95 51 73 6 0 8 0.00 0.0 0 4.6 15 260 M M 1 8 18 270
23 96 51 74 7 0 9 0.00 0.0 0 3.9 20 250 M M 1 8 26 250
24 96 63 80 14 0 15 T 0.0 0 8.6 35 160 M M 1 38 44 170
25 95 54 75 9 0 10 0.08 0.0 0 6.5 31 240 M M 1 3 39 240
26 94 56 75 9 0 10 0.00 0.0 0 5.8 23 230 M M 0 29 230
27 89 54 72 6 0 7 0.00 0.0 0 5.7 16 40 M M 0 19 290
28 92 50 71 6 0 6 0.00 0.0 0 5.9 17 10 M M 0 23 10
29 91 49 70 5 0 5 0.00 0.0 0 5.0 22 260 M M 0 28 290
30 87 49 68 3 0 3 0.00 0.0 0 8.1 24 280 M M 0 30 250
31 82 39 61 -3 4 0 0.00 0.0 0 10.4 28 250 M M 0 36 290
================================================================================
SM 2936 1655 4 294 0.08 0.0 187.0 M 20
================================================================================
AV 94.7 53.4 6.0 FASTST M M 1 MAX(MPH)
MISC ----> # 40 290 # 52 290
================================================================================
NOTES:
# LAST OF SEVERAL OCCURRENCES
COLUMN 17 PEAK WIND IN M.P.H.
PRELIMINARY LOCAL CLIMATOLOGICAL DATA (WS FORM: F-6) , PAGE 2
STATION: ELKO AIRPORT NV
MONTH: AUGUST
YEAR: 2020
LATITUDE: 40 49 N
LONGITUDE: 115 47 W
[TEMPERATURE DATA] [PRECIPITATION DATA] SYMBOLS USED IN COLUMN 16
AVERAGE MONTHLY: 74.1 TOTAL FOR MONTH: 0.08 1 = FOG OR MIST
DPTR FM NORMAL: 5.8 DPTR FM NORMAL: -0.29 2 = FOG REDUCING VISIBILITY
HIGHEST: 103 ON 18 GRTST 24HR 0.08 ON 25-25 TO 1/4 MILE OR LESS
LOWEST: 39 ON 31 3 = THUNDER
SNOW, ICE PELLETS, HAIL 4 = ICE PELLETS
TOTAL MONTH: 0.0 INCH 5 = HAIL
GRTST 24HR 0.0 6 = FREEZING RAIN OR DRIZZLE
GRTST DEPTH: 0 7 = DUSTSTORM OR SANDSTORM:
VSBY 1/2 MILE OR LESS
8 = SMOKE OR HAZE
[NO. OF DAYS WITH] [WEATHER - DAYS WITH] 9 = BLOWING SNOW
X = TORNADO
MAX 32 OR BELOW: 0 0.01 INCH OR MORE: 1
MAX 90 OR ABOVE: 28 0.10 INCH OR MORE: 0
MIN 32 OR BELOW: 0 0.50 INCH OR MORE: 0
MIN 0 OR BELOW: 0 1.00 INCH OR MORE: 0
[HDD (BASE 65) ]
TOTAL THIS MO. 4 CLEAR (SCALE 0-3) 31
DPTR FM NORMAL -28 PTCLDY (SCALE 4-7) 0
TOTAL FM JUL 1 7 CLOUDY (SCALE 8-10) 0
DPTR FM NORMAL -44
[CDD (BASE 65) ]
TOTAL THIS MO. 294
DPTR FM NORMAL 163 [PRESSURE DATA]
TOTAL FM JAN 1 636 HIGHEST SLP 30.17 ON 17
DPTR FM NORMAL 274 LOWEST SLP 29.62 ON 5
[REMARKS]
#FINAL-08-20#