324
CXUS54 KSHV 011500
CF6ELD
PRELIMINARY LOCAL CLIMATOLOGICAL DATA (WS FORM: F-6)
STATION: EL DORADO
MONTH: MAY
YEAR: 2020
LATITUDE: 33 13 N
LONGITUDE: 92 49 W
TEMPERATURE IN F: :PCPN: SNOW: WIND :SUNSHINE: SKY :PK WND
================================================================================
1 2 3 4 5 6A 6B 7 8 9 10 11 12 13 14 15 16 17 18
12Z AVG MX 2MIN
DY MAX MIN AVG DEP HDD CDD WTR SNW DPTH SPD SPD DIR MIN PSBL S-S WX SPD DR
================================================================================
1 83 50 67 0 0 2 0.00 0.0 0 5.7 16 150 M M 0 21 190
2 85 58 72 4 0 7 0.00 0.0 0 8.2 18 160 M M 0 24 160
3 87 65 76 8 0 11 0.00 0.0 0 7.5 18 200 M M 1 24 200
4 88 65 77 9 0 12 0.00 0.0 0 7.3 17 160 M M 2 24 190
5 80 56 68 0 0 3 0.21 0.0 0 7.6 16 320 M M 2 13 22 310
6 79 49 64 -5 1 0 0.00 0.0 0 6.2 17 10 M M 0 23 10
7 75 49 62 -7 3 0 0.00 0.0 0 6.9 15 120 M M 2 21 120
8 75 51 63 -6 2 0 0.37 0.0 0 8.3 17 340 M M 6 13 25 340
9 70 47 59 -11 6 0 0.00 0.0 0 5.6 18 60 M M 0 22 60
10 77 43 60 -10 5 0 0.00 0.0 0 2.2 10 50 M M 1 13 70
11 76 52 64 -6 1 0 0.00 0.0 0 7.3 14 80 M M 1 19 70
12 80 54 67 -3 0 2 T 0.0 0 7.1 15 100 M M 4 19 150
13 84 64 74 4 0 9 0.00 0.0 0 6.7 20 150 M M 4 27 140
14 85 63 74 3 0 9 0.04 0.0 0 8.3 17 100 M M 5 1 22 130
15 86 67 77 6 0 12 1.86 0.0 0 6.0 18 140 M M 6 13 23 160
16 81 66 74 3 0 9 1.87 0.0 0 8.3 21 90 M M 7 138 30 180
17 75 62 69 -3 0 4 0.17 0.0 0 6.1 18 320 M M 8 1 29 320
18 85 57 71 -1 0 6 0.00 0.0 0 6.6 17 290 M M 0 24 340
19 82 59 71 -1 0 6 0.00 0.0 0 4.5 13 30 M M 4 19 30
20 82 61 72 0 0 7 0.00 0.0 0 4.8 13 60 M M 5 8 17 40
21 85 66 76 4 0 11 T 0.0 0 4.6 13 110 M M 7 13 16 160
22 90 67 79 6 0 14 0.00 0.0 0 6.3 16 150 M M 2 1 22 180
23 78 65 72 -1 0 7 0.25 0.0 0 6.4 28 10 M M 4 13 35 20
24 87 67 77 4 0 12 0.00 0.0 0 6.2 15 100 M M 5 123 20 100
25 87 66 77 3 0 12 0.34 0.0 0 9.1 23 130 M M 5 13 32 130
26 81 63 72 -2 0 7 0.19 0.0 0 4.3 18 140 M M 7 13 25 200
27 80 60 70 -4 0 5 0.09 0.0 0 4.7 16 120 M M 3 13 20 100
28 78 62 70 -4 0 5 0.21 0.0 0 3.7 15 220 M M 4 13 18 220
29 85 61 73 -1 0 8 0.00 0.0 0 5.0 14 340 M M 2 1 18 20
30 87 59 73 -2 0 8 0.00 0.0 0 4.4 12 40 M M 0 15 60
31 86 59 73 -2 0 8 0.00 0.0 0 4.4 14 30 M M 0 19 10
================================================================================
SM 2539 1833 18 196 5.60 0.0 190.3 M 97
================================================================================
AV 81.9 59.1 6.1 FASTST M M 3 MAX(MPH)
MISC ----> # 28 10 # 35 20
================================================================================
NOTES:
# LAST OF SEVERAL OCCURRENCES
COLUMN 17 PEAK WIND IN M.P.H.
PRELIMINARY LOCAL CLIMATOLOGICAL DATA (WS FORM: F-6) , PAGE 2
STATION: EL DORADO
MONTH: MAY
YEAR: 2020
LATITUDE: 33 13 N
LONGITUDE: 92 49 W
[TEMPERATURE DATA] [PRECIPITATION DATA] SYMBOLS USED IN COLUMN 16
AVERAGE MONTHLY: 70.5 TOTAL FOR MONTH: 5.60 1 = FOG OR MIST
DPTR FM NORMAL: -0.8 DPTR FM NORMAL: 0.55 2 = FOG REDUCING VISIBILITY
HIGHEST: 90 ON 22 GRTST 24HR 1.87 ON 16-16 TO 1/4 MILE OR LESS
LOWEST: 43 ON 10 3 = THUNDER
SNOW, ICE PELLETS, HAIL 4 = ICE PELLETS
TOTAL MONTH: 0.0 INCH 5 = HAIL
GRTST 24HR 0.0 6 = FREEZING RAIN OR DRIZZLE
GRTST DEPTH: 0 7 = DUSTSTORM OR SANDSTORM:
VSBY 1/2 MILE OR LESS
8 = SMOKE OR HAZE
[NO. OF DAYS WITH] [WEATHER - DAYS WITH] 9 = BLOWING SNOW
X = TORNADO
MAX 32 OR BELOW: 0 0.01 INCH OR MORE: 11
MAX 90 OR ABOVE: 1 0.10 INCH OR MORE: 9
MIN 32 OR BELOW: 0 0.50 INCH OR MORE: 2
MIN 0 OR BELOW: 0 1.00 INCH OR MORE: 2
[HDD (BASE 65) ]
TOTAL THIS MO. 18 CLEAR (SCALE 0-3) 16
DPTR FM NORMAL -1 PTCLDY (SCALE 4-7) 15
TOTAL FM JUL 1 2304 CLOUDY (SCALE 8-10) 0
DPTR FM NORMAL -369
[CDD (BASE 65) ]
TOTAL THIS MO. 196
DPTR FM NORMAL -16 [PRESSURE DATA]
TOTAL FM JAN 1 315 HIGHEST SLP 30.32 ON 11
DPTR FM NORMAL 4 LOWEST SLP 29.64 ON 16
[REMARKS]
#FINAL-05-20#