000
CXUS54 KEPZ 011031
CLMELP
CLIMATE REPORT
NATIONAL WEATHER SERVICE EL PASO TX/SANTA TERESA NM
257 AM MST FRI DEC 01 2023
...................................
...THE EL PASO CLIMATE SUMMARY FOR THE MONTH OF NOVEMBER 2023...
CLIMATE NORMAL PERIOD 1991 TO 2020
CLIMATE RECORD PERIOD 1879 TO 2023
WEATHER OBSERVED NORMAL DEPART LAST YEAR`S
VALUE DATE(S) VALUE FROM VALUE DATE(S)
NORMAL
................................................................
TEMPERATURE (F)
RECORD
HIGH 87 11/02/1983
LOW 1 11/29/1976
HIGHEST 87R 11/06 72 15 82 11/08
LOWEST 32 11/23 34 -2 27 11/21
AVG. MAXIMUM 69.9 67.0 2.9 65.4
AVG. MINIMUM 46.4 42.0 4.4 40.2
MEAN 58.2 54.5 3.7 52.8
DAYS MAX >= 90 0 0.0 0.0 0
DAYS MAX <= 32 0 0.0 0.0 0
DAYS MIN <= 32 1 4.7 -3.7 2
DAYS MIN <= 0 0 0.0 0.0 0
PRECIPITATION (INCHES)
RECORD
MAXIMUM 2.50 1906
MINIMUM 0.00 2005
TOTALS 0.27 0.43 -0.16 0.12
DAYS >= .01 3 1
DAYS >= .10 1 1
DAYS >= .50 0 0
DAYS >= 1.00 0 0
GREATEST
24 HR. TOTAL 0.21 11/09 TO 11/10
SNOWFALL (INCHES)
TOTALS 0.0 T
SNOWDEPTH AVG. 0 0
DAYS >= TRACE 0 1
GREATEST
SNOW DEPTH 0
24 HR TOTAL 0
DEGREE DAYS
HEATING TOTAL 230 321 -91 358
SINCE 7/1 277 385 -108 MM
COOLING TOTAL 32 6 26 0
SINCE 1/1 3537 2661 876 MM
FREEZE DATES
RECORD
EARLIEST 10/16/1880
LATEST 05/02/1967
EARLIEST 11/23 MM
LATEST 03/19
................................................................
WIND (MPH)
AVERAGE WIND SPEED 7.1
HIGHEST WIND SPEED/DIRECTION 40/280 DATE 11/20
HIGHEST GUST SPEED/DIRECTION 59/260 DATE 11/20
SKY COVER
AVERAGE SKY COVER 0.42
AVERAGE RH (PERCENT) 43
WEATHER CONDITIONS. NUMBER OF DAYS WITH
THUNDERSTORM 2 MIXED PRECIP 0
HEAVY RAIN 1 RAIN 0
LIGHT RAIN 4 FREEZING RAIN 0
LT FREEZING RAIN 0 HAIL 0
HEAVY SNOW 0 SNOW 0
LIGHT SNOW 0 SLEET 0
FOG 0 FOG W/VIS <= 1/4 MILE 0
HAZE 0
- INDICATES NEGATIVE NUMBERS.
R INDICATES RECORD WAS SET OR TIED.
MM INDICATES DATA IS MISSING.
T INDICATES TRACE AMOUNT.
$$