000
CXUS56 KLKN 021347
CF6ELY
PRELIMINARY LOCAL CLIMATOLOGICAL DATA (WS FORM: F-6)
STATION: ELY AIRPORT NV
MONTH: MARCH
YEAR: 2021
LATITUDE: 39 16 N
LONGITUDE: 114 51 W
TEMPERATURE IN F: :PCPN: SNOW: WIND :SUNSHINE: SKY :PK WND
================================================================================
1 2 3 4 5 6A 6B 7 8 9 10 11 12 13 14 15 16 17 18
12Z AVG MX 2MIN
DY MAX MIN AVG DEP HDD CDD WTR SNW DPTH SPD SPD DIR MIN PSBL S-S WX SPD DR
================================================================================
1 53 8 31 -2 34 0 0.00 0.0 0 8.7 17 220 M M 0 21 180
2 55 16 36 3 29 0 0.00 0.0 0 6.7 14 200 M M 0 17 200
3 56 13 35 2 30 0 0.00 0.0 0 M M M M M 2 M M
4 56 21 39 5 26 0 0.00 0.0 0 M 3 150 M M 1 6 130
5 60 19 40 6 25 0 0.00 0.0 0 12.7 18 200 M M 0 23 180
6 61 24 43 9 22 0 0.00 0.0 0 17.5 36 150 M M 0 51 150
7 62 17 40 6 25 0 0.00 0.0 0 9.8 22 170 M M 0 31 160
8 59 33 46 11 19 0 0.00 0.0 0 17.2 30 210 M M 1 40 210
9 35 14 25 -10 40 0 T T 0 8.3 16 30 M M 6 8 19 30
10 35 9 22 -13 43 0 0.16 2.5 0 10.4 21 150 M M 6 26 150
11 33 15 24 -11 41 0 0.03 0.6 2 8.0 10 120 M M 7 16 200
12 40 23 32 -4 33 0 T T 1 15.8 28 20 M M 5 35 20
13 47 22 35 -1 30 0 0.00 0.0 0 12.4 24 360 M M 5 31 360
14 55 11 33 -3 32 0 0.00 0.0 0 6.5 14 170 M M 0 17 20
15 52 26 39 3 26 0 0.18 0.4 0 15.3 30 170 M M 3 37 160
16 51 24 38 2 27 0 0.07 0.2 T 7.3 23 50 M M 7 31 40
17 54 20 37 0 28 0 0.00 0.0 0 8.2 15 260 M M 2 21 260
18 59 32 46 9 19 0 0.00 0.0 0 9.0 18 220 M M 2 25 170
19 60 34 47 10 18 0 0.00 0.0 0 16.0 30 150 M M 3 37 150
20 49 24 37 0 28 0 0.97 5.8 0 7.9 28 210 M M 9 12 41 210
21 38 17 28 -9 37 0 T T 4 7.4 22 360 M M 6 25 360
22 39 14 27 -11 38 0 0.02 0.2 1 6.4 15 320 M M 6 18 20 330
23 36 20 28 -10 37 0 0.02 0.4 2 16.5 30 360 M M 8 1 37 10
24 43 22 33 -5 32 0 T T 2 12.1 22 10 M M 4 27 360
25 36 26 31 -7 34 0 0.06 T T M M M M M 9 128 M M
26 44 21 33 -5 32 0 0.03 0.4 T 10.0 18 10 M M 5 1 24 20
27 55 18 37 -1 28 0 0.00 0.0 T 7.8 16 30 M M 0 21 360
28 63 22 43 4 22 0 0.00 0.0 0 9.2 22 210 M M 0 30 220
29 59 28 44 5 21 0 0.00 0.0 0 11.9 24 320 M M 0 36 320
30 45 8 27 -12 38 0 0.00 0.0 0 5.6 15 10 M M 0 19 40
31 59 13 36 -3 29 0 0.00 0.0 0 6.9 14 190 M M 0 15 190
================================================================================
SM 1549 614 923 0 1.54 10.5 291.5 M 97
================================================================================
AV 50.0 19.8 10.4 FASTST M M 3 MAX(MPH)
MISC ----> 36 150 51 150
================================================================================
NOTES:
# LAST OF SEVERAL OCCURRENCES
COLUMN 17 PEAK WIND IN M.P.H.
PRELIMINARY LOCAL CLIMATOLOGICAL DATA (WS FORM: F-6) , PAGE 2
STATION: ELY AIRPORT NV
MONTH: MARCH
YEAR: 2021
LATITUDE: 39 16 N
LONGITUDE: 114 51 W
[TEMPERATURE DATA] [PRECIPITATION DATA] SYMBOLS USED IN COLUMN 16
AVERAGE MONTHLY: 34.9 TOTAL FOR MONTH: 1.54 1 = FOG OR MIST
DPTR FM NORMAL: -1.4 DPTR FM NORMAL: 0.61 2 = FOG REDUCING VISIBILITY
HIGHEST: 63 ON 28 GRTST 24HR 0.97 ON 20-20 TO 1/4 MILE OR LESS
LOWEST: 8 ON 30, 1 3 = THUNDER
SNOW, ICE PELLETS, HAIL 4 = ICE PELLETS
TOTAL MONTH: 10.5 INCHES 5 = HAIL
GRTST 24HR 5.8 ON 20-20 6 = FREEZING RAIN OR DRIZZLE
GRTST DEPTH: 4 ON 21 7 = DUSTSTORM OR SANDSTORM:
VSBY 1/2 MILE OR LESS
8 = SMOKE OR HAZE
[NO. OF DAYS WITH] [WEATHER - DAYS WITH] 9 = BLOWING SNOW
X = TORNADO
MAX 32 OR BELOW: 0 0.01 INCH OR MORE: 9
MAX 90 OR ABOVE: 0 0.10 INCH OR MORE: 3
MIN 32 OR BELOW: 29 0.50 INCH OR MORE: 1
MIN 0 OR BELOW: 0 1.00 INCH OR MORE: 0
[HDD (BASE 65) ]
TOTAL THIS MO. 923 CLEAR (SCALE 0-3) 16
DPTR FM NORMAL 33 PTCLDY (SCALE 4-7) 13
TOTAL FM JUL 1 5854 CLOUDY (SCALE 8-10) 2
DPTR FM NORMAL -373
[CDD (BASE 65) ]
TOTAL THIS MO. 0
DPTR FM NORMAL 0 [PRESSURE DATA]
TOTAL FM JAN 1 0 HIGHEST SLP 30.53 ON 31
DPTR FM NORMAL 0 LOWEST SLP 29.50 ON 15
[REMARKS]
#FINAL-03-21#