796
CXUS56 KOTX 010900
CF6EPH
PRELIMINARY LOCAL CLIMATOLOGICAL DATA (WS FORM: F-6)
STATION: EPHRATA WA AIRPORT
MONTH: JULY
YEAR: 2020
LATITUDE: 47 18 N
LONGITUDE: 119 31 W
TEMPERATURE IN F: :PCPN: SNOW: WIND :SUNSHINE: SKY :PK WND
================================================================================
1 2 3 4 5 6A 6B 7 8 9 10 11 12 13 14 15 16 17 18
12Z AVG MX 2MIN
DY MAX MIN AVG DEP HDD CDD WTR SNW DPTH SPD SPD DIR MIN PSBL S-S WX SPD DR
================================================================================
1 75 57 66 -5 0 1 T M M 10.9 23 300 M M 7 32 220
2 79 51 65 -6 0 0 0.00 M M 10.1 24 200 M M 1 29 200
3 83 50 67 -4 0 2 0.00 M M 11.2 24 320 M M 0 29 310
4 83 55 69 -3 0 4 0.00 M M 9.6 21 310 M M 1 27 310
5 83 58 71 -1 0 6 0.00 M M 5.8 18 310 M M 0 23 320
6 87 55 71 -1 0 6 0.00 M M 8.7 24 300 M M 0 32 310
7 81 60 71 -1 0 6 0.00 M M 10.5 26 300 M M 2 33 300
8 80 56 68 -5 0 3 0.00 M M 7.1 17 300 M M 0 23 300
9 80 55 68 -5 0 3 T M M 8.8 22 310 M M 2 27 320
10 84 59 72 -1 0 7 0.00 M M 8.5 21 300 M M 0 31 200
11 92 55 74 0 0 9 0.00 M M 9.9 24 310 M M 0 31 320
12 83 58 71 -3 0 6 0.00 M M 14.4 26 310 M M 0 34 310
13 81 50 66 -8 0 1 0.00 M M 7.6 17 330 M M 0 24 320
14 88 52 70 -4 0 5 0.00 M M 6.6 17 230 M M 0 24 220
15 93 52 73 -1 0 8 0.00 M M 7.8 18 310 M M 0 24 300
16 94 70 82 7 0 17 0.00 M M 12.1 24 320 M M 0 33 250
17 89 68 79 4 0 14 0.00 M M 11.5 23 240 M M 2 29 250
18 90 68 79 4 0 14 0.00 M M 10.6 20 330 M M 0 26 310
19 94 60 77 2 0 12 0.00 M M 7.0 16 310 M M 0 21 190
20 96 70 83 8 0 18 0.00 M M 7.7 16 30 M M 0 21 30
21 99 65 82 6 0 17 0.00 M M 8.4 18 320 M M 0 24 190
22 96 74 85 9 0 20 0.00 M M 12.0 24 290 M M 0 30 300
23 90 68 79 3 0 14 0.00 M M 12.2 28 310 M M 0 33 310
24 85 54 70 -6 0 5 0.00 M M 12.1 23 300 M M 0 31 310
25 86 60 73 -3 0 8 0.00 M M 9.3 24 310 M M 0 31 320
26 95 62 79 3 0 14 0.00 M M 8.2 15 320 M M 0 19 10
27 98 59 79 3 0 14 0.00 M M 5.2 14 200 M M 0 19 200
28 100 62 81 5 0 16 0.00 M M 10.1 20 310 M M 0 28 180
29 98 63 81 5 0 16 0.00 M M 5.4 18 320 M M 0 22 320
30 107 72 90 14 0 25 0.00 M M 9.8 18 70 M M 0 24 60
31 103 76 90 14 0 25 0.00 M M 13.2 23 310 M M 0 31 290
================================================================================
SM 2772 1874 0 316 T M 292.3 M 15
================================================================================
AV 89.4 60.5 9.4 FASTST M M 0 MAX(MPH)
MISC ----> # 28 310 # 34 310
================================================================================
NOTES:
# LAST OF SEVERAL OCCURRENCES
COLUMN 17 PEAK WIND IN M.P.H.
PRELIMINARY LOCAL CLIMATOLOGICAL DATA (WS FORM: F-6) , PAGE 2
STATION: EPHRATA WA AIRPORT
MONTH: JULY
YEAR: 2020
LATITUDE: 47 18 N
LONGITUDE: 119 31 W
[TEMPERATURE DATA] [PRECIPITATION DATA] SYMBOLS USED IN COLUMN 16
AVERAGE MONTHLY: 74.9 TOTAL FOR MONTH: T 1 = FOG OR MIST
DPTR FM NORMAL: 0.7 DPTR FM NORMAL: -0.40 2 = FOG REDUCING VISIBILITY
HIGHEST: 107 ON 30 GRTST 24HR T ON 9- 9 TO 1/4 MILE OR LESS
LOWEST: 50 ON 13, 3 3 = THUNDER
SNOW, ICE PELLETS, HAIL 4 = ICE PELLETS
TOTAL MONTH: M 5 = HAIL
GRTST 24HR M ON M 6 = FREEZING RAIN OR DRIZZLE
GRTST DEPTH: M ON M 7 = DUSTSTORM OR SANDSTORM:
VSBY 1/2 MILE OR LESS
8 = SMOKE OR HAZE
[NO. OF DAYS WITH] [WEATHER - DAYS WITH] 9 = BLOWING SNOW
X = TORNADO
MAX 32 OR BELOW: 0 0.01 INCH OR MORE: 0
MAX 90 OR ABOVE: 15 0.10 INCH OR MORE: 0
MIN 32 OR BELOW: 0 0.50 INCH OR MORE: 0
MIN 0 OR BELOW: 0 1.00 INCH OR MORE: 0
[HDD (BASE 65) ]
TOTAL THIS MO. 0 CLEAR (SCALE 0-3) 30
DPTR FM NORMAL -8 PTCLDY (SCALE 4-7) 1
TOTAL FM JUL 1 0 CLOUDY (SCALE 8-10) 0
DPTR FM NORMAL -8
[CDD (BASE 65) ]
TOTAL THIS MO. 316
DPTR FM NORMAL 23 [PRESSURE DATA]
TOTAL FM JAN 1 472 HIGHEST SLP M ON M
DPTR FM NORMAL 32 LOWEST SLP 29.60 ON 22
[REMARKS]
#FINAL-07-20#