146
CXUS51 KCLE 010800
CF6ERI
PRELIMINARY LOCAL CLIMATOLOGICAL DATA (WS FORM: F-6)
STATION: ERIE PA
MONTH: SEPTEMBER
YEAR: 2020
LATITUDE: 42 4 N
LONGITUDE: 80 11 W
TEMPERATURE IN F: :PCPN: SNOW: WIND :SUNSHINE: SKY :PK WND
================================================================================
1 2 3 4 5 6A 6B 7 8 9 10 11 12 13 14 15 16 17 18
12Z AVG MX 2MIN
DY MAX MIN AVG DEP HDD CDD WTR SNW DPTH SPD SPD DIR MIN PSBL S-S WX SPD DR
================================================================================
1 84 68 76 8 0 11 0.00 0.0 0 10.0 17 160 M M 4 23 180
2 83 67 75 7 0 10 T 0.0 0 11.5 21 280 M M 6 8 30 280
3 85 65 75 7 0 10 0.00 0.0 0 9.5 21 200 M M 1 26 300
4 74 58 66 -2 0 1 0.00 0.0 0 8.9 16 280 M M 4 23 280
5 76 57 67 0 0 2 T 0.0 0 8.4 24 60 M M 6 27 60
6 76 55 66 -1 0 1 T 0.0 0 6.1 20 180 M M 2 27 180
7 75 65 70 3 0 5 0.09 0.0 0 14.1 28 200 M M 4 3 38 180
8 89 65 77 10 0 12 0.00 0.0 0 8.5 21 60 M M 3 26 40
9 85 63 74 8 0 9 0.00 0.0 0 5.2 15 20 M M 1 1 17 20
10 72 62 67 1 0 2 T 0.0 0 5.9 18 30 M M 10 128 24 30
11 69 54 62 -4 3 0 T 0.0 0 12.4 21 40 M M 6 18 27 20
12 84 52 68 3 0 3 0.00 0.0 0 11.2 24 150 M M 3 33 150
13 76 65 71 6 0 6 0.41 0.0 0 12.7 23 160 M M 6 18 33 160
14 69 52 61 -4 4 0 0.00 0.0 0 7.8 15 20 M M 6 21 10
15 70 46 58 -6 7 0 0.00 0.0 0 6.0 14 180 M M 0 17 170
16 76 53 65 1 0 0 0.00 0.0 0 8.1 17 200 M M 0 21 200
17 70 57 64 0 1 0 T 0.0 0 7.6 22 30 M M 5 28 30
18 64 52 58 -5 7 0 0.00 0.0 0 11.3 21 30 M M 7 26 10
19 62 43 53 -10 12 0 0.00 0.0 0 5.6 15 10 M M 2 8 18 10
20 67 45 56 -6 9 0 0.00 0.0 0 9.1 20 40 M M 0 27 20
21 70 48 59 -3 6 0 0.00 0.0 0 8.7 20 180 M M 0 25 190
22 69 47 58 -4 7 0 0.00 0.0 0 6.7 13 270 M M 0 15 270
23 74 55 65 4 0 0 0.00 0.0 0 8.2 16 260 M M 1 22 290
24 76 60 68 7 0 3 0.00 0.0 0 6.5 13 270 M M 0 8 16 250
25 80 58 69 9 0 4 0.00 0.0 0 5.3 13 170 M M 0 16 170
26 83 59 71 11 0 6 0.00 0.0 0 10.0 16 200 M M 1 22 200
27 83 67 75 15 0 10 0.00 0.0 0 13.5 24 180 M M 0 32 200
28 84 59 72 13 0 7 0.71 0.0 0 12.0 21 190 M M 5 1 28 280
29 65 53 59 0 6 0 0.37 0.0 0 8.4 17 200 M M 7 1 20 260
30 66 52 59 1 6 0 0.44 0.0 0 16.0 32 180 M M 7 13 43 170
================================================================================
SM 2256 1702 68 102 2.02 0.0 275.2 M 97
================================================================================
AV 75.2 56.7 9.2 FASTST M M 3 MAX(MPH)
MISC ----> 32 180 43 170
================================================================================
NOTES:
# LAST OF SEVERAL OCCURRENCES
COLUMN 17 PEAK WIND IN M.P.H.
PRELIMINARY LOCAL CLIMATOLOGICAL DATA (WS FORM: F-6) , PAGE 2
STATION: ERIE PA
MONTH: SEPTEMBER
YEAR: 2020
LATITUDE: 42 4 N
LONGITUDE: 80 11 W
[TEMPERATURE DATA] [PRECIPITATION DATA] SYMBOLS USED IN COLUMN 16
AVERAGE MONTHLY: 66.0 TOTAL FOR MONTH: 2.02 1 = FOG OR MIST
DPTR FM NORMAL: 2.2 DPTR FM NORMAL: -2.59 2 = FOG REDUCING VISIBILITY
HIGHEST: 89 ON 8 GRTST 24HR 0.81 ON 28-29 TO 1/4 MILE OR LESS
LOWEST: 43 ON 19 3 = THUNDER
SNOW, ICE PELLETS, HAIL 4 = ICE PELLETS
TOTAL MONTH: 0.0 INCH 5 = HAIL
GRTST 24HR 0.0 6 = FREEZING RAIN OR DRIZZLE
GRTST DEPTH: 0 7 = DUSTSTORM OR SANDSTORM:
VSBY 1/2 MILE OR LESS
8 = SMOKE OR HAZE
[NO. OF DAYS WITH] [WEATHER - DAYS WITH] 9 = BLOWING SNOW
X = TORNADO
MAX 32 OR BELOW: 0 0.01 INCH OR MORE: 5
MAX 90 OR ABOVE: 0 0.10 INCH OR MORE: 4
MIN 32 OR BELOW: 0 0.50 INCH OR MORE: 1
MIN 0 OR BELOW: 0 1.00 INCH OR MORE: 0
[HDD (BASE 65) ]
TOTAL THIS MO. 68 CLEAR (SCALE 0-3) 16
DPTR FM NORMAL -38 PTCLDY (SCALE 4-7) 13
TOTAL FM JUL 1 68 CLOUDY (SCALE 8-10) 1
DPTR FM NORMAL -54
[CDD (BASE 65) ]
TOTAL THIS MO. 102
DPTR FM NORMAL 31 [PRESSURE DATA]
TOTAL FM JAN 1 965 HIGHEST SLP 30.56 ON 21
DPTR FM NORMAL 336 LOWEST SLP 29.58 ON 30
[REMARKS]
#FINAL-09-20#