000
CXUS54 KEWX 011010
CF6ERV
PRELIMINARY LOCAL CLIMATOLOGICAL DATA (WS FORM: F-6)
STATION: KERRVILLE
MONTH: SEPTEMBER
YEAR: 2021
LATITUDE: 29 58 N
LONGITUDE: 99 5 W
TEMPERATURE IN F: :PCPN: SNOW: WIND :SUNSHINE: SKY :PK WND
================================================================================
1 2 3 4 5 6A 6B 7 8 9 10 11 12 13 14 15 16 17 18
12Z AVG MX 2MIN
DY MAX MIN AVG DEP HDD CDD WTR SNW DPTH SPD SPD DIR MIN PSBL S-S WX SPD DR
================================================================================
1 96 76 86 M 0 21 M M M 7.1 13 170 M M 3 1 18 160
2 94 74 84 M 0 19 M M M 7.2 12 160 M M 3 18 17 160
3 94 74 84 M 0 19 M M M 8.0 13 170 M M 4 18 150
4 94 74 84 M 0 19 M M M 5.6 14 170 M M 4 21 160
5 98 72 85 M 0 20 M M M 3.5 8 140 M M 0 M M
6 97 69 83 M 0 18 0.63 M M 2.3 15 80 M M 2 3 22 80
7 92 64 78 M 0 13 0.05 M M 2.1 10 170 M M 1 22 30
8 97 65 81 M 0 16 M M M 2.7 10 70 M M 1 1 16 0
9 92 61 77 M 0 12 M M M 3.0 10 30 M M 0 17 20
10 92 56 74 M 0 9 M M M 2.5 10 50 M M 0 M M
11 89 59 74 M 0 9 0.00 M M 2.4 8 90 M M 1 17 100
12 92 59 76 M 0 11 M M M 4.0 10 100 M M 5 17 120
13 84 66 75 M 0 10 M M M 4.4 12 100 M M 6 28 110
14 92 61 77 M 0 12 M M M 3.4 10 350 M M 2 17 30
15 89 63 76 M 0 11 M M M 3.8 13 30 M M 5 17 30
16 92 61 77 M 0 12 M M M 1.8 7 150 M M 2 M M
17 97 63 80 M 0 15 M M M 3.2 9 160 M M 1 M M
18 95 69 82 M 0 17 M M M 3.1 10 70 M M 3 M M
19 97 64 81 M 0 16 M M M 2.3 8 260 M M 1 20 230
20 98 72 85 M 0 20 M M M 6.4 13 150 M M 0 21 200
21 85 74 80 M 0 15 M M M 7.6 14 350 M M 6 18 360
22 83 52 68 M 0 3 M M M 7.0 17 30 M M 2 23 50
23 85 44 65 M 0 0 M M M 2.5 7 130 M M 0 M M
24 85 47 66 M 0 1 M M M 3.2 12 170 M M 0 M M
25 86 51 69 M 0 4 M M M 2.7 8 160 M M 0 21 140
26 87 51 69 M 0 4 M M M 3.0 12 180 M M 0 M M
27 92 61 77 M 0 12 M M M 5.9 10 170 M M 4 16 190
28 94 68 81 M 0 16 0.17 M M 7.3 15 170 M M 6 3 31 120
29 85 63 74 M 0 9 1.04 M M 5.5 14 310 M M 5 3 24 310
30 92 67 80 M 0 15 0.43 M M 5.8 13 140 M M 6 17 140
================================================================================
SM 2745 1900 0 378 2.32 M 129.1 M 73
================================================================================
AV 91.5 63.3 4.3 FASTST M M 2 MAX(MPH)
MISC ----> 17 30 31 120
================================================================================
NOTES:
# LAST OF SEVERAL OCCURRENCES
COLUMN 17 PEAK WIND IN M.P.H.
PRELIMINARY LOCAL CLIMATOLOGICAL DATA (WS FORM: F-6) , PAGE 2
STATION: KERRVILLE
MONTH: SEPTEMBER
YEAR: 2021
LATITUDE: 29 58 N
LONGITUDE: 99 5 W
[TEMPERATURE DATA] [PRECIPITATION DATA] SYMBOLS USED IN COLUMN 16
AVERAGE MONTHLY: 77.4 TOTAL FOR MONTH: 2.32 1 = FOG OR MIST
DPTR FM NORMAL: 0.0 DPTR FM NORMAL: M 2 = FOG REDUCING VISIBILITY
HIGHEST: 98 ON 20, 5 GRTST 24HR 1.04 ON 29-29 TO 1/4 MILE OR LESS
LOWEST: 44 ON 23 3 = THUNDER
SNOW, ICE PELLETS, HAIL 4 = ICE PELLETS
TOTAL MONTH: M 5 = HAIL
GRTST 24HR M ON M 6 = FREEZING RAIN OR DRIZZLE
GRTST DEPTH: M ON M 7 = DUSTSTORM OR SANDSTORM:
VSBY 1/2 MILE OR LESS
8 = SMOKE OR HAZE
[NO. OF DAYS WITH] [WEATHER - DAYS WITH] 9 = BLOWING SNOW
X = TORNADO
MAX 32 OR BELOW: 0 0.01 INCH OR MORE: 5
MAX 90 OR ABOVE: 20 0.10 INCH OR MORE: 4
MIN 32 OR BELOW: 0 0.50 INCH OR MORE: 2
MIN 0 OR BELOW: 0 1.00 INCH OR MORE: 1
[HDD (BASE 65) ]
TOTAL THIS MO. 0 CLEAR (SCALE 0-3) 20
DPTR FM NORMAL M PTCLDY (SCALE 4-7) 10
TOTAL FM JUL 1 0 CLOUDY (SCALE 8-10) 0
DPTR FM NORMAL M
[CDD (BASE 65) ]
TOTAL THIS MO. 378
DPTR FM NORMAL M [PRESSURE DATA]
TOTAL FM JAN 1 2182 HIGHEST SLP M ON M
DPTR FM NORMAL M LOWEST SLP M ON M
[REMARKS]
#FINAL-09-21#