000
CXUS54 KEWX 011010
CF6ERV
PRELIMINARY LOCAL CLIMATOLOGICAL DATA (WS FORM: F-6)
STATION: KERRVILLE
MONTH: APRIL
YEAR: 2021
LATITUDE: 29 58 N
LONGITUDE: 99 5 W
TEMPERATURE IN F: :PCPN: SNOW: WIND :SUNSHINE: SKY :PK WND
================================================================================
1 2 3 4 5 6A 6B 7 8 9 10 11 12 13 14 15 16 17 18
12Z AVG MX 2MIN
DY MAX MIN AVG DEP HDD CDD WTR SNW DPTH SPD SPD DIR MIN PSBL S-S WX SPD DR
================================================================================
1 69 35 52 M 13 0 M M M 4.6 13 130 M M 2 20 130
2 72 43 58 M 7 0 M M M 10.3 21 150 M M 5 28 150
3 66 51 59 M 6 0 0.16 M M 9.5 18 150 M M 10 23 160
4 69 56 63 M 2 0 0.10 M M 5.2 13 150 M M 10 1 17 150
5 76 59 68 M 0 3 M M M 10.0 18 160 M M 9 26 160
6 85 63 74 M 0 9 M M M 16.6 23 150 M M 7 30 150
7 85 51 68 M 0 3 M M M 8.6 16 320 M M 4 1 24 160
8 92 44 68 M 0 3 M M M 6.3 18 220 M M 4 1 23 200
9 94 59 77 M 0 12 M M M 10.3 17 10 M M 4 18 27 300
10 79 51 65 M 0 0 M M M 9.3 18 350 M M 0 24 360
11 88 41 65 M 0 0 M M M 5.7 20 170 M M 0 20 180
12 92 61 77 M 0 12 M M M 9.3 16 100 M M 4 18 21 100
13 82 61 72 M 0 7 M M M 5.1 12 340 M M 7 M M
14 84 63 74 M 0 9 M M M 4.6 10 90 M M 9 17 90
15 72 61 67 M 0 2 0.01 M M 7.2 12 90 M M 10 1 M M
16 76 56 66 M 0 1 0.02 M M 7.9 17 20 M M 10 1 26 360
17 62 46 54 M 11 0 M M M 13.4 22 360 M M 7 29 360
18 69 44 57 M 8 0 M M M 5.4 12 360 M M 5 18 360
19 74 43 59 M 6 0 M M M 2.7 9 310 M M 6 M M
20 81 41 61 M 4 0 M M M 6.3 18 360 M M 1 27 20
21 66 42 54 M 11 0 M M M 9.0 13 50 M M 5 21 50
22 60 49 55 M 10 0 0.01 M M 6.2 10 100 M M 10 18 17 120
23 86 51 69 M 0 4 M M M 9.5 15 160 M M 7 1 21 160
24 86 39 63 M 2 0 M M M 7.3 16 340 M M 0 22 310
25 89 45 67 M 0 2 M M M 7.5 16 170 M M 0 21 190
26 83 61 72 M 0 7 M M M 14.2 21 160 M M 4 26 180
27 74 67 71 M 0 6 M M M 11.7 20 140 M M 10 18 25 140
28 86 69 78 M 0 13 0.71 M M 13.9 22 160 M M 8 13 30 140
29 69 63 66 M 0 1 1.27 M M 10.7 17 340 M M 10 13 26 320
30 71 61 66 M 0 1 0.37 M M 7.8 14 340 M M 10 1 23 120
================================================================================
SM 2337 1576 80 95 2.65 M 256.2 M 178
================================================================================
AV 77.9 52.5 8.5 FASTST M M 6 MAX(MPH)
MISC ----> 23 150 # 30 150
================================================================================
NOTES:
# LAST OF SEVERAL OCCURRENCES
COLUMN 17 PEAK WIND IN M.P.H.
PRELIMINARY LOCAL CLIMATOLOGICAL DATA (WS FORM: F-6) , PAGE 2
STATION: KERRVILLE
MONTH: APRIL
YEAR: 2021
LATITUDE: 29 58 N
LONGITUDE: 99 5 W
[TEMPERATURE DATA] [PRECIPITATION DATA] SYMBOLS USED IN COLUMN 16
AVERAGE MONTHLY: 65.2 TOTAL FOR MONTH: 2.65 1 = FOG OR MIST
DPTR FM NORMAL: 0.0 DPTR FM NORMAL: M 2 = FOG REDUCING VISIBILITY
HIGHEST: 94 ON 9 GRTST 24HR 1.27 ON 29-29 TO 1/4 MILE OR LESS
LOWEST: 35 ON 1 3 = THUNDER
SNOW, ICE PELLETS, HAIL 4 = ICE PELLETS
TOTAL MONTH: M 5 = HAIL
GRTST 24HR M ON M 6 = FREEZING RAIN OR DRIZZLE
GRTST DEPTH: M ON M 7 = DUSTSTORM OR SANDSTORM:
VSBY 1/2 MILE OR LESS
8 = SMOKE OR HAZE
[NO. OF DAYS WITH] [WEATHER - DAYS WITH] 9 = BLOWING SNOW
X = TORNADO
MAX 32 OR BELOW: 0 0.01 INCH OR MORE: 8
MAX 90 OR ABOVE: 3 0.10 INCH OR MORE: 4
MIN 32 OR BELOW: 0 0.50 INCH OR MORE: 2
MIN 0 OR BELOW: 0 1.00 INCH OR MORE: 1
[HDD (BASE 65) ]
TOTAL THIS MO. 80 CLEAR (SCALE 0-3) 6
DPTR FM NORMAL M PTCLDY (SCALE 4-7) 14
TOTAL FM JUL 1 2052 CLOUDY (SCALE 8-10) 10
DPTR FM NORMAL M
[CDD (BASE 65) ]
TOTAL THIS MO. 95
DPTR FM NORMAL M [PRESSURE DATA]
TOTAL FM JAN 1 135 HIGHEST SLP M ON M
DPTR FM NORMAL M LOWEST SLP M ON M
[REMARKS]
#FINAL-04-21#