000
CXUS53 KDMX 050307
CF6EST
PRELIMINARY LOCAL CLIMATOLOGICAL DATA (WS FORM: F-6)
STATION: ESTHERVILLE IA
MONTH: NOVEMBER
YEAR: 2021
LATITUDE: 43 24 N
LONGITUDE: 94 45 W
TEMPERATURE IN F: :PCPN: SNOW: WIND :SUNSHINE: SKY :PK WND
================================================================================
1 2 3 4 5 6A 6B 7 8 9 10 11 12 13 14 15 16 17 18
12Z AVG MX 2MIN
DY MAX MIN AVG DEP HDD CDD WTR SNW DPTH SPD SPD DIR MIN PSBL S-S WX SPD DR
================================================================================
1 45 23 34 -6 31 0 0.00 0.0 M 10.5 23 310 M M 5 29 320
2 46 21 34 -5 31 0 0.00 0.0 M 5.6 15 320 M M 2 22 320
3 46 23 35 -4 30 0 0.00 0.0 M 8.2 16 180 M M 7 22 160
4 52 26 39 1 26 0 0.00 0.0 M 9.7 18 190 M M 4 1 24 180
5 62 35 49 11 16 0 0.00 0.0 M 19.2 36 200 M M 1 1 50 200
6 71 40 56 19 9 0 0.00 0.0 M 10.3 16 180 M M 0 22 240
7 64 41 53 16 12 0 0.00 0.0 M 10.6 18 190 M M 0 1 25 180
8 59 37 48 12 17 0 0.00 0.0 M 11.7 26 20 M M 0 1 33 30
9 55 34 45 9 20 0 0.00 0.0 M 7.0 12 110 M M 3 8 16 360
10 49 34 42 7 23 0 0.32 0.0 M 11.2 24 320 M M 7 18 33 310
11 46 34 40 5 25 0 M M M 23.2 36 290 M M 6 1 45 290
12 34 29 32 -2 33 0 M M M 26.0 36 320 M M 10 1 49 330
13 38 27 33 -1 32 0 T M M 14.7 40 300 M M 9 1 52 310
14 34 27 31 -2 34 0 0.00 0.0 M 15.0 40 330 M M 8 55 330
15 41 28 35 2 30 0 0.00 0.0 M 10.1 17 130 M M 4 22 130
16 56 31 44 12 21 0 0.00 0.0 M 18.4 32 150 M M 0 1 45 160
17 43 27 35 3 30 0 0.00 0.0 M 18.5 33 290 M M 3 41 300
18 35 17 26 -5 39 0 0.00 0.0 M 16.1 31 310 M M 3 40 300
19 44 17 31 0 34 0 0.00 0.0 M 18.2 33 180 M M 0 46 180
20 47 33 40 10 25 0 0.00 0.0 M 7.5 15 350 M M 7 19 350
21 39 16 28 -2 37 0 0.01 M M 14.2 35 340 M M 3 46 330
22 41 14 28 -2 37 0 0.00 0.0 M 7.4 15 220 M M 1 21 200
23 60 23 42 13 23 0 0.00 0.0 M 17.1 31 190 M M 0 42 200
24 48 19 34 6 31 0 0.00 0.0 M 19.9 40 330 M M 1 51 330
25 26 10 18 -10 47 0 T M M 13.4 33 340 M M 2 44 350
26 42 17 30 2 35 0 0.00 0.0 M 13.2 25 190 M M 2 31 180
27 50 28 39 12 26 0 0.00 0.0 M 14.8 28 340 M M 1 37 320
28 44 20 32 5 33 0 0.00 0.0 M 8.4 13 170 M M 1 17 160
29 65 32 49 23 16 0 0.00 0.0 M 13.9 29 300 M M 2 36 290
30 51 31 41 15 24 0 0.03 0.0 M 9.3 18 170 M M 3 24 180
================================================================================
SM 1433 794 827 0 0.36 0.0 403.3 M 95
================================================================================
AV 47.8 26.5 13.4 FASTST M M 3 MAX(MPH)
MISC ----> # 40 300 55 330
================================================================================
NOTES:
# LAST OF SEVERAL OCCURRENCES
COLUMN 17 PEAK WIND IN M.P.H.
PRELIMINARY LOCAL CLIMATOLOGICAL DATA (WS FORM: F-6) , PAGE 2
STATION: ESTHERVILLE IA
MONTH: NOVEMBER
YEAR: 2021
LATITUDE: 43 24 N
LONGITUDE: 94 45 W
[TEMPERATURE DATA] [PRECIPITATION DATA] SYMBOLS USED IN COLUMN 16
AVERAGE MONTHLY: 37.1 TOTAL FOR MONTH: 0.36 1 = FOG OR MIST
DPTR FM NORMAL: 4.5 DPTR FM NORMAL: -1.01 2 = FOG REDUCING VISIBILITY
HIGHEST: 71 ON 6 GRTST 24HR 0.32 ON 10-10 TO 1/4 MILE OR LESS
LOWEST: 10 ON 25 3 = THUNDER
SNOW, ICE PELLETS, HAIL 4 = ICE PELLETS
TOTAL MONTH: 0.0 INCH 5 = HAIL
GRTST 24HR 0.0 6 = FREEZING RAIN OR DRIZZLE
GRTST DEPTH: 0 7 = DUSTSTORM OR SANDSTORM:
VSBY 1/2 MILE OR LESS
8 = SMOKE OR HAZE
[NO. OF DAYS WITH] [WEATHER - DAYS WITH] 9 = BLOWING SNOW
X = TORNADO
MAX 32 OR BELOW: 1 0.01 INCH OR MORE: 3
MAX 90 OR ABOVE: 0 0.10 INCH OR MORE: 1
MIN 32 OR BELOW: 22 0.50 INCH OR MORE: 0
MIN 0 OR BELOW: 0 1.00 INCH OR MORE: 0
[HDD (BASE 65) ]
TOTAL THIS MO. 827 CLEAR (SCALE 0-3) 19
DPTR FM NORMAL -145 PTCLDY (SCALE 4-7) 9
TOTAL FM JUL 1 1260 CLOUDY (SCALE 8-10) 2
DPTR FM NORMAL -487
[CDD (BASE 65) ]
TOTAL THIS MO. 0
DPTR FM NORMAL 0 [PRESSURE DATA]
TOTAL FM JAN 1 759 HIGHEST SLP 30.51 ON 25
DPTR FM NORMAL 232 LOWEST SLP 29.47 ON 16
[REMARKS]
#FINAL-11-21#