759
CXUS53 KDMX 010920
CF6EST
PRELIMINARY LOCAL CLIMATOLOGICAL DATA (WS FORM: F-6)
STATION: ESTHERVILLE IA
MONTH: SEPTEMBER
YEAR: 2020
LATITUDE: 43 24 N
LONGITUDE: 94 45 W
TEMPERATURE IN F: :PCPN: SNOW: WIND :SUNSHINE: SKY :PK WND
================================================================================
1 2 3 4 5 6A 6B 7 8 9 10 11 12 13 14 15 16 17 18
12Z AVG MX 2MIN
DY MAX MIN AVG DEP HDD CDD WTR SNW DPTH SPD SPD DIR MIN PSBL S-S WX SPD DR
================================================================================
1 74 46 60 -6 5 0 0.00 0.0 0 7.4 18 160 M M 2 25 160
2 85 49 67 1 0 2 0.00 0.0 0 9.3 18 300 M M 0 25 300
3 72 47 60 -6 5 0 0.00 0.0 0 15.4 28 340 M M 0 36 340
4 82 45 64 -1 1 0 0.00 0.0 0 8.4 18 270 M M 2 24 280
5 83 46 65 0 0 0 T 0.0 0 8.2 26 190 M M 1 3 39 210
6 87 60 74 10 0 9 0.11 0.0 0 14.1 36 20 M M 0 13 53 10
7 60 46 53 -11 12 0 0.00 0.0 0 13.4 25 20 M M 3 3 33 30
8 47 41 44 -20 21 0 0.31 0.0 0 11.5 21 350 M M 10 1 28 360
9 47 42 45 -18 20 0 0.10 0.0 0 8.8 16 20 M M 10 21 30
10 58 42 50 -13 15 0 0.02 0.0 0 6.6 13 70 M M 9 1 16 70
11 55 49 52 -11 13 0 0.11 0.0 0 6.8 14 110 M M 10 1 18 110
12 60 48 54 -8 11 0 0.14 0.0 0 4.5 9 290 M M 9 1 12 270
13 78 43 61 -1 4 0 0.00 0.0 0 5.2 10 210 M M 0 1 15 270
14 80 47 64 2 1 0 0.00 0.0 0 9.0 20 200 M M 0 1 29 180
15 81 57 69 8 0 4 0.00 0.0 0 13.2 25 200 M M 0 38 200
16 70 43 57 -4 8 0 0.00 0.0 0 10.1 21 350 M M 1 1 29 10
17 64 40 52 -8 13 0 0.00 0.0 0 7.8 15 50 M M 2 20 50
18 65 40 53 -7 12 0 0.00 0.0 0 6.3 14 100 M M 3 20 110
19 71 42 57 -2 8 0 0.00 0.0 0 13.8 24 170 M M 3 37 160
20 76 51 64 5 1 0 0.00 0.0 0 17.4 28 170 M M 0 40 180
21 78 52 65 6 0 0 T 0.0 0 11.6 23 200 M M 1 33 210
22 82 52 67 9 0 2 0.00 0.0 0 9.2 18 170 M M 0 1 24 180
23 81 49 65 7 0 0 0.00 0.0 0 10.4 23 180 M M 0 1 37 170
24 81 52 67 10 0 2 0.00 0.0 0 7.3 20 70 M M 1 1 27 50
25 88 51 70 13 0 5 0.00 0.0 0 9.4 24 180 M M 0 1 33 170
26 80 48 64 8 1 0 0.00 0.0 0 9.2 22 310 M M 0 1 32 310
27 68 48 58 2 7 0 0.02 0.0 0 15.5 28 310 0 0 0 45 290
28 56 46 51 -5 14 0 0.08 0.0 0 14.2 29 320 M M 9 1 38 320
29 74 41 58 3 7 0 0.00 0.0 0 10.8 29 290 M M 4 40 290
30 65 46 56 1 9 0 T 0.0 0 18.4 36 330 M M 5 8 48 340
================================================================================
SM 2148 1409 188 24 0.89 0.0 313.2 0 85
================================================================================
AV 71.6 47.0 10.4 FASTST 0 0 3 MAX(MPH)
MISC ----> # 36 20 # 53 10
================================================================================
NOTES:
# LAST OF SEVERAL OCCURRENCES
COLUMN 17 PEAK WIND IN M.P.H.
PRELIMINARY LOCAL CLIMATOLOGICAL DATA (WS FORM: F-6) , PAGE 2
STATION: ESTHERVILLE IA
MONTH: SEPTEMBER
YEAR: 2020
LATITUDE: 43 24 N
LONGITUDE: 94 45 W
[TEMPERATURE DATA] [PRECIPITATION DATA] SYMBOLS USED IN COLUMN 16
AVERAGE MONTHLY: 59.3 TOTAL FOR MONTH: 0.89 1 = FOG OR MIST
DPTR FM NORMAL: -1.4 DPTR FM NORMAL: -2.39 2 = FOG REDUCING VISIBILITY
HIGHEST: 88 ON 25 GRTST 24HR 0.31 ON 8- 8 TO 1/4 MILE OR LESS
LOWEST: 40 ON 18,17 3 = THUNDER
SNOW, ICE PELLETS, HAIL 4 = ICE PELLETS
TOTAL MONTH: 0.0 INCH 5 = HAIL
GRTST 24HR 0.0 6 = FREEZING RAIN OR DRIZZLE
GRTST DEPTH: 0 7 = DUSTSTORM OR SANDSTORM:
VSBY 1/2 MILE OR LESS
8 = SMOKE OR HAZE
[NO. OF DAYS WITH] [WEATHER - DAYS WITH] 9 = BLOWING SNOW
X = TORNADO
MAX 32 OR BELOW: 0 0.01 INCH OR MORE: 8
MAX 90 OR ABOVE: 0 0.10 INCH OR MORE: 5
MIN 32 OR BELOW: 0 0.50 INCH OR MORE: 0
MIN 0 OR BELOW: 0 1.00 INCH OR MORE: 0
[HDD (BASE 65) ]
TOTAL THIS MO. 188 CLEAR (SCALE 0-3) 21
DPTR FM NORMAL 12 PTCLDY (SCALE 4-7) 3
TOTAL FM JUL 1 223 CLOUDY (SCALE 8-10) 6
DPTR FM NORMAL 15
[CDD (BASE 65) ]
TOTAL THIS MO. 24
DPTR FM NORMAL -23 [PRESSURE DATA]
TOTAL FM JAN 1 626 HIGHEST SLP 30.48 ON 10
DPTR FM NORMAL 39 LOWEST SLP 29.42 ON 26
[REMARKS]
#FINAL-09-20#